947
CDUS45 KFGZ 300058
CLIINW
CLIMATE REPORT
NATIONAL WEATHER SERVICE FLAGSTAFF, AZ
556 PM MST MON MAY 29 2017


...................................

...THE WINSLOW AZ AIRPORT CLIMATE SUMMARY FOR MAY 29 2017...
VALID TODAY AS OF 0500 PM LOCAL TIME.

CLIMATE NORMAL PERIOD 1981 TO 2010
CLIMATE RECORD PERIOD 1915 TO 2017


WEATHER ITEM   OBSERVED TIME   RECORD YEAR NORMAL DEPARTURE LAST
                VALUE   (LST)  VALUE       VALUE  FROM      YEAR
                                                  NORMAL
..................................................................
TEMPERATURE (F)
 TODAY
  MAXIMUM         90    140 PM 100    2000  86      4       87
  MINIMUM         45    519 AM  32    1929  49     -4       44
  AVERAGE         68                        67      1       66

PRECIPITATION (IN)
  TODAY            0.00          0.15 1934   0.01  -0.01     0.00
  MONTH TO DATE    0.40                      0.31   0.09     0.43
  SINCE SEP 1      5.22                      4.57   0.65     5.62
  SINCE JAN 1      2.14                      2.09   0.05     1.60

DEGREE DAYS
 HEATING
  TODAY            0                         1     -1        0
  MONTH TO DATE  134                       105     29      134
  SINCE JUL 1   3633                      4484   -851     4253

 COOLING
  TODAY            3                         4     -1        1
  MONTH TO DATE   31                        56    -25       16
  SINCE JAN 1     31                        60    -29       16
..................................................................


WIND (MPH)
  HIGHEST WIND SPEED    21   HIGHEST WIND DIRECTION     S (200)
  HIGHEST GUST SPEED    27   HIGHEST GUST DIRECTION     S (200)
  AVERAGE WIND SPEED     5.0


SKY COVER
  POSSIBLE SUNSHINE  MM
  AVERAGE SKY COVER 0.0


WEATHER CONDITIONS
 THE FOLLOWING WEATHER WAS RECORDED TODAY.
  THUNDERSTORM


RELATIVE HUMIDITY (PERCENT)
 HIGHEST    34           600 AM
 LOWEST      8           200 PM
 AVERAGE    21

..........................................................


THE WINSLOW AZ AIRPORT CLIMATE NORMALS FOR TOMORROW
                         NORMAL    RECORD    YEAR
 MAXIMUM TEMPERATURE (F)   86        99      2002
 MINIMUM TEMPERATURE (F)   49        30      1918


SUNRISE AND SUNSET
MAY 29 2017...........SUNRISE   511 AM MST   SUNSET   730 PM MST
MAY 30 2017...........SUNRISE   511 AM MST   SUNSET   731 PM MST


-  INDICATES NEGATIVE NUMBERS.
R  INDICATES RECORD WAS SET OR TIED.
MM INDICATES DATA IS MISSING.
T  INDICATES TRACE AMOUNT.




$$
