000
CDUS45 KFGZ 230805
CLIINW
CLIMATE REPORT
NATIONAL WEATHER SERVICE FLAGSTAFF, AZ
104 AM MST SUN APR 23 2017


...................................

...THE WINSLOW AZ AIRPORT CLIMATE SUMMARY FOR APRIL 22 2017...

CLIMATE NORMAL PERIOD 1981 TO 2010
CLIMATE RECORD PERIOD 1915 TO 2017


WEATHER ITEM   OBSERVED TIME   RECORD YEAR NORMAL DEPARTURE LAST
                VALUE   (LST)  VALUE       VALUE  FROM      YEAR
                                                  NORMAL
..................................................................
TEMPERATURE (F)
 YESTERDAY
  MAXIMUM         76    523 PM  90    2012  74      2       85
  MINIMUM         34    552 AM  20    1963  39     -5       43
  AVERAGE         55                        56     -1       64

PRECIPITATION (IN)
  YESTERDAY        0.00          0.21 1968   0.01  -0.01     0.00
  MONTH TO DATE    0.11                      0.21  -0.10     0.22
  SINCE SEP 1      4.82                      4.21   0.61     4.85
  SINCE JAN 1      1.74                      1.73   0.01     0.83

DEGREE DAYS
 HEATING
  YESTERDAY       10                         9      1        1
  MONTH TO DATE  220                       265    -45      235
  SINCE JUL 1   3426                      4318   -892     4031

 COOLING
  YESTERDAY        0                         0      0        0
  MONTH TO DATE    0                         0      0        0
  SINCE JAN 1      0                         0      0        0
..................................................................


WIND (MPH)
  HIGHEST WIND SPEED    12   HIGHEST WIND DIRECTION     W (270)
  HIGHEST GUST SPEED    16   HIGHEST GUST DIRECTION     N (350)
  AVERAGE WIND SPEED     3.4


SKY COVER
  POSSIBLE SUNSHINE  MM
  AVERAGE SKY COVER 0.0


WEATHER CONDITIONS
 THE FOLLOWING WEATHER WAS RECORDED YESTERDAY.
  NO SIGNIFICANT WEATHER WAS OBSERVED.


RELATIVE HUMIDITY (PERCENT)
 HIGHEST    47           600 AM
 LOWEST     11           300 PM
 AVERAGE    29

..........................................................


THE WINSLOW AZ AIRPORT CLIMATE NORMALS FOR TODAY
                         NORMAL    RECORD    YEAR
 MAXIMUM TEMPERATURE (F)   74        90      2012
 MINIMUM TEMPERATURE (F)   39        24      1963


SUNRISE AND SUNSET
APRIL 23 2017.........SUNRISE   541 AM MST   SUNSET   702 PM MST
APRIL 24 2017.........SUNRISE   539 AM MST   SUNSET   703 PM MST


-  INDICATES NEGATIVE NUMBERS.
R  INDICATES RECORD WAS SET OR TIED.
MM INDICATES DATA IS MISSING.
T  INDICATES TRACE AMOUNT.




$$
