000
CDUS45 KFGZ 210058
CLIINW
CLIMATE REPORT
NATIONAL WEATHER SERVICE FLAGSTAFF, AZ
555 PM MST SUN APR 20 2014


...................................

...THE WINSLOW AZ AIRPORT CLIMATE SUMMARY FOR APRIL 20 2014...
VALID TODAY AS OF 0500 PM LOCAL TIME.

CLIMATE NORMAL PERIOD 1981 TO 2010
CLIMATE RECORD PERIOD 1898 TO 2014


WEATHER ITEM   OBSERVED TIME   RECORD YEAR NORMAL DEPARTURE LAST
                VALUE   (LST)  VALUE       VALUE  FROM      YEAR
                                                  NORMAL
..................................................................
TEMPERATURE (F)
 TODAY
  MAXIMUM         78    440 PM  90    1965  73      5       75
  MINIMUM         40    606 AM  22    1967  38      2       32
  AVERAGE         59                        56      3       54

PRECIPITATION (IN)
  TODAY            0.00          0.40 1952   0.00   0.00     0.00
  MONTH TO DATE    0.03                      0.19  -0.16     0.31
  SINCE SEP 1      4.86                      4.19   0.67     3.06
  SINCE JAN 1      1.05                      1.71  -0.66     1.79

DEGREE DAYS
 HEATING
  TODAY            6                        10     -4       11
  MONTH TO DATE  214                       247    -33      214
  SINCE JUL 1   4072                      4300   -228     4065

 COOLING
  TODAY            0                         0      0        0
  MONTH TO DATE    0                         0      0        0
  SINCE JAN 1      0                         0      0        0
..................................................................


WIND (MPH)
  HIGHEST WIND SPEED    12   HIGHEST WIND DIRECTION    NW (330)
  HIGHEST GUST SPEED    22   HIGHEST GUST DIRECTION     W (290)
  AVERAGE WIND SPEED     5.1


SKY COVER
  POSSIBLE SUNSHINE  MM
  AVERAGE SKY COVER 0.1


WEATHER CONDITIONS
 THE FOLLOWING WEATHER WAS RECORDED TODAY.
  NO SIGNIFICANT WEATHER WAS OBSERVED.


RELATIVE HUMIDITY (PERCENT)
 HIGHEST    85           600 AM
 LOWEST     16           400 PM
 AVERAGE    51

..........................................................


THE WINSLOW AZ AIRPORT CLIMATE NORMALS FOR TOMORROW
                         NORMAL    RECORD    YEAR
 MAXIMUM TEMPERATURE (F)   73        89      1989
                                             1965
                                             1930
 MINIMUM TEMPERATURE (F)   38        22      1977


SUNRISE AND SUNSET
APRIL 20 2014.........SUNRISE   545 AM MST   SUNSET   700 PM MST
APRIL 21 2014.........SUNRISE   543 AM MST   SUNSET   700 PM MST


-  INDICATES NEGATIVE NUMBERS.
R  INDICATES RECORD WAS SET OR TIED.
MM INDICATES DATA IS MISSING.
T  INDICATES TRACE AMOUNT.




$$
