869
CDUS45 KFGZ 230752
CLIINW
CLIMATE REPORT
NATIONAL WEATHER SERVICE FLAGSTAFF, AZ
1250 AM MST THU NOV 23 2017


...................................

...THE WINSLOW AZ AIRPORT CLIMATE SUMMARY FOR NOVEMBER 22 2017...

CLIMATE NORMAL PERIOD 1981 TO 2010
CLIMATE RECORD PERIOD 1915 TO 2017


WEATHER ITEM   OBSERVED TIME   RECORD YEAR NORMAL DEPARTURE LAST
                VALUE   (LST)  VALUE       VALUE  FROM      YEAR
                                                  NORMAL
..................................................................
TEMPERATURE (F)
 YESTERDAY
  MAXIMUM         68    249 PM  76    1927  57     11       57
  MINIMUM         28    549 AM   5    1929  26      2       30
  AVERAGE         48                        41      7       44

PRECIPITATION (IN)
  YESTERDAY        0.00          1.78 2013   0.02  -0.02     0.00
  MONTH TO DATE    0.00                      0.37  -0.37     0.98
  SINCE SEP 1      0.22                      1.78  -1.56     1.96
  SINCE JAN 1      4.25                      6.31  -2.06     5.58

DEGREE DAYS
 HEATING
  YESTERDAY       17                        24     -7       21
  MONTH TO DATE  289                       425   -136      325
  SINCE JUL 1    567                       731   -164      464

 COOLING
  YESTERDAY        0                         0      0        0
  MONTH TO DATE    0                         0      0        0
  SINCE JAN 1   1443                      1208    235     1278
..................................................................


WIND (MPH)
  HIGHEST WIND SPEED    10   HIGHEST WIND DIRECTION    SW (240)
  HIGHEST GUST SPEED    14   HIGHEST GUST DIRECTION    NW (320)
  AVERAGE WIND SPEED     3.4


SKY COVER
  POSSIBLE SUNSHINE  MM
  AVERAGE SKY COVER 0.0


WEATHER CONDITIONS
 THE FOLLOWING WEATHER WAS RECORDED YESTERDAY.
  NO SIGNIFICANT WEATHER WAS OBSERVED.


RELATIVE HUMIDITY (PERCENT)
 HIGHEST    53          1100 PM
 LOWEST     22           200 PM
 AVERAGE    38

..........................................................


THE WINSLOW AZ AIRPORT CLIMATE NORMALS FOR TODAY
                         NORMAL    RECORD    YEAR
 MAXIMUM TEMPERATURE (F)   56        74      1998
 MINIMUM TEMPERATURE (F)   25         7      1931


SUNRISE AND SUNSET
NOVEMBER 23 2017......SUNRISE   705 AM MST   SUNSET   513 PM MST
NOVEMBER 24 2017......SUNRISE   706 AM MST   SUNSET   513 PM MST


-  INDICATES NEGATIVE NUMBERS.
R  INDICATES RECORD WAS SET OR TIED.
MM INDICATES DATA IS MISSING.
T  INDICATES TRACE AMOUNT.




$$
