000
CDUS45 KFGZ 240753
CLIINW
CLIMATE REPORT
NATIONAL WEATHER SERVICE FLAGSTAFF, AZ
1253 AM MST MON NOV 24 2014


...................................

...THE WINSLOW AZ AIRPORT CLIMATE SUMMARY FOR NOVEMBER 23 2014...

CLIMATE NORMAL PERIOD 1981 TO 2010
CLIMATE RECORD PERIOD 1898 TO 2014


WEATHER ITEM   OBSERVED TIME   RECORD YEAR NORMAL DEPARTURE LAST
                VALUE   (LST)  VALUE       VALUE  FROM      YEAR
                                                  NORMAL
..................................................................
TEMPERATURE (F)
 YESTERDAY
  MAXIMUM         52    114 PM  74    1998  56     -4       44
  MINIMUM         21   1144 PM   7    1931  25     -4       36
  AVERAGE         37                        41     -4       40

PRECIPITATION (IN)
  YESTERDAY        0.00          0.42 2013   0.02  -0.02     0.42
  MONTH TO DATE    T                         0.39  -0.39     2.43
  SINCE SEP 1      1.73                      1.80  -0.07     3.65
  SINCE JAN 1      5.91                      6.33  -0.42     9.35

DEGREE DAYS
 HEATING
  YESTERDAY       28                        24      4       25
  MONTH TO DATE  432                       449    -17      412
  SINCE JUL 1    590                       755   -165      825

 COOLING
  YESTERDAY        0                         0      0        0
  MONTH TO DATE    0                         0      0        0
  SINCE JAN 1   1327                      1208    119     1380
..................................................................


WIND (MPH)
  HIGHEST WIND SPEED    32   HIGHEST WIND DIRECTION    NW (330)
  HIGHEST GUST SPEED    42   HIGHEST GUST DIRECTION    NW (320)
  AVERAGE WIND SPEED    14.8


SKY COVER
  POSSIBLE SUNSHINE  MM
  AVERAGE SKY COVER 0.1


WEATHER CONDITIONS
 THE FOLLOWING WEATHER WAS RECORDED YESTERDAY.
  HAZE


RELATIVE HUMIDITY (PERCENT)
 HIGHEST    54           600 AM
 LOWEST      9           200 PM
 AVERAGE    32

..........................................................


THE WINSLOW AZ AIRPORT CLIMATE NORMALS FOR TODAY
                         NORMAL    RECORD    YEAR
 MAXIMUM TEMPERATURE (F)   56        77      1981
 MINIMUM TEMPERATURE (F)   25         2      1931


SUNRISE AND SUNSET
NOVEMBER 24 2014......SUNRISE   706 AM MST   SUNSET   513 PM MST
NOVEMBER 25 2014......SUNRISE   707 AM MST   SUNSET   513 PM MST


-  INDICATES NEGATIVE NUMBERS.
R  INDICATES RECORD WAS SET OR TIED.
MM INDICATES DATA IS MISSING.
T  INDICATES TRACE AMOUNT.




$$
