000
CDUS45 KFGZ 260735
CLIINW
CLIMATE REPORT
NATIONAL WEATHER SERVICE FLAGSTAFF, AZ
1232 AM MST MON SEP 26 2016


...................................

...THE WINSLOW AZ AIRPORT CLIMATE SUMMARY FOR SEPTEMBER 25 2016...

CLIMATE NORMAL PERIOD 1981 TO 2010
CLIMATE RECORD PERIOD 1915 TO 2016


WEATHER ITEM   OBSERVED TIME   RECORD YEAR NORMAL DEPARTURE LAST
                VALUE   (LST)  VALUE       VALUE  FROM      YEAR
                                                  NORMAL
..................................................................
TEMPERATURE (F)
 YESTERDAY
  MAXIMUM         79    449 PM  93    1982  82     -3       89
                                      1953
  MINIMUM         41    459 AM  36    2000  48     -7       51
  AVERAGE         60                        65     -5       70

PRECIPITATION (IN)
  YESTERDAY        0.00          1.05 1944   0.03  -0.03     0.00
  MONTH TO DATE    0.25                      0.77  -0.52     1.29
  SINCE SEP 1      0.25                      0.77  -0.52     1.29
  SINCE JAN 1      3.87                      5.30  -1.43    10.19

DEGREE DAYS
 HEATING
  YESTERDAY        5                         2      3        0
  MONTH TO DATE   21                        15      6        0
  SINCE JUL 1     21                        15      6        0

 COOLING
  YESTERDAY        0                         2     -2        5
  MONTH TO DATE  123                       135    -12      152
  SINCE JAN 1   1269                      1193     76     1261
..................................................................


WIND (MPH)
  HIGHEST WIND SPEED    14   HIGHEST WIND DIRECTION    NE (40)
  HIGHEST GUST SPEED    24   HIGHEST GUST DIRECTION     N (20)
  AVERAGE WIND SPEED     6.5


SKY COVER
  POSSIBLE SUNSHINE  MM
  AVERAGE SKY COVER 0.0


WEATHER CONDITIONS
 THE FOLLOWING WEATHER WAS RECORDED YESTERDAY.
  NO SIGNIFICANT WEATHER WAS OBSERVED.


RELATIVE HUMIDITY (PERCENT)
 HIGHEST    62           600 AM
 LOWEST     15           500 PM
 AVERAGE    39

..........................................................


THE WINSLOW AZ AIRPORT CLIMATE NORMALS FOR TODAY
                         NORMAL    RECORD    YEAR
 MAXIMUM TEMPERATURE (F)   82        92      1956
 MINIMUM TEMPERATURE (F)   48        31      1970


SUNRISE AND SUNSET
SEPTEMBER 26 2016.....SUNRISE   614 AM MST   SUNSET   613 PM MST
SEPTEMBER 27 2016.....SUNRISE   615 AM MST   SUNSET   612 PM MST


-  INDICATES NEGATIVE NUMBERS.
R  INDICATES RECORD WAS SET OR TIED.
MM INDICATES DATA IS MISSING.
T  INDICATES TRACE AMOUNT.




$$
