000
CDUS45 KFGZ 270837
CLIINW
CLIMATE REPORT
NATIONAL WEATHER SERVICE FLAGSTAFF, AZ
136 AM MST WED AUG 27 2014


...................................

...THE WINSLOW AZ AIRPORT CLIMATE SUMMARY FOR AUGUST 26 2014...

CLIMATE NORMAL PERIOD 1981 TO 2010
CLIMATE RECORD PERIOD 1898 TO 2014


WEATHER ITEM   OBSERVED TIME   RECORD YEAR NORMAL DEPARTURE LAST
                VALUE   (LST)  VALUE       VALUE  FROM      YEAR
                                                  NORMAL
..................................................................
TEMPERATURE (F)
 YESTERDAY
  MAXIMUM         84   1128 AM 100    1931  90     -6       84
  MINIMUM         59   1159 PM  50    2002  59      0       63
  AVERAGE         72                        75     -3       74

PRECIPITATION (IN)
  YESTERDAY        0.28          1.10 1947   0.03   0.25     0.12
  MONTH TO DATE    2.47                      1.01   1.46     2.19
  SINCE SEP 1      7.78                      6.82   0.96     6.58
  SINCE JAN 1      3.97                      4.34  -0.37     5.31

DEGREE DAYS
 HEATING
  YESTERDAY        0                         0      0        0
  MONTH TO DATE    0                         0      0        0
  SINCE JUL 1      0                         0      0        0

 COOLING
  YESTERDAY        7                        10     -3        9
  MONTH TO DATE  260                       295    -35      274
  SINCE JAN 1   1079                      1012     67     1172
..................................................................


WIND (MPH)
  HIGHEST WIND SPEED    30   HIGHEST WIND DIRECTION     W (280)
  HIGHEST GUST SPEED    36   HIGHEST GUST DIRECTION     W (280)
  AVERAGE WIND SPEED     8.5


SKY COVER
  POSSIBLE SUNSHINE  MM
  AVERAGE SKY COVER 0.4


WEATHER CONDITIONS
 THE FOLLOWING WEATHER WAS RECORDED YESTERDAY.
  THUNDERSTORM
  HEAVY RAIN
  RAIN
  LIGHT RAIN
  FOG


RELATIVE HUMIDITY (PERCENT)
 HIGHEST    90           700 PM
 LOWEST     33          1200 PM
 AVERAGE    62

..........................................................


THE WINSLOW AZ AIRPORT CLIMATE NORMALS FOR TODAY
                         NORMAL    RECORD    YEAR
 MAXIMUM TEMPERATURE (F)   90        99      2001
 MINIMUM TEMPERATURE (F)   59        45      1978


SUNRISE AND SUNSET
AUGUST 27 2014........SUNRISE   552 AM MST   SUNSET   656 PM MST
AUGUST 28 2014........SUNRISE   553 AM MST   SUNSET   655 PM MST


-  INDICATES NEGATIVE NUMBERS.
R  INDICATES RECORD WAS SET OR TIED.
MM INDICATES DATA IS MISSING.
T  INDICATES TRACE AMOUNT.




$$
