000
CDUS45 KFGZ 120738
CLIINW
CLIMATE REPORT
NATIONAL WEATHER SERVICE FLAGSTAFF, AZ
1237 AM MST FRI FEB 12 2016


...................................

...THE WINSLOW AZ AIRPORT CLIMATE SUMMARY FOR FEBRUARY 11 2016...

CLIMATE NORMAL PERIOD 1981 TO 2010
CLIMATE RECORD PERIOD 1915 TO 2016


WEATHER ITEM   OBSERVED TIME   RECORD YEAR NORMAL DEPARTURE LAST
                VALUE   (LST)  VALUE       VALUE  FROM      YEAR
                                                  NORMAL
..................................................................
TEMPERATURE (F)
 YESTERDAY
  MAXIMUM         65    503 PM  75    1961  55     10       62
  MINIMUM         18    648 AM  -1    1956  24     -6       31
  AVERAGE         42                        39      3       47

PRECIPITATION (IN)
  YESTERDAY        0.00          0.68 1963   0.01  -0.01     0.00
  MONTH TO DATE    0.22                      0.18   0.04     0.00
  SINCE SEP 1      4.59                      3.18   1.41     4.48
  SINCE JAN 1      0.57                      0.70  -0.13     1.63

DEGREE DAYS
 HEATING
  YESTERDAY       23                        26     -3       18
  MONTH TO DATE  340                       293     47      181
  SINCE JUL 1   3028                      3096    -68     2618

 COOLING
  YESTERDAY        0                         0      0        0
  MONTH TO DATE    0                         0      0        0
  SINCE JAN 1      0                         0      0        0
..................................................................


WIND (MPH)
  HIGHEST WIND SPEED     9   HIGHEST WIND DIRECTION    SW (220)
  HIGHEST GUST SPEED     9   HIGHEST GUST DIRECTION    SW (220)
  AVERAGE WIND SPEED     2.5


SKY COVER
  POSSIBLE SUNSHINE  MM
  AVERAGE SKY COVER 0.0


WEATHER CONDITIONS
 THE FOLLOWING WEATHER WAS RECORDED YESTERDAY.
  NO SIGNIFICANT WEATHER WAS OBSERVED.


RELATIVE HUMIDITY (PERCENT)
 HIGHEST    84           300 AM
 LOWEST     16           400 PM
 AVERAGE    50

..........................................................


THE WINSLOW AZ AIRPORT CLIMATE NORMALS FOR TODAY
                         NORMAL    RECORD    YEAR
 MAXIMUM TEMPERATURE (F)   55        74      1916
 MINIMUM TEMPERATURE (F)   24         4      1948


SUNRISE AND SUNSET
FEBRUARY 12 2016......SUNRISE   712 AM MST   SUNSET   602 PM MST
FEBRUARY 13 2016......SUNRISE   711 AM MST   SUNSET   603 PM MST


-  INDICATES NEGATIVE NUMBERS.
R  INDICATES RECORD WAS SET OR TIED.
MM INDICATES DATA IS MISSING.
T  INDICATES TRACE AMOUNT.




$$
