000
CDUS45 KFGZ 230842
CLIINW
CLIMATE REPORT
NATIONAL WEATHER SERVICE FLAGSTAFF, AZ
142 AM MST THU MAR 23 2017


...................................

...THE WINSLOW AZ AIRPORT CLIMATE SUMMARY FOR MARCH 22 2017...

CLIMATE NORMAL PERIOD 1981 TO 2010
CLIMATE RECORD PERIOD 1915 TO 2017


WEATHER ITEM   OBSERVED TIME   RECORD YEAR NORMAL DEPARTURE LAST
                VALUE   (LST)  VALUE       VALUE  FROM      YEAR
                                                  NORMAL
..................................................................
TEMPERATURE (F)
 YESTERDAY
  MAXIMUM         76    312 PM  80    2004  65     11       71
  MINIMUM         40    608 AM  15    1955  31      9       46
  AVERAGE         58                        48     10       59

PRECIPITATION (IN)
  YESTERDAY        0.00          0.39 2007   0.02  -0.02     0.00
  MONTH TO DATE    0.00                      0.38  -0.38      T
  SINCE SEP 1      4.61                      3.84   0.77     4.59
  SINCE JAN 1      1.53                      1.36   0.17     0.57

DEGREE DAYS
 HEATING
  YESTERDAY        7                        17    -10        6
  MONTH TO DATE  267                       417   -150      286
  SINCE JUL 1   3073                      3912   -839     3620

 COOLING
  YESTERDAY        0                         0      0        0
  MONTH TO DATE    0                         0      0        0
  SINCE JAN 1      0                         0      0        0
..................................................................


WIND (MPH)
  HIGHEST WIND SPEED    28   HIGHEST WIND DIRECTION     S (180)
  HIGHEST GUST SPEED    35   HIGHEST GUST DIRECTION     S (180)
  AVERAGE WIND SPEED    10.9


SKY COVER
  POSSIBLE SUNSHINE  MM
  AVERAGE SKY COVER 0.0


WEATHER CONDITIONS
 THE FOLLOWING WEATHER WAS RECORDED YESTERDAY.
  NO SIGNIFICANT WEATHER WAS OBSERVED.


RELATIVE HUMIDITY (PERCENT)
 HIGHEST    71          1100 PM
 LOWEST     13           200 PM
 AVERAGE    42

..........................................................


THE WINSLOW AZ AIRPORT CLIMATE NORMALS FOR TODAY
                         NORMAL    RECORD    YEAR
 MAXIMUM TEMPERATURE (F)   65        82      1971
 MINIMUM TEMPERATURE (F)   32        12      1917


SUNRISE AND SUNSET
MARCH 23 2017.........SUNRISE   622 AM MST   SUNSET   637 PM MST
MARCH 24 2017.........SUNRISE   621 AM MST   SUNSET   638 PM MST


-  INDICATES NEGATIVE NUMBERS.
R  INDICATES RECORD WAS SET OR TIED.
MM INDICATES DATA IS MISSING.
T  INDICATES TRACE AMOUNT.




$$
