000
CDUS45 KFGZ 260747
CLIINW
CLIMATE REPORT
NATIONAL WEATHER SERVICE FLAGSTAFF, AZ
1245 AM MST SAT JUL 26 2014


...................................

...THE WINSLOW AZ AIRPORT CLIMATE SUMMARY FOR JULY 25 2014...

CLIMATE NORMAL PERIOD 1981 TO 2010
CLIMATE RECORD PERIOD 1898 TO 2014


WEATHER ITEM   OBSERVED TIME   RECORD YEAR NORMAL DEPARTURE LAST
                VALUE   (LST)  VALUE       VALUE  FROM      YEAR
                                                  NORMAL
..................................................................
TEMPERATURE (F)
 YESTERDAY
  MAXIMUM         99    412 PM 104    1963  94      5       92
                                      1936
  MINIMUM         62    520 AM  48    1973  63     -1       71
  AVERAGE         81                        78      3       82

PRECIPITATION (IN)
  YESTERDAY        T             0.96 1917   0.04  -0.04     0.00
  MONTH TO DATE    0.32                      0.79  -0.47     1.14
  SINCE SEP 1      5.31                      5.56  -0.25     4.20
  SINCE JAN 1      1.50                      3.08  -1.58     2.93

DEGREE DAYS
 HEATING
  YESTERDAY        0                         0      0        0
  MONTH TO DATE    0                         0      0        0
  SINCE JUL 1      0                         0      0        0

 COOLING
  YESTERDAY       16                        13      3       17
  MONTH TO DATE  388                       332     56      388
  SINCE JAN 1    725                       640     85      815
..................................................................


WIND (MPH)
  HIGHEST WIND SPEED    29   HIGHEST WIND DIRECTION    NW (310)
  HIGHEST GUST SPEED    36   HIGHEST GUST DIRECTION    NW (310)
  AVERAGE WIND SPEED     7.4


SKY COVER
  POSSIBLE SUNSHINE  MM
  AVERAGE SKY COVER 0.1


WEATHER CONDITIONS
 THE FOLLOWING WEATHER WAS RECORDED YESTERDAY.
  THUNDERSTORM
  LIGHT RAIN


RELATIVE HUMIDITY (PERCENT)
 HIGHEST    65           500 AM
 LOWEST     16          1200 PM
 AVERAGE    41

..........................................................


THE WINSLOW AZ AIRPORT CLIMATE NORMALS FOR TODAY
                         NORMAL    RECORD    YEAR
 MAXIMUM TEMPERATURE (F)   94       103      1995
 MINIMUM TEMPERATURE (F)   63        52      1944


SUNRISE AND SUNSET
JULY 26 2014..........SUNRISE   528 AM MST   SUNSET   731 PM MST
JULY 27 2014..........SUNRISE   529 AM MST   SUNSET   730 PM MST


-  INDICATES NEGATIVE NUMBERS.
R  INDICATES RECORD WAS SET OR TIED.
MM INDICATES DATA IS MISSING.
T  INDICATES TRACE AMOUNT.




$$
