000
CDUS45 KFGZ 230735
CLIINW
CLIMATE REPORT
NATIONAL WEATHER SERVICE FLAGSTAFF, AZ
1234 AM MST FRI FEB 23 2018


...................................

...THE WINSLOW AZ AIRPORT CLIMATE SUMMARY FOR FEBRUARY 22 2018...

CLIMATE NORMAL PERIOD 1981 TO 2010
CLIMATE RECORD PERIOD 1915 TO 2018


WEATHER ITEM   OBSERVED TIME   RECORD YEAR NORMAL DEPARTURE LAST
                VALUE   (LST)  VALUE       VALUE  FROM      YEAR
                                                  NORMAL
..................................................................
TEMPERATURE (F)
 YESTERDAY
  MAXIMUM         49    314 PM  73    1982  58     -9       70
                                      1918
  MINIMUM         19    721 AM   4    1955  26     -7       36
  AVERAGE         34                        42     -8       53

PRECIPITATION (IN)
  YESTERDAY        0.00          0.22 1920   0.02  -0.02     0.00
  MONTH TO DATE    0.01                      0.37  -0.36     0.15
  SINCE SEP 1      0.27                      3.37  -3.10     4.04
  SINCE JAN 1      0.04                      0.89  -0.85     0.96

DEGREE DAYS
 HEATING
  YESTERDAY       31                        23      8       12
  MONTH TO DATE  501                       558    -57      368
  SINCE JUL 1   2868                      3361   -493     2655

 COOLING
  YESTERDAY        0                         0      0        0
  MONTH TO DATE    0                         0      0        0
  SINCE JAN 1      0                         0      0        0
..................................................................


WIND (MPH)
  HIGHEST WIND SPEED    29   HIGHEST WIND DIRECTION    SW (230)
  HIGHEST GUST SPEED    35   HIGHEST GUST DIRECTION    SW (240)
  AVERAGE WIND SPEED    10.1


SKY COVER
  POSSIBLE SUNSHINE  MM
  AVERAGE SKY COVER 0.2


WEATHER CONDITIONS
 THE FOLLOWING WEATHER WAS RECORDED YESTERDAY.
  NO SIGNIFICANT WEATHER WAS OBSERVED.


RELATIVE HUMIDITY (PERCENT)
 HIGHEST    56           500 AM
 LOWEST     15           300 PM
 AVERAGE    36

..........................................................


THE WINSLOW AZ AIRPORT CLIMATE NORMALS FOR TODAY
                         NORMAL    RECORD    YEAR
 MAXIMUM TEMPERATURE (F)   58        76      2009
 MINIMUM TEMPERATURE (F)   27        10      2006


SUNRISE AND SUNSET
FEBRUARY 23 2018......SUNRISE   700 AM MST   SUNSET   613 PM MST
FEBRUARY 24 2018......SUNRISE   658 AM MST   SUNSET   614 PM MST


-  INDICATES NEGATIVE NUMBERS.
R  INDICATES RECORD WAS SET OR TIED.
MM INDICATES DATA IS MISSING.
T  INDICATES TRACE AMOUNT.




$$
