000
CDUS43 KDVN 292119
CLIIOW


CLIMATE REPORT
NATIONAL WEATHER SERVICE QUAD CITIES IA IL
419 PM CDT MON MAY 29 2017


...................................

...THE IOWA CITY IA CLIMATE SUMMARY FOR MAY 29 2017...
VALID TODAY AS OF 0400 PM LOCAL TIME.

CLIMATE NORMAL PERIOD 1981 TO 2010
CLIMATE RECORD PERIOD 9999 TO 9999


WEATHER ITEM   OBSERVED TIME   RECORD YEAR NORMAL DEPARTURE LAST
                VALUE   (LST)  VALUE       VALUE  FROM      YEAR
                                                  NORMAL
..................................................................
TEMPERATURE (F)
 TODAY
  MAXIMUM         76    222 PM  MM      MM  77     -1       81
  MINIMUM         55    504 AM  MM      MM  56     -1       62
  AVERAGE         66                        66      0       72

PRECIPITATION (IN)
  TODAY            T            MM      MM   0.12  -0.12     0.00
  MONTH TO DATE    3.50                      3.96  -0.46     3.17
  SINCE MAR 1     11.32                      9.68   1.64     7.37
  SINCE JAN 1     13.72                     11.84   1.88     8.12

DEGREE DAYS
 HEATING
  TODAY            0                         2     -2        0
  MONTH TO DATE  151                       164    -13      173
  SINCE MAR 1   1214                      1407   -193     1255
  SINCE JUL 1   5109                      6357  -1248     5466

 COOLING
  TODAY            1                         4     -3        7
  MONTH TO DATE   43                        49     -6       50
  SINCE MAR 1     54                        53      1       56
  SINCE JAN 1     54                        53      1       56
..................................................................


WIND (MPH)
  HIGHEST WIND SPEED    25   HIGHEST WIND DIRECTION     W (290)
  HIGHEST GUST SPEED    34   HIGHEST GUST DIRECTION     W (280)
  AVERAGE WIND SPEED    11.5


SKY COVER
  POSSIBLE SUNSHINE  MM
  AVERAGE SKY COVER 0.4


WEATHER CONDITIONS
 THE FOLLOWING WEATHER WAS RECORDED TODAY.
  LIGHT RAIN


RELATIVE HUMIDITY (PERCENT)
 HIGHEST    77           500 AM
 LOWEST     31           300 PM
 AVERAGE    54

..........................................................


THE IOWA CITY IA CLIMATE NORMALS FOR TOMORROW
                         NORMAL    RECORD    YEAR
 MAXIMUM TEMPERATURE (F)   77        MM        MM
 MINIMUM TEMPERATURE (F)   56        MM        MM


SUNRISE AND SUNSET
MAY 29 2017...........SUNRISE   536 AM CDT   SUNSET   832 PM CDT
MAY 30 2017...........SUNRISE   535 AM CDT   SUNSET   833 PM CDT


-  INDICATES NEGATIVE NUMBERS.
R  INDICATES RECORD WAS SET OR TIED.
MM INDICATES DATA IS MISSING.
T  INDICATES TRACE AMOUNT.




$$
