000
CDUS43 KDVN 062123
CLIIOW


CLIMATE REPORT
NATIONAL WEATHER SERVICE QUAD CITIES IA IL
421 PM CDT FRI MAY 6 2016


...................................

...THE IOWA CITY IA CLIMATE SUMMARY FOR MAY 6 2016...
VALID TODAY AS OF 0400 PM LOCAL TIME.

CLIMATE NORMAL PERIOD 1981 TO 2010
CLIMATE RECORD PERIOD 9999 TO 9999


WEATHER ITEM   OBSERVED TIME   RECORD YEAR NORMAL DEPARTURE LAST
                VALUE   (LST)  VALUE       VALUE  FROM      YEAR
                                                  NORMAL
..................................................................
TEMPERATURE (F)
 TODAY
  MAXIMUM         85    257 PM  MM      MM  68     17       82
  MINIMUM         44    415 AM  MM      MM  47     -3       56
  AVERAGE         65                        58      7       69

PRECIPITATION (IN)
  TODAY            0.00         MM      MM   0.13  -0.13     0.13
  MONTH TO DATE    0.18                      0.86  -0.68     2.23
  SINCE MAR 1      4.38                      6.58  -2.20     5.86
  SINCE JAN 1      5.13                      8.74  -3.61     7.44

DEGREE DAYS
 HEATING
  TODAY            0                         8     -8        0
  MONTH TO DATE   60                        52      8       16
  SINCE MAR 1   1142                      1295   -153     1244
  SINCE JUL 1   5353                      6245   -892     6609

 COOLING
  TODAY            0                         1     -1        4
  MONTH TO DATE    0                         3     -3       11
  SINCE MAR 1      6                         7     -1       11
  SINCE JAN 1      6                         7     -1       11
..................................................................


WIND (MPH)
  HIGHEST WIND SPEED    20   HIGHEST WIND DIRECTION     W (260)
  HIGHEST GUST SPEED    26   HIGHEST GUST DIRECTION     W (270)
  AVERAGE WIND SPEED     6.8


SKY COVER
  POSSIBLE SUNSHINE  MM
  AVERAGE SKY COVER 0.0


WEATHER CONDITIONS
 THE FOLLOWING WEATHER WAS RECORDED TODAY.
  NO SIGNIFICANT WEATHER WAS OBSERVED.


RELATIVE HUMIDITY (PERCENT)
 HIGHEST    89           500 AM
 LOWEST     25           200 PM
 AVERAGE    57

..........................................................


THE IOWA CITY IA CLIMATE NORMALS FOR TOMORROW
                         NORMAL    RECORD    YEAR
 MAXIMUM TEMPERATURE (F)   69        MM        MM
 MINIMUM TEMPERATURE (F)   48        MM        MM


SUNRISE AND SUNSET
MAY  6 2016...........SUNRISE   556 AM CDT   SUNSET   810 PM CDT
MAY  7 2016...........SUNRISE   555 AM CDT   SUNSET   811 PM CDT


-  INDICATES NEGATIVE NUMBERS.
R  INDICATES RECORD WAS SET OR TIED.
MM INDICATES DATA IS MISSING.
T  INDICATES TRACE AMOUNT.




$$
