000
CDUS43 KDVN 180909
CLIIOW


CLIMATE REPORT
NATIONAL WEATHER SERVICE QUAD CITIES IA IL
408 AM CDT THU SEP 18 2014


...................................

...THE IOWA CITY IA CLIMATE SUMMARY FOR SEPTEMBER 17 2014...

CLIMATE NORMAL PERIOD 1981 TO 2010
CLIMATE RECORD PERIOD 9999 TO 9999


WEATHER ITEM   OBSERVED TIME   RECORD YEAR NORMAL DEPARTURE LAST
                VALUE   (LST)  VALUE       VALUE  FROM      YEAR
                                                  NORMAL
..................................................................
TEMPERATURE (F)
 YESTERDAY
  MAXIMUM         71    328 PM  MM      MM  76     -5       68
  MINIMUM         45    438 AM  MM      MM  52     -7       50
  AVERAGE         58                        64     -6       59

PRECIPITATION (IN)
  YESTERDAY        0.00         MM      MM   0.11  -0.11     0.01
  MONTH TO DATE    5.83                      2.03   3.80     1.12
  SINCE SEP 1      5.83                      2.03   3.80     1.12
  SINCE JAN 1     33.26                     28.18   5.08    29.38

DEGREE DAYS
 HEATING
  YESTERDAY        7                         3      4        6
  MONTH TO DATE   86                        30     56       23
  SINCE SEP 1     86                        30     56       23
  SINCE JUL 1     98                        38     60       32

 COOLING
  YESTERDAY        0                         2     -2        0
  MONTH TO DATE   38                        61    -23      136
  SINCE SEP 1     38                        61    -23      136
  SINCE JAN 1    754                       883   -129     1004
..................................................................


WIND (MPH)
  HIGHEST WIND SPEED     9   HIGHEST WIND DIRECTION     E (110)
  HIGHEST GUST SPEED    13   HIGHEST GUST DIRECTION    SE (150)
  AVERAGE WIND SPEED     2.5


SKY COVER
  POSSIBLE SUNSHINE  MM
  AVERAGE SKY COVER 0.3


WEATHER CONDITIONS
 THE FOLLOWING WEATHER WAS RECORDED YESTERDAY.
  FOG
  FOG W/VISIBILITY <= 1/4 MILE


RELATIVE HUMIDITY (PERCENT)
 HIGHEST   100           100 AM
 LOWEST     61           400 PM
 AVERAGE    81

..........................................................


THE IOWA CITY IA CLIMATE NORMALS FOR TODAY
                         NORMAL    RECORD    YEAR
 MAXIMUM TEMPERATURE (F)   75        MM        MM
 MINIMUM TEMPERATURE (F)   51        MM        MM


SUNRISE AND SUNSET
SEPTEMBER 18 2014.....SUNRISE   650 AM CDT   SUNSET   710 PM CDT
SEPTEMBER 19 2014.....SUNRISE   651 AM CDT   SUNSET   709 PM CDT


-  INDICATES NEGATIVE NUMBERS.
R  INDICATES RECORD WAS SET OR TIED.
MM INDICATES DATA IS MISSING.
T  INDICATES TRACE AMOUNT.




$$
