000
CDUS41 KCTP 050607
CLIIPT


CLIMATE REPORT
NATIONAL WEATHER SERVICE STATE COLLEGE PA
207 AM EDT SUN JUL 5 2015


...................................

...THE WILLIAMSPORT PA CLIMATE SUMMARY FOR JULY 4 2015...

CLIMATE NORMAL PERIOD 1981 TO 2010
CLIMATE RECORD PERIOD 1895 TO 2015


WEATHER ITEM   OBSERVED TIME   RECORD YEAR NORMAL DEPARTURE LAST
                VALUE   (LST)  VALUE       VALUE  FROM      YEAR
                                                  NORMAL
..................................................................
TEMPERATURE (F)
 YESTERDAY
  MAXIMUM         70    457 PM 100    1990  83    -13       75
                                      1911
  MINIMUM         60   1141 PM  47    1986  61     -1       60
  AVERAGE         65                        72     -7       68

PRECIPITATION (IN)
  YESTERDAY        1.09          1.26 1941   0.13   0.96     0.00
  MONTH TO DATE    1.09                      0.52   0.57     1.60
  SINCE JUN 1      8.90                      4.44   4.46     5.06
  SINCE JAN 1     21.32                     19.35   1.97    19.81

DEGREE DAYS
 HEATING
  YESTERDAY        0                         0      0        0
  MONTH TO DATE    0                         0      0        0
  SINCE JUN 1     21                        37    -16        8
  SINCE JUL 1      0                         0      0        0

 COOLING
  YESTERDAY        0                         8     -8        3
  MONTH TO DATE   11                        29    -18       47
  SINCE JUN 1    183                       175      8      216
  SINCE JAN 1    311                       218     93      268
..................................................................


WIND (MPH)
  HIGHEST WIND SPEED    17   HIGHEST WIND DIRECTION    SE (130)
  HIGHEST GUST SPEED    26   HIGHEST GUST DIRECTION    SE (120)
  AVERAGE WIND SPEED     4.5


SKY COVER
  POSSIBLE SUNSHINE  MM
  AVERAGE SKY COVER 0.9


WEATHER CONDITIONS
 THE FOLLOWING WEATHER WAS RECORDED YESTERDAY.
  HEAVY RAIN
  RAIN
  LIGHT RAIN
  FOG


RELATIVE HUMIDITY (PERCENT)
 HIGHEST    93           200 AM
 LOWEST     76           300 PM
 AVERAGE    85

..........................................................


THE WILLIAMSPORT PA CLIMATE NORMALS FOR TODAY
                         NORMAL    RECORD    YEAR
 MAXIMUM TEMPERATURE (F)   83       100      1955
 MINIMUM TEMPERATURE (F)   62        46      1927
                                             1909


SUNRISE AND SUNSET
JULY  5 2015..........SUNRISE   541 AM EDT   SUNSET   844 PM EDT
JULY  6 2015..........SUNRISE   541 AM EDT   SUNSET   843 PM EDT


-  INDICATES NEGATIVE NUMBERS.
R  INDICATES RECORD WAS SET OR TIED.
MM INDICATES DATA IS MISSING.
T  INDICATES TRACE AMOUNT.




$$
