000
CDUS41 KCTP 290642
CLIIPT


CLIMATE REPORT
NATIONAL WEATHER SERVICE STATE COLLEGE PA
141 AM EST THU JAN 29 2015


...................................

...THE WILLIAMSPORT PA CLIMATE SUMMARY FOR JANUARY 28 2015...

CLIMATE NORMAL PERIOD 1981 TO 2010
CLIMATE RECORD PERIOD 1895 TO 2015


WEATHER ITEM   OBSERVED TIME   RECORD YEAR NORMAL DEPARTURE LAST
                VALUE   (LST)  VALUE       VALUE  FROM      YEAR
                                                  NORMAL
..................................................................
TEMPERATURE (F)
 YESTERDAY
  MAXIMUM         34    406 PM  61    1916  35     -1       14
  MINIMUM         10   1139 PM -16    1925  19     -9        2
  AVERAGE         22                        27     -5        8

PRECIPITATION (IN)
  YESTERDAY        0.00          0.87 1994   0.09  -0.09      T
  MONTH TO DATE    1.59                      2.43  -0.84     1.25
  SINCE DEC 1      4.19                      5.36  -1.17     4.89
  SINCE JAN 1      1.59                      2.43  -0.84     1.25

SNOWFALL (IN)
  YESTERDAY        0.0           4.0  1897   0.4   -0.4       T
  MONTH TO DATE   13.6                       9.4    4.2      7.9
  SINCE DEC 1     17.6                      16.3    1.3     22.0
  SINCE JUL 1     22.7                      18.1    4.6     24.2
  SNOW DEPTH       0

DEGREE DAYS
 HEATING
  YESTERDAY       43                        38      5       57
  MONTH TO DATE 1119                      1072     47     1208
  SINCE DEC 1   2022                      2120    -98     2281
  SINCE JUL 1   3192                      3365   -173     3524

 COOLING
  YESTERDAY        0                         0      0        0
  MONTH TO DATE    0                         0      0        0
  SINCE DEC 1      0                         0      0        0
  SINCE JAN 1      0                         0      0        0
..................................................................


WIND (MPH)
  HIGHEST WIND SPEED    20   HIGHEST WIND DIRECTION     W (270)
  HIGHEST GUST SPEED    26   HIGHEST GUST DIRECTION     W (270)
  AVERAGE WIND SPEED    10.0


SKY COVER
  POSSIBLE SUNSHINE  MM
  AVERAGE SKY COVER 0.0


WEATHER CONDITIONS
 THE FOLLOWING WEATHER WAS RECORDED YESTERDAY.
  NO SIGNIFICANT WEATHER WAS OBSERVED.


RELATIVE HUMIDITY (PERCENT)
 HIGHEST    66           500 AM
 LOWEST     21           600 PM
 AVERAGE    44

..........................................................


THE WILLIAMSPORT PA CLIMATE NORMALS FOR TODAY
                         NORMAL    RECORD    YEAR
 MAXIMUM TEMPERATURE (F)   35        59      2002
 MINIMUM TEMPERATURE (F)   20       -12      1963


SUNRISE AND SUNSET
JANUARY 29 2015.......SUNRISE   722 AM EST   SUNSET   520 PM EST
JANUARY 30 2015.......SUNRISE   721 AM EST   SUNSET   521 PM EST


-  INDICATES NEGATIVE NUMBERS.
R  INDICATES RECORD WAS SET OR TIED.
MM INDICATES DATA IS MISSING.
T  INDICATES TRACE AMOUNT.




$$
