874
CDUS41 KCTP 282130
CLIIPT


CLIMATE REPORT
NATIONAL WEATHER SERVICE STATE COLLEGE PA
530 PM EDT FRI APR 28 2017


...................................

...THE WILLIAMSPORT PA CLIMATE SUMMARY FOR APRIL 28 2017...
VALID TODAY AS OF 0500 PM LOCAL TIME.

CLIMATE NORMAL PERIOD 1981 TO 2010
CLIMATE RECORD PERIOD 1895 TO 2017


WEATHER ITEM   OBSERVED TIME   RECORD YEAR NORMAL DEPARTURE LAST
                VALUE   (LST)  VALUE       VALUE  FROM      YEAR
                                                  NORMAL
..................................................................
TEMPERATURE (F)
 TODAY
  MAXIMUM         79    400 PM  91    1990  66     13       54
  MINIMUM         58    700 AM  27    1934  43     15       43
  AVERAGE         69                        54     15       49

PRECIPITATION (IN)
  TODAY            0.00          2.47 1913   0.11  -0.11     0.24
  MONTH TO DATE    3.71                      3.02   0.69     1.41
  SINCE MAR 1      7.45                      5.99   1.46     2.52
  SINCE JAN 1     12.75                     11.03   1.72     8.94

SNOWFALL (IN)
  TODAY            0.0           1.0  1928   0.0    0.0      0.0
  MONTH TO DATE    T                         1.1   -1.1      1.8
  SINCE MAR 1     22.6                       8.0   14.6      2.0
  SINCE JUL 1     41.1                      36.0    5.1      7.7
  SNOW DEPTH       0

DEGREE DAYS
 HEATING
  TODAY            0                        11    -11       16
  MONTH TO DATE  248                       437   -189      444
  SINCE MAR 1   1106                      1266   -160     1026
  SINCE JUL 1   4742                      5733   -991     4669

 COOLING
  TODAY            4                         0      4        0
  MONTH TO DATE   15                         0     15        0
  SINCE MAR 1     15                         0     15        0
  SINCE JAN 1     15                         0     15        0
..................................................................


WIND (MPH)
  HIGHEST WIND SPEED    10   HIGHEST WIND DIRECTION     W (290)
  HIGHEST GUST SPEED    MM   HIGHEST GUST DIRECTION    MM
  AVERAGE WIND SPEED     6.0


SKY COVER
  POSSIBLE SUNSHINE  MM
  AVERAGE SKY COVER 0.3


WEATHER CONDITIONS
 THE FOLLOWING WEATHER WAS RECORDED TODAY.
  FOG
  FOG W/VISIBILITY <= 1/4 MILE


RELATIVE HUMIDITY (PERCENT)
 HIGHEST   100           300 AM
 LOWEST     30           400 PM
 AVERAGE    65

..........................................................


THE WILLIAMSPORT PA CLIMATE NORMALS FOR TOMORROW
                         NORMAL    RECORD    YEAR
 MAXIMUM TEMPERATURE (F)   66        86      1974
                                             1942
 MINIMUM TEMPERATURE (F)   43        29      2001
                                             1949
                                             1947


SUNRISE AND SUNSET
APRIL 28 2017.........SUNRISE   609 AM EDT   SUNSET   802 PM EDT
APRIL 29 2017.........SUNRISE   608 AM EDT   SUNSET   803 PM EDT


-  INDICATES NEGATIVE NUMBERS.
R  INDICATES RECORD WAS SET OR TIED.
MM INDICATES DATA IS MISSING.
T  INDICATES TRACE AMOUNT.




$$
