000
CDUS41 KCTP 290620
CLIIPT


CLIMATE REPORT
NATIONAL WEATHER SERVICE STATE COLLEGE PA
219 AM EDT FRI APR 29 2016


...................................

...THE WILLIAMSPORT PA CLIMATE SUMMARY FOR APRIL 28 2016...

CLIMATE NORMAL PERIOD 1981 TO 2010
CLIMATE RECORD PERIOD 1895 TO 2016


WEATHER ITEM   OBSERVED TIME   RECORD YEAR NORMAL DEPARTURE LAST
                VALUE   (LST)  VALUE       VALUE  FROM      YEAR
                                                  NORMAL
..................................................................
TEMPERATURE (F)
 YESTERDAY
  MAXIMUM         54   1129 AM  91    1990  66    -12       70
  MINIMUM         43    520 AM  27    1934  43      0       44
  AVERAGE         49                        54     -5       57

PRECIPITATION (IN)
  YESTERDAY        0.24          2.47 1913   0.11   0.13     0.00
  MONTH TO DATE    1.41                      3.02  -1.61     4.19
  SINCE MAR 1      2.52                      5.99  -3.47     6.56
  SINCE JAN 1      8.94                     11.03  -2.09     9.35

SNOWFALL (IN)
  YESTERDAY        0.0           1.0  1928   0.0    0.0      0.0
  MONTH TO DATE    1.8                       1.1    0.7       T
  SINCE MAR 1      2.0                       8.0   -6.0     11.4
  SINCE JUL 1      7.7                      36.0  -28.3     44.4
  SNOW DEPTH       0

DEGREE DAYS
 HEATING
  YESTERDAY       16                        11      5        8
  MONTH TO DATE  444                       437      7      421
  SINCE MAR 1   1026                      1266   -240     1410
  SINCE JUL 1   4669                      5733  -1064     6047

 COOLING
  YESTERDAY        0                         0      0        0
  MONTH TO DATE    0                         0      0        0
  SINCE MAR 1      0                         0      0        0
  SINCE JAN 1      0                         0      0        0
..................................................................


WIND (MPH)
  HIGHEST WIND SPEED     8   HIGHEST WIND DIRECTION     N (340)
  HIGHEST GUST SPEED    11   HIGHEST GUST DIRECTION     E (100)
  AVERAGE WIND SPEED     2.2


SKY COVER
  POSSIBLE SUNSHINE  MM
  AVERAGE SKY COVER 0.6


WEATHER CONDITIONS
 THE FOLLOWING WEATHER WAS RECORDED YESTERDAY.
  RAIN
  LIGHT RAIN
  FOG


RELATIVE HUMIDITY (PERCENT)
 HIGHEST    86           800 PM
 LOWEST     26           900 AM
 AVERAGE    56

..........................................................


THE WILLIAMSPORT PA CLIMATE NORMALS FOR TODAY
                         NORMAL    RECORD    YEAR
 MAXIMUM TEMPERATURE (F)   66        86      1974
                                             1942
 MINIMUM TEMPERATURE (F)   43        29      2001
                                             1949
                                             1947


SUNRISE AND SUNSET
APRIL 29 2016.........SUNRISE   607 AM EDT   SUNSET   803 PM EDT
APRIL 30 2016.........SUNRISE   606 AM EDT   SUNSET   804 PM EDT


-  INDICATES NEGATIVE NUMBERS.
R  INDICATES RECORD WAS SET OR TIED.
MM INDICATES DATA IS MISSING.
T  INDICATES TRACE AMOUNT.




$$
