000
CDUS41 KCTP 220642
CLIIPT


CLIMATE REPORT
NATIONAL WEATHER SERVICE STATE COLLEGE PA
142 AM EST WED FEB 22 2017


...................................

...THE WILLIAMSPORT PA CLIMATE SUMMARY FOR FEBRUARY 21 2017...

CLIMATE NORMAL PERIOD 1981 TO 2010
CLIMATE RECORD PERIOD 1895 TO 2017


WEATHER ITEM   OBSERVED TIME   RECORD YEAR NORMAL DEPARTURE LAST
                VALUE   (LST)  VALUE       VALUE  FROM      YEAR
                                                  NORMAL
..................................................................
TEMPERATURE (F)
 YESTERDAY
  MAXIMUM         50    328 PM  69    1930  40     10       57
  MINIMUM         27    416 AM  -2    1936  22      5       28
  AVERAGE         39                        31      8       43

PRECIPITATION (IN)
  YESTERDAY        0.00          1.18 1954   0.08  -0.08     0.00
  MONTH TO DATE    1.50                      1.74  -0.24     3.06
  SINCE DEC 1      7.89                      7.37   0.52     8.48
  SINCE JAN 1      4.93                      4.44   0.49     5.12

SNOWFALL (IN)
  YESTERDAY        0.0           7.4  2011   0.3   -0.3      0.0
  MONTH TO DATE    6.2                       6.6   -0.4      4.3
  SINCE DEC 1     18.4                      24.0   -5.6      5.6
  SINCE JUL 1     18.5                      25.8   -7.3      5.6
  SNOW DEPTH       0

DEGREE DAYS
 HEATING
  YESTERDAY       26                        34     -8       22
  MONTH TO DATE  616                       756   -140      712
  SINCE DEC 1   2572                      2990   -418     2512
  SINCE JUL 1   3506                      4235   -729     3439

 COOLING
  YESTERDAY        0                         0      0        0
  MONTH TO DATE    0                         0      0        0
  SINCE DEC 1      0                         0      0        0
  SINCE JAN 1      0                         0      0        0
..................................................................


WIND (MPH)
  HIGHEST WIND SPEED    16   HIGHEST WIND DIRECTION    SE (140)
  HIGHEST GUST SPEED    24   HIGHEST GUST DIRECTION    SE (140)
  AVERAGE WIND SPEED     4.5


SKY COVER
  POSSIBLE SUNSHINE  MM
  AVERAGE SKY COVER 0.0


WEATHER CONDITIONS
 THE FOLLOWING WEATHER WAS RECORDED YESTERDAY.
  NO SIGNIFICANT WEATHER WAS OBSERVED.


RELATIVE HUMIDITY (PERCENT)
 HIGHEST    69           500 AM
 LOWEST     28           100 PM
 AVERAGE    49

..........................................................


THE WILLIAMSPORT PA CLIMATE NORMALS FOR TODAY
                         NORMAL    RECORD    YEAR
 MAXIMUM TEMPERATURE (F)   40        66      1974
 MINIMUM TEMPERATURE (F)   23         1      1946


SUNRISE AND SUNSET
FEBRUARY 22 2017......SUNRISE   652 AM EST   SUNSET   551 PM EST
FEBRUARY 23 2017......SUNRISE   651 AM EST   SUNSET   552 PM EST


-  INDICATES NEGATIVE NUMBERS.
R  INDICATES RECORD WAS SET OR TIED.
MM INDICATES DATA IS MISSING.
T  INDICATES TRACE AMOUNT.




$$
