000
CDUS43 KEAX 270635
CLIIRK


CLIMATE REPORT
NATIONAL WEATHER SERVICE KANSAS CITY/PLEASANT HILL MO
134 AM CDT WED MAY 27 2015


...................................

...THE KIRKSVILLE MO CLIMATE SUMMARY FOR MAY 26 2015...

CLIMATE NORMAL PERIOD 1981 TO 2010
CLIMATE RECORD PERIOD 9999 TO 9999


WEATHER ITEM   OBSERVED TIME   NORMAL DEPARTURE LAST
                VALUE   (LST)  VALUE  FROM      YEAR
                                      NORMAL
......................................................
TEMPERATURE (F)
 YESTERDAY
  MAXIMUM         78    424 PM  76      2       84
  MINIMUM         60   1157 PM  55      5       63
  AVERAGE         69            65      4       74

PRECIPITATION (IN)
  YESTERDAY        0.06          0.15  -0.09      T
  MONTH TO DATE    3.69          4.13  -0.44     1.31
  SINCE MAR 1      8.22         10.52  -2.30     5.36
  SINCE JAN 1     10.27         13.32  -3.05     8.91

DEGREE DAYS
 HEATING
  YESTERDAY        0             2     -2        0
  MONTH TO DATE  106           141    -35      155
  SINCE MAR 1   1074          1298   -224     1458
  SINCE JUL 1   5753          5831    -78     6428

 COOLING
  YESTERDAY        4             3      1        9
  MONTH TO DATE   52            40     12       75
  SINCE MAR 1     55            47      8       80
  SINCE JAN 1     55            47      8       80
......................................................


WIND (MPH)
  HIGHEST WIND SPEED    21   HIGHEST WIND DIRECTION    SW (240)
  HIGHEST GUST SPEED    30   HIGHEST GUST DIRECTION    SW (240)
  AVERAGE WIND SPEED    11.3


SKY COVER
  AVERAGE SKY COVER 0.6


WEATHER CONDITIONS
 THE FOLLOWING WEATHER WAS RECORDED YESTERDAY.
  LIGHT RAIN
  FOG


RELATIVE HUMIDITY (PERCENT)
 HIGHEST    97          1100 PM
 LOWEST     56           500 PM
 AVERAGE    77

..........................................................


THE KIRKSVILLE MO CLIMATE NORMALS FOR TODAY
                         NORMAL
 MAXIMUM TEMPERATURE (F)   76
 MINIMUM TEMPERATURE (F)   56


SUNRISE AND SUNSET
MAY 27 2015...........SUNRISE   546 AM CDT   SUNSET   829 PM CDT
MAY 28 2015...........SUNRISE   545 AM CDT   SUNSET   830 PM CDT


-  INDICATES NEGATIVE NUMBERS.
R  INDICATES RECORD WAS SET OR TIED.
MM INDICATES DATA IS MISSING.
T  INDICATES TRACE AMOUNT.




$$
