000
CDUS43 KEAX 300635
CLIIRK


CLIMATE REPORT
NATIONAL WEATHER SERVICE KANSAS CITY/PLEASANT HILL MO
134 AM CDT TUE SEP 30 2014


...................................

...THE KIRKSVILLE MO CLIMATE SUMMARY FOR SEPTEMBER 29 2014...

CLIMATE NORMAL PERIOD 1981 TO 2010
CLIMATE RECORD PERIOD 9999 TO 9999


WEATHER ITEM   OBSERVED TIME   NORMAL DEPARTURE LAST
                VALUE   (LST)  VALUE  FROM      YEAR
                                      NORMAL
......................................................
TEMPERATURE (F)
 YESTERDAY
  MAXIMUM         84    210 PM  70     14       74
  MINIMUM         55    634 AM  48      7       41
  AVERAGE         70            59     11       58

PRECIPITATION (IN)
  YESTERDAY        0.00          0.10  -0.10     0.00
  MONTH TO DATE   10.07          4.01   6.06     1.69
  SINCE SEP 1     10.07          4.01   6.06     1.69
  SINCE JAN 1     38.16         31.42   6.74    31.58

DEGREE DAYS
 HEATING
  YESTERDAY        0             7     -7        7
  MONTH TO DATE  100            92      8       53
  SINCE SEP 1    100            92      8       53
  SINCE JUL 1    106            99      7       66

 COOLING
  YESTERDAY        5             1      4        0
  MONTH TO DATE   89            80      9      186
  SINCE SEP 1     89            80      9      186
  SINCE JAN 1    955           924     31      996
......................................................


WIND (MPH)
  HIGHEST WIND SPEED     9   HIGHEST WIND DIRECTION    NW (320)
  HIGHEST GUST SPEED    13   HIGHEST GUST DIRECTION    SE (140)
  AVERAGE WIND SPEED     1.9


SKY COVER
  AVERAGE SKY COVER 0.1


WEATHER CONDITIONS
 THE FOLLOWING WEATHER WAS RECORDED YESTERDAY.
  FOG
  HAZE


RELATIVE HUMIDITY (PERCENT)
 HIGHEST   100           100 AM
 LOWEST     40           100 PM
 AVERAGE    70

..........................................................


THE KIRKSVILLE MO CLIMATE NORMALS FOR TODAY
                         NORMAL
 MAXIMUM TEMPERATURE (F)   70
 MINIMUM TEMPERATURE (F)   47


SUNRISE AND SUNSET
SEPTEMBER 30 2014.....SUNRISE   705 AM CDT   SUNSET   654 PM CDT
OCTOBER  1 2014.......SUNRISE   706 AM CDT   SUNSET   652 PM CDT


-  INDICATES NEGATIVE NUMBERS.
R  INDICATES RECORD WAS SET OR TIED.
MM INDICATES DATA IS MISSING.
T  INDICATES TRACE AMOUNT.




$$
