000
CDUS43 KEAX 221235
CLIIRK


CLIMATE REPORT
NATIONAL WEATHER SERVICE KANSAS CITY/PLEASANT HILL MO
633 AM CST MON DEC 22 2014


...................................

...THE KIRKSVILLE MO CLIMATE SUMMARY FOR DECEMBER 22 2014...
VALID AS OF 0600 AM LOCAL TIME.

CLIMATE NORMAL PERIOD 1981 TO 2010
CLIMATE RECORD PERIOD 9999 TO 9999


WEATHER ITEM   OBSERVED TIME   NORMAL DEPARTURE LAST
                VALUE   (LST)  VALUE  FROM      YEAR
                                      NORMAL
......................................................
TEMPERATURE (F)
 TODAY
  MAXIMUM         40    559 AM  35      5       28
  MINIMUM         39    551 AM  19     20        8
  AVERAGE         40            27     13       18

PRECIPITATION (IN)
  TODAY            0.00          0.06  -0.06     0.24
  MONTH TO DATE    0.59          1.34  -0.75     1.31
  SINCE DEC 1      0.59          1.34  -0.75     1.31
  SINCE JAN 1     44.22         38.90   5.32    38.22

DEGREE DAYS
 HEATING
  TODAY           25            38    -13       47
  MONTH TO DATE  664           777   -113      850
  SINCE DEC 1    664           777   -113      850
  SINCE JUL 1   1985          1998    -13     2117

 COOLING
  TODAY            0             0      0        0
  MONTH TO DATE    0             0      0        0
  SINCE DEC 1      0             0      0        0
  SINCE JAN 1    958           939     19     1028
......................................................


WIND (MPH)
  HIGHEST WIND SPEED    15   HIGHEST WIND DIRECTION    SE (150)
  HIGHEST GUST SPEED    19   HIGHEST GUST DIRECTION    SE (150)
  AVERAGE WIND SPEED    11.7


SKY COVER
  AVERAGE SKY COVER 1.0


WEATHER CONDITIONS
 THE FOLLOWING WEATHER WAS RECORDED TODAY.
  NO SIGNIFICANT WEATHER WAS OBSERVED.


RELATIVE HUMIDITY (PERCENT)
 HIGHEST    92          1200 AM
 LOWEST     85           100 AM
 AVERAGE    89

..........................................................


THE KIRKSVILLE MO CLIMATE NORMALS FOR TOMORROW
                         NORMAL
 MAXIMUM TEMPERATURE (F)   35
 MINIMUM TEMPERATURE (F)   19


SUNRISE AND SUNSET
DECEMBER 22 2014......SUNRISE   729 AM CST   SUNSET   448 PM CST
DECEMBER 23 2014......SUNRISE   730 AM CST   SUNSET   449 PM CST


-  INDICATES NEGATIVE NUMBERS.
R  INDICATES RECORD WAS SET OR TIED.
MM INDICATES DATA IS MISSING.
T  INDICATES TRACE AMOUNT.




$$
