000
CDUS43 KEAX 011239
CLIIRK


CLIMATE REPORT
NATIONAL WEATHER SERVICE KANSAS CITY/PLEASANT HILL MO
639 AM CST SUN FEB 1 2015


...................................

...THE KIRKSVILLE MO CLIMATE SUMMARY FOR FEBRUARY 1 2015...
VALID AS OF 0600 AM LOCAL TIME.

CLIMATE NORMAL PERIOD 1981 TO 2010
CLIMATE RECORD PERIOD 9999 TO 9999


WEATHER ITEM   OBSERVED TIME   NORMAL DEPARTURE LAST
                VALUE   (LST)  VALUE  FROM      YEAR
                                      NORMAL
......................................................
TEMPERATURE (F)
 TODAY
  MAXIMUM         33    319 AM  36     -3       25
  MINIMUM         32    559 AM  18     14       16
  AVERAGE         33            27      6       21

PRECIPITATION (IN)
  TODAY            0.47          0.05   0.42     0.44
  MONTH TO DATE    0.47          0.05   0.42     0.44
  SINCE DEC 1      2.97          3.07  -0.10     2.61
  SINCE JAN 1      2.07          1.32   0.75     1.30

DEGREE DAYS
 HEATING
  TODAY           32            38     -6       44
  MONTH TO DATE   32            38     -6       44
  SINCE DEC 1   2139          2364   -225     2463
  SINCE JUL 1   3460          3585   -125     3730

 COOLING
  TODAY            0             0      0        0
  MONTH TO DATE    0             0      0        0
  SINCE DEC 1      0             0      0        0
  SINCE JAN 1      0             0      0        0
......................................................


WIND (MPH)
  HIGHEST WIND SPEED    16   HIGHEST WIND DIRECTION    SE (150)
  HIGHEST GUST SPEED    20   HIGHEST GUST DIRECTION     S (160)
  AVERAGE WIND SPEED    11.0


SKY COVER
  AVERAGE SKY COVER 1.0


WEATHER CONDITIONS
 THE FOLLOWING WEATHER WAS RECORDED TODAY.
  SNOW
  LIGHT SNOW
  FOG


RELATIVE HUMIDITY (PERCENT)
 HIGHEST   100          1200 AM
 LOWEST    100          1200 AM
 AVERAGE   100

..........................................................


THE KIRKSVILLE MO CLIMATE NORMALS FOR TOMORROW
                         NORMAL
 MAXIMUM TEMPERATURE (F)   36
 MINIMUM TEMPERATURE (F)   18


SUNRISE AND SUNSET
FEBRUARY  1 2015......SUNRISE   719 AM CST   SUNSET   529 PM CST
FEBRUARY  2 2015......SUNRISE   718 AM CST   SUNSET   530 PM CST


-  INDICATES NEGATIVE NUMBERS.
R  INDICATES RECORD WAS SET OR TIED.
MM INDICATES DATA IS MISSING.
T  INDICATES TRACE AMOUNT.




$$
