000
CDUS43 KEAX 240032
CLIIRK


CLIMATE REPORT
NATIONAL WEATHER SERVICE KANSAS CITY/PLEASANT HILL MO
732 PM CDT SAT JUL 23 2016


...................................

...THE KIRKSVILLE MO CLIMATE SUMMARY FOR JULY 23 2016...
VALID TODAY AS OF 0700 PM LOCAL TIME.

CLIMATE NORMAL PERIOD 1981 TO 2010
CLIMATE RECORD PERIOD 9999 TO 9999


WEATHER ITEM   OBSERVED TIME   NORMAL DEPARTURE LAST
                VALUE   (LST)  VALUE  FROM      YEAR
                                      NORMAL
......................................................
TEMPERATURE (F)
 TODAY
  MAXIMUM         96    154 PM  86     10       84
  MINIMUM         74    419 AM  65      9       64
  AVERAGE         85            76      9       74

PRECIPITATION (IN)
  TODAY            0.00          0.16  -0.16     0.00
  MONTH TO DATE    2.12          3.37  -1.25     4.80
  SINCE JUN 1      3.61          8.15  -4.54    15.99
  SINCE JAN 1     15.90         22.30  -6.40    26.75

DEGREE DAYS
 HEATING
  TODAY            0             0      0        0
  MONTH TO DATE    6             0      6        5
  SINCE JUN 1      6            16    -10       20
  SINCE JUL 1      6             0      6        5

 COOLING
  TODAY           20            11      9        9
  MONTH TO DATE  270           228     42      225
  SINCE JUN 1    593           420    173      467
  SINCE JAN 1    665           482    183      535
......................................................


WIND (MPH)
  HIGHEST WIND SPEED    16   HIGHEST WIND DIRECTION     S (200)
  HIGHEST GUST SPEED    22   HIGHEST GUST DIRECTION     S (180)
  AVERAGE WIND SPEED     7.6


SKY COVER
  AVERAGE SKY COVER 0.0


WEATHER CONDITIONS
 THE FOLLOWING WEATHER WAS RECORDED TODAY.
  NO SIGNIFICANT WEATHER WAS OBSERVED.


RELATIVE HUMIDITY (PERCENT)
 HIGHEST    94           100 AM
 LOWEST     48           100 PM
 AVERAGE    71

..........................................................


THE KIRKSVILLE MO CLIMATE NORMALS FOR TOMORROW
                         NORMAL
 MAXIMUM TEMPERATURE (F)   86
 MINIMUM TEMPERATURE (F)   65


SUNRISE AND SUNSET
JULY 23 2016..........SUNRISE   601 AM CDT   SUNSET   832 PM CDT
JULY 24 2016..........SUNRISE   602 AM CDT   SUNSET   831 PM CDT


-  INDICATES NEGATIVE NUMBERS.
R  INDICATES RECORD WAS SET OR TIED.
MM INDICATES DATA IS MISSING.
T  INDICATES TRACE AMOUNT.




$$
