000
CDUS43 KEAX 090648
CLIIRK


CLIMATE REPORT
NATIONAL WEATHER SERVICE KANSAS CITY/PLEASANT HILL MO
1247 AM CST TUE FEB 9 2016


...................................

...THE KIRKSVILLE MO CLIMATE SUMMARY FOR FEBRUARY 8 2016...

CLIMATE NORMAL PERIOD 1981 TO 2010
CLIMATE RECORD PERIOD 9999 TO 9999


WEATHER ITEM   OBSERVED TIME   NORMAL DEPARTURE LAST
                VALUE   (LST)  VALUE  FROM      YEAR
                                      NORMAL
......................................................
TEMPERATURE (F)
 YESTERDAY
  MAXIMUM         33   1231 AM  37     -4       50
  MINIMUM         18    818 PM  19     -1       34
  AVERAGE         26            28     -2       42

PRECIPITATION (IN)
  YESTERDAY        0.10          0.05   0.05     0.00
  MONTH TO DATE    0.90          0.43   0.47     0.11
  SINCE DEC 1      6.35          3.45   2.90     2.61
  SINCE JAN 1      1.99          1.70   0.29     1.71

DEGREE DAYS
 HEATING
  YESTERDAY       39            37      2       23
  MONTH TO DATE  253           301    -48      328
  SINCE DEC 1   2196          2627   -431     2435
  SINCE JUL 1   3078          3848   -770     3756

 COOLING
  YESTERDAY        0             0      0        0
  MONTH TO DATE    0             0      0        0
  SINCE DEC 1      0             0      0        0
  SINCE JAN 1      0             0      0        0
......................................................


WIND (MPH)
  HIGHEST WIND SPEED    28   HIGHEST WIND DIRECTION    NW (310)
  HIGHEST GUST SPEED    40   HIGHEST GUST DIRECTION    NW (310)
  AVERAGE WIND SPEED    18.0


SKY COVER
  AVERAGE SKY COVER 1.0


WEATHER CONDITIONS
 THE FOLLOWING WEATHER WAS RECORDED YESTERDAY.
  LIGHT SNOW


RELATIVE HUMIDITY (PERCENT)
 HIGHEST    82          1200 AM
 LOWEST     57           500 PM
 AVERAGE    70

..........................................................


THE KIRKSVILLE MO CLIMATE NORMALS FOR TODAY
                         NORMAL
 MAXIMUM TEMPERATURE (F)   37
 MINIMUM TEMPERATURE (F)   19


SUNRISE AND SUNSET
FEBRUARY  9 2016......SUNRISE   711 AM CST   SUNSET   538 PM CST
FEBRUARY 10 2016......SUNRISE   710 AM CST   SUNSET   539 PM CST


-  INDICATES NEGATIVE NUMBERS.
R  INDICATES RECORD WAS SET OR TIED.
MM INDICATES DATA IS MISSING.
T  INDICATES TRACE AMOUNT.




$$
