000
CDUS43 KEAX 300643
CLIIRK


CLIMATE REPORT
NATIONAL WEATHER SERVICE KANSAS CITY/PLEASANT HILL MO
141 AM CDT THU MAR 30 2017


...................................

...THE KIRKSVILLE MO CLIMATE SUMMARY FOR MARCH 29 2017...

CLIMATE NORMAL PERIOD 1981 TO 2010
CLIMATE RECORD PERIOD 9999 TO 9999


WEATHER ITEM   OBSERVED TIME   NORMAL DEPARTURE LAST
                VALUE   (LST)  VALUE  FROM      YEAR
                                      NORMAL
......................................................
TEMPERATURE (F)
 YESTERDAY
  MAXIMUM         52    437 PM  57     -5       64
  MINIMUM         43    936 AM  35      8       38
  AVERAGE         48            46      2       51

PRECIPITATION (IN)
  YESTERDAY        0.82          0.09   0.73     0.00
  MONTH TO DATE    3.05          2.40   0.65     1.93
  SINCE MAR 1      3.05          2.40   0.65     1.93
  SINCE JAN 1      4.91          5.20  -0.29     4.52

DEGREE DAYS
 HEATING
  YESTERDAY       17            19     -2       14
  MONTH TO DATE  601           716   -115      507
  SINCE MAR 1    601           716   -115      507
  SINCE JUL 1   4130          5249  -1119     4214

 COOLING
  YESTERDAY        0             0      0        0
  MONTH TO DATE    0             0      0        0
  SINCE MAR 1      0             0      0        0
  SINCE JAN 1      0             0      0        0
......................................................


WIND (MPH)
  HIGHEST WIND SPEED    28   HIGHEST WIND DIRECTION     E (70)
  HIGHEST GUST SPEED    34   HIGHEST GUST DIRECTION     E (70)
  AVERAGE WIND SPEED    14.9


SKY COVER
  AVERAGE SKY COVER 1.0


WEATHER CONDITIONS
 THE FOLLOWING WEATHER WAS RECORDED YESTERDAY.
  THUNDERSTORM
  HEAVY RAIN
  RAIN
  LIGHT RAIN
  FOG


RELATIVE HUMIDITY (PERCENT)
 HIGHEST   100           800 AM
 LOWEST     86           200 AM
 AVERAGE    93

..........................................................


THE KIRKSVILLE MO CLIMATE NORMALS FOR TODAY
                         NORMAL
 MAXIMUM TEMPERATURE (F)   57
 MINIMUM TEMPERATURE (F)   35


SUNRISE AND SUNSET
MARCH 30 2017.........SUNRISE   657 AM CDT   SUNSET   733 PM CDT
MARCH 31 2017.........SUNRISE   655 AM CDT   SUNSET   734 PM CDT


-  INDICATES NEGATIVE NUMBERS.
R  INDICATES RECORD WAS SET OR TIED.
MM INDICATES DATA IS MISSING.
T  INDICATES TRACE AMOUNT.




$$
