000
CDUS43 KBIS 080744
CLIISN


CLIMATE REPORT
NATIONAL WEATHER SERVICE BISMARCK ND
144 AM CST THU DEC 8 2016


...................................

...THE WILLISTON ND CLIMATE SUMMARY FOR DECEMBER 7 2016...

CLIMATE NORMAL PERIOD 1981 TO 2010
CLIMATE RECORD PERIOD 1894 TO 2016


WEATHER ITEM   OBSERVED TIME   RECORD YEAR NORMAL DEPARTURE LAST
                VALUE   (LST)  VALUE       VALUE  FROM      YEAR
                                                  NORMAL
..................................................................
TEMPERATURE (F)
 YESTERDAY
  MAXIMUM          4    411 AM  49    2015  27    -23       49
                                      1965
                                      1923
  MINIMUM         -2    841 AM -30    1972   6     -8       27
  AVERAGE          1                        16    -15       38

PRECIPITATION (IN)
  YESTERDAY        T             0.40 1945   0.02  -0.02     0.00
  MONTH TO DATE    0.17                      0.14   0.03     0.00
  SINCE DEC 1      0.17                      0.14   0.03     0.00
  SINCE JAN 1     14.76                     13.89   0.87    11.49

SNOWFALL (IN)
  YESTERDAY       MM
  SNOW DEPTH       0

DEGREE DAYS
 HEATING
  YESTERDAY       64                        49     15       27
  MONTH TO DATE  319                       333    -14      244
  SINCE DEC 1    319                       333    -14      244
  SINCE JUL 1   1898                      2495   -597     1994

 COOLING
  YESTERDAY        0                         0      0        0
  MONTH TO DATE    0                         0      0        0
  SINCE DEC 1      0                         0      0        0
  SINCE JAN 1    521                       456     65      612
..................................................................


WIND (MPH)
  HIGHEST WIND SPEED    24   HIGHEST WIND DIRECTION    NW (310)
  HIGHEST GUST SPEED    29   HIGHEST GUST DIRECTION     W (290)
  AVERAGE WIND SPEED    14.4


SKY COVER
  POSSIBLE SUNSHINE  MM
  AVERAGE SKY COVER 0.9


WEATHER CONDITIONS
 THE FOLLOWING WEATHER WAS RECORDED YESTERDAY.
  LIGHT SNOW
  HAZE


RELATIVE HUMIDITY (PERCENT)
 HIGHEST    79           200 AM
 LOWEST     65           800 AM
 AVERAGE    72

..........................................................


THE WILLISTON ND CLIMATE NORMALS FOR TODAY
                         NORMAL    RECORD    YEAR
 MAXIMUM TEMPERATURE (F)   26        52      1925
 MINIMUM TEMPERATURE (F)    6       -31      1927


SUNRISE AND SUNSET
DECEMBER  8 2016......SUNRISE   833 AM CST   SUNSET   501 PM CST
DECEMBER  9 2016......SUNRISE   834 AM CST   SUNSET   501 PM CST


-  INDICATES NEGATIVE NUMBERS.
R  INDICATES RECORD WAS SET OR TIED.
MM INDICATES DATA IS MISSING.
T  INDICATES TRACE AMOUNT.




$$
