000
CDUS43 KBIS 281245
CLIISN


CLIMATE REPORT
NATIONAL WEATHER SERVICE BISMARCK ND
745 AM CDT FRI AUG 28 2015


...................................

...THE WILLISTON ND CLIMATE SUMMARY FOR AUGUST 27 2015...

CLIMATE NORMAL PERIOD 1981 TO 2010
CLIMATE RECORD PERIOD 1894 TO 2015


WEATHER ITEM   OBSERVED TIME   RECORD YEAR NORMAL DEPARTURE LAST
                VALUE   (LST)  VALUE       VALUE  FROM      YEAR
                                                  NORMAL
..................................................................
TEMPERATURE (F)
 YESTERDAY
  MAXIMUM         86    527 PM 100    1991  81      5       84
  MINIMUM         56    523 AM  35    1982  51      5       50
  AVERAGE         71                        66      5       67

PRECIPITATION (IN)
  YESTERDAY        0.00          1.50 1903   0.05  -0.05     0.00
  MONTH TO DATE    0.82                      1.28  -0.46     1.83
  SINCE JUN 1      4.27                      6.34  -2.07     3.93
  SINCE JAN 1      7.77                     10.95  -3.18     8.02

SNOWFALL (IN)
  YESTERDAY        0.0           T    1983   0.0    0.0     MM
  MONTH TO DATE    0.0                       0.0    0.0     MM
  SINCE JUN 1      0.0                       0.0    0.0     MM
  SINCE JUL 1      0.0                       0.0    0.0     MM
  SNOW DEPTH       0

DEGREE DAYS
 HEATING
  YESTERDAY        0                         3     -3        0
  MONTH TO DATE   31                        36     -5       35
  SINCE JUN 1     93                       180    -87      162
  SINCE JUL 1     39                        60    -21       52

 COOLING
  YESTERDAY        6                         3      3        2
  MONTH TO DATE  183                       154     29      170
  SINCE JUN 1    533                       404    129      362
  SINCE JAN 1    534                       417    117      383
..................................................................


WIND (MPH)
  HIGHEST WIND SPEED     9   HIGHEST WIND DIRECTION     S (180)
  HIGHEST GUST SPEED    13   HIGHEST GUST DIRECTION     S (170)
  AVERAGE WIND SPEED     3.4


SKY COVER
  POSSIBLE SUNSHINE  MM
  AVERAGE SKY COVER 0.0


WEATHER CONDITIONS
 THE FOLLOWING WEATHER WAS RECORDED YESTERDAY.
  NO SIGNIFICANT WEATHER WAS OBSERVED.


RELATIVE HUMIDITY (PERCENT)
 HIGHEST    93           500 AM
 LOWEST     45           500 PM
 AVERAGE    69

..........................................................


THE WILLISTON ND CLIMATE NORMALS FOR TODAY
                         NORMAL    RECORD    YEAR
 MAXIMUM TEMPERATURE (F)   80       100      1996
 MINIMUM TEMPERATURE (F)   50        34      1988


SUNRISE AND SUNSET
AUGUST 28 2015........SUNRISE   706 AM CDT   SUNSET   844 PM CDT
AUGUST 29 2015........SUNRISE   708 AM CDT   SUNSET   842 PM CDT


-  INDICATES NEGATIVE NUMBERS.
R  INDICATES RECORD WAS SET OR TIED.
MM INDICATES DATA IS MISSING.
T  INDICATES TRACE AMOUNT.




$$
