000
CDUS43 KBIS 230724
CLIISN


CLIMATE REPORT
NATIONAL WEATHER SERVICE BISMARCK ND
224 AM CDT SUN JUL 23 2017


...................................

...THE WILLISTON ND CLIMATE SUMMARY FOR JULY 22 2017...

CLIMATE NORMAL PERIOD 1981 TO 2010
CLIMATE RECORD PERIOD 1894 TO 2017


WEATHER ITEM   OBSERVED TIME   RECORD YEAR NORMAL DEPARTURE LAST
                VALUE   (LST)  VALUE       VALUE  FROM      YEAR
                                                  NORMAL
..................................................................
TEMPERATURE (F)
 YESTERDAY
  MAXIMUM         86    452 PM 103    1988  86      0       94
  MINIMUM         53    504 AM  38    1896  57     -4       59
  AVERAGE         70                        71     -1       77

PRECIPITATION (IN)
  YESTERDAY        0.00          1.30 1999   0.07  -0.07     0.33
  MONTH TO DATE    0.45                      1.98  -1.53     2.21
  SINCE JUN 1      1.74                      4.50  -2.76     4.05
  SINCE JAN 1      5.21                      9.11  -3.90     9.12

DEGREE DAYS
 HEATING
  YESTERDAY        0                         0      0        0
  MONTH TO DATE    0                        21    -21        1
  SINCE JUN 1     31                       141   -110       17
  SINCE JUL 1      0                        21    -21        1

 COOLING
  YESTERDAY        5                         7     -2       12
  MONTH TO DATE  270                       119    151      148
  SINCE JUN 1    360                       187    173      244
  SINCE JAN 1    383                       200    183      254
..................................................................


WIND (MPH)
  HIGHEST WIND SPEED    25   HIGHEST WIND DIRECTION    NW (310)
  HIGHEST GUST SPEED    32   HIGHEST GUST DIRECTION    NW (300)
  AVERAGE WIND SPEED    10.8


SKY COVER
  POSSIBLE SUNSHINE  MM
  AVERAGE SKY COVER 0.0


WEATHER CONDITIONS
 THE FOLLOWING WEATHER WAS RECORDED YESTERDAY.
  NO SIGNIFICANT WEATHER WAS OBSERVED.


RELATIVE HUMIDITY (PERCENT)
 HIGHEST    72           400 AM
 LOWEST     25           400 PM
 AVERAGE    49

..........................................................


THE WILLISTON ND CLIMATE NORMALS FOR TODAY
                         NORMAL    RECORD    YEAR
 MAXIMUM TEMPERATURE (F)   86       107      1980
 MINIMUM TEMPERATURE (F)   57        40      2004


SUNRISE AND SUNSET
JULY 23 2017..........SUNRISE   619 AM CDT   SUNSET   942 PM CDT
JULY 24 2017..........SUNRISE   620 AM CDT   SUNSET   941 PM CDT


-  INDICATES NEGATIVE NUMBERS.
R  INDICATES RECORD WAS SET OR TIED.
MM INDICATES DATA IS MISSING.
T  INDICATES TRACE AMOUNT.




$$
