000
CDUS43 KBIS 300743
CLIISN


CLIMATE REPORT
NATIONAL WEATHER SERVICE BISMARCK ND
243 AM CDT THU JUL 30 2015


...................................

...THE WILLISTON ND CLIMATE SUMMARY FOR JULY 29 2015...

CLIMATE NORMAL PERIOD 1981 TO 2010
CLIMATE RECORD PERIOD 1894 TO 2015


WEATHER ITEM   OBSERVED TIME   RECORD YEAR NORMAL DEPARTURE LAST
                VALUE   (LST)  VALUE       VALUE  FROM      YEAR
                                                  NORMAL
..................................................................
TEMPERATURE (F)
 YESTERDAY
  MAXIMUM         84    328 PM 103    1984  86     -2       86
  MINIMUM         58   1159 PM  40    2004  57      1       53
                                      1899
  AVERAGE         71                        72     -1       70

PRECIPITATION (IN)
  YESTERDAY        0.00          1.72 1950   0.06  -0.06     0.00
  MONTH TO DATE    1.55                      2.42  -0.87     0.56
  SINCE JUN 1      3.45                      4.94  -1.49     2.00
  SINCE JAN 1      6.95                      9.55  -2.60     6.09

SNOWFALL (IN)
  YESTERDAY       MM             0.0  2002   0.0   MM       MM
                                      2001
  MONTH TO DATE    0.0                       0.0    0.0     MM
  SINCE JUN 1      0.0                       0.0    0.0     MM
  SINCE JUL 1      0.0                       0.0    0.0     MM
  SNOW DEPTH      MM

DEGREE DAYS
 HEATING
  YESTERDAY        0                         0      0        0
  MONTH TO DATE    8                        21    -13       17
  SINCE JUN 1     62                       141    -79      127
  SINCE JUL 1      8                        21    -13       17

 COOLING
  YESTERDAY        6                         7     -1        5
  MONTH TO DATE  236                       168     68      148
  SINCE JUN 1    339                       236    103      176
  SINCE JAN 1    340                       249     91      197
..................................................................


WIND (MPH)
  HIGHEST WIND SPEED    29   HIGHEST WIND DIRECTION    NW (300)
  HIGHEST GUST SPEED    37   HIGHEST GUST DIRECTION     W (290)
  AVERAGE WIND SPEED    16.3


SKY COVER
  POSSIBLE SUNSHINE  MM
  AVERAGE SKY COVER 0.1


WEATHER CONDITIONS
 THE FOLLOWING WEATHER WAS RECORDED YESTERDAY.
  NO SIGNIFICANT WEATHER WAS OBSERVED.


RELATIVE HUMIDITY (PERCENT)
 HIGHEST    77           400 AM
 LOWEST     24           500 PM
 AVERAGE    51

..........................................................


THE WILLISTON ND CLIMATE NORMALS FOR TODAY
                         NORMAL    RECORD    YEAR
 MAXIMUM TEMPERATURE (F)   86       102      2007
                                             2000
 MINIMUM TEMPERATURE (F)   57        39      1903


SUNRISE AND SUNSET
JULY 30 2015..........SUNRISE   627 AM CDT   SUNSET   934 PM CDT
JULY 31 2015..........SUNRISE   629 AM CDT   SUNSET   932 PM CDT


-  INDICATES NEGATIVE NUMBERS.
R  INDICATES RECORD WAS SET OR TIED.
MM INDICATES DATA IS MISSING.
T  INDICATES TRACE AMOUNT.




$$
