000
CDUS43 KBIS 230737
CLIISN


CLIMATE REPORT
NATIONAL WEATHER SERVICE BISMARCK ND
237 AM CDT SAT JUL 23 2016


...................................

...THE WILLISTON ND CLIMATE SUMMARY FOR JULY 22 2016...

CLIMATE NORMAL PERIOD 1981 TO 2010
CLIMATE RECORD PERIOD 1894 TO 2016


WEATHER ITEM   OBSERVED TIME   RECORD YEAR NORMAL DEPARTURE LAST
                VALUE   (LST)  VALUE       VALUE  FROM      YEAR
                                                  NORMAL
..................................................................
TEMPERATURE (F)
 YESTERDAY
  MAXIMUM         94    354 PM 103    1988  86      8       98
  MINIMUM         59    528 AM  38    1896  57      2       63
  AVERAGE         77                        71      6       81

PRECIPITATION (IN)
  YESTERDAY        0.33          1.30 1999   0.07   0.26     0.00
  MONTH TO DATE    2.21                      1.98   0.23     1.00
  SINCE JUN 1      4.05                      4.50  -0.45     2.90
  SINCE JAN 1      9.12                      9.11   0.01     6.40

SNOWFALL (IN)
  YESTERDAY       MM
  SNOW DEPTH      MM

DEGREE DAYS
 HEATING
  YESTERDAY        0                         0      0        0
  MONTH TO DATE    1                        21    -20        3
  SINCE JUN 1     17                       141   -124       57
  SINCE JUL 1      1                        21    -20        3

 COOLING
  YESTERDAY       12                         7      5       16
  MONTH TO DATE  148                       119     29      183
  SINCE JUN 1    244                       187     57      286
  SINCE JAN 1    254                       200     54      287
..................................................................


WIND (MPH)
  HIGHEST WIND SPEED    28   HIGHEST WIND DIRECTION     S (160)
  HIGHEST GUST SPEED    41   HIGHEST GUST DIRECTION     S (160)
  AVERAGE WIND SPEED    12.1


SKY COVER
  POSSIBLE SUNSHINE  MM
  AVERAGE SKY COVER 0.0


WEATHER CONDITIONS
 THE FOLLOWING WEATHER WAS RECORDED YESTERDAY.
  THUNDERSTORM
  HEAVY RAIN
  LIGHT RAIN


RELATIVE HUMIDITY (PERCENT)
 HIGHEST    84           100 AM
 LOWEST     28           200 PM
 AVERAGE    56

..........................................................


THE WILLISTON ND CLIMATE NORMALS FOR TODAY
                         NORMAL    RECORD    YEAR
 MAXIMUM TEMPERATURE (F)   86       107      1980
 MINIMUM TEMPERATURE (F)   57        40      2004


SUNRISE AND SUNSET
JULY 23 2016..........SUNRISE   620 AM CDT   SUNSET   942 PM CDT
JULY 24 2016..........SUNRISE   621 AM CDT   SUNSET   941 PM CDT


-  INDICATES NEGATIVE NUMBERS.
R  INDICATES RECORD WAS SET OR TIED.
MM INDICATES DATA IS MISSING.
T  INDICATES TRACE AMOUNT.




$$
