000
CDUS43 KBIS 060032
CLIISN


CLIMATE REPORT
NATIONAL WEATHER SERVICE BISMARCK ND
631 PM CST THU MAR 5 2015


...................................

...THE WILLISTON ND CLIMATE SUMMARY FOR MARCH 5 2015...
VALID TODAY AS OF 0600 PM LOCAL TIME.

CLIMATE NORMAL PERIOD 1981 TO 2010
CLIMATE RECORD PERIOD 1894 TO 2015


WEATHER ITEM   OBSERVED TIME   RECORD YEAR NORMAL DEPARTURE LAST
                VALUE   (LST)  VALUE       VALUE  FROM      YEAR
                                                  NORMAL
..................................................................
TEMPERATURE (F)
 TODAY
  MAXIMUM         42        MM  70    2000  34      8       40
  MINIMUM         MM        MM -30    2003  14     MM        9
  AVERAGE         MM                        24     MM       25

PRECIPITATION (IN)
  TODAY            0.00          0.71 1944   0.02  -0.02      T
  MONTH TO DATE    0.01                      0.10  -0.09     0.11
  SINCE MAR 1      0.01                      0.10  -0.09     0.11
  SINCE JAN 1      0.95                      1.08  -0.13     0.55

SNOWFALL (IN)
  TODAY           MM

DEGREE DAYS
 HEATING
  TODAY           MM                        41     MM       40
  MONTH TO DATE  219                       209     10      305
  SINCE MAR 1    219                       209     10      305
  SINCE JUL 1   6735                      6977   -242     7254

 COOLING
  TODAY           MM                         0     MM        0
  MONTH TO DATE    0                         0      0        0
  SINCE MAR 1      0                         0      0        0
  SINCE JAN 1      0                         0      0        0
..................................................................


WIND (MPH)
  HIGHEST WIND SPEED    14   HIGHEST WIND DIRECTION     W (260)
  HIGHEST GUST SPEED    MM   HIGHEST GUST DIRECTION    MM
  AVERAGE WIND SPEED     8.3


SKY COVER
  POSSIBLE SUNSHINE   0 PERCENT
  AVERAGE SKY COVER 0.0


WEATHER CONDITIONS
 THE FOLLOWING WEATHER WAS RECORDED TODAY.
  NO SIGNIFICANT WEATHER WAS OBSERVED.


RELATIVE HUMIDITY (PERCENT)
 HIGHEST    MM
 LOWEST     MM
 AVERAGE    MM

..........................................................


THE WILLISTON ND CLIMATE NORMALS FOR TOMORROW
                         NORMAL    RECORD    YEAR
 MAXIMUM TEMPERATURE (F)   35        69      1987
 MINIMUM TEMPERATURE (F)   14       -24      1996


SUNRISE AND SUNSET
MARCH  5 2015.........SUNRISE   728 AM CST   SUNSET   645 PM CST
MARCH  6 2015.........SUNRISE   726 AM CST   SUNSET   646 PM CST


-  INDICATES NEGATIVE NUMBERS.
R  INDICATES RECORD WAS SET OR TIED.
MM INDICATES DATA IS MISSING.
T  INDICATES TRACE AMOUNT.




$$
