000
CDUS43 KBIS 210731
CLIISN


CLIMATE REPORT
NATIONAL WEATHER SERVICE BISMARCK ND
130 AM CST WED FEB 21 2018


...................................

...THE WILLISTON ND CLIMATE SUMMARY FOR FEBRUARY 20 2018...

CLIMATE NORMAL PERIOD 1981 TO 2010
CLIMATE RECORD PERIOD 1894 TO 2018


WEATHER ITEM   OBSERVED TIME   RECORD YEAR NORMAL DEPARTURE LAST
                VALUE   (LST)  VALUE       VALUE  FROM      YEAR
                                                  NORMAL
..................................................................
TEMPERATURE (F)
 YESTERDAY
  MAXIMUM          6    338 PM  56    1930  29    -23       48
  MINIMUM         -7   1159 PM -33    1918   8    -15       31
  AVERAGE          0                        19    -19       40

PRECIPITATION (IN)
  YESTERDAY        0.01          0.19 1969   0.02  -0.01      T
  MONTH TO DATE    0.38                      0.26   0.12     0.41
  SINCE DEC 1      1.11                      1.47  -0.36     1.81
  SINCE JAN 1      0.57                      0.85  -0.28     0.85

DEGREE DAYS
 HEATING
  YESTERDAY       65                        46     19       25
  MONTH TO DATE 1283                       989    294      895
  SINCE DEC 1   4406                      4248    158     4081
  SINCE JUL 1   6420                      6410     10     5660

 COOLING
  YESTERDAY        0                         0      0        0
  MONTH TO DATE    0                         0      0        0
  SINCE DEC 1      0                         0      0        0
  SINCE JAN 1      0                         0      0        0
..................................................................


WIND (MPH)
  HIGHEST WIND SPEED    22   HIGHEST WIND DIRECTION     W (250)
  HIGHEST GUST SPEED    27   HIGHEST GUST DIRECTION    SW (240)
  AVERAGE WIND SPEED    11.4


SKY COVER
  POSSIBLE SUNSHINE  MM
  AVERAGE SKY COVER 0.6


WEATHER CONDITIONS
 THE FOLLOWING WEATHER WAS RECORDED YESTERDAY.
  LIGHT SNOW
  FOG
  HAZE


RELATIVE HUMIDITY (PERCENT)
 HIGHEST    87           300 AM
 LOWEST     65           800 PM
 AVERAGE    76

..........................................................


THE WILLISTON ND CLIMATE NORMALS FOR TODAY
                         NORMAL    RECORD    YEAR
 MAXIMUM TEMPERATURE (F)   29        58      1984
 MINIMUM TEMPERATURE (F)    9       -29      1918


SUNRISE AND SUNSET
FEBRUARY 21 2018......SUNRISE   751 AM CST   SUNSET   626 PM CST
FEBRUARY 22 2018......SUNRISE   749 AM CST   SUNSET   628 PM CST


-  INDICATES NEGATIVE NUMBERS.
R  INDICATES RECORD WAS SET OR TIED.
MM INDICATES DATA IS MISSING.
T  INDICATES TRACE AMOUNT.




$$
