000
CDUS41 KOKX 060639
CLIISP


CLIMATE REPORT
NATIONAL WEATHER SERVICE NEW YORK NY
239 AM EDT FRI MAY 6 2016


...................................

...THE ISLIP NY CLIMATE SUMMARY FOR MAY 5 2016...

CLIMATE NORMAL PERIOD 1981 TO 2010
CLIMATE RECORD PERIOD 1986 TO 2016


WEATHER ITEM   OBSERVED TIME   RECORD YEAR NORMAL DEPARTURE LAST
                VALUE   (LST)  VALUE       VALUE  FROM      YEAR
                                                  NORMAL
..................................................................
TEMPERATURE (F)
 YESTERDAY
  MAXIMUM         53    405 PM  84    2000  64    -11       79
  MINIMUM         45    536 AM  36    2005  46     -1       55
                                      1997
  AVERAGE         49                        55     -6       67

PRECIPITATION (IN)
  YESTERDAY        T             0.46 1990   0.13  -0.13     0.00
  MONTH TO DATE    1.14                      0.59   0.55     0.00
  SINCE MAR 1      6.25                      9.37  -3.12     6.73
  SINCE JAN 1     14.72                     16.27  -1.55    14.67

SNOWFALL (IN)
  YESTERDAY        0.0          MM      MM   0.0    0.0      0.0
  MONTH TO DATE    0.0                       0.0    0.0      0.0
  SINCE OCT 1     41.4                      24.8   16.6     63.7
  SINCE JUL 1     41.4                      24.8   16.6     63.7
  SNOW DEPTH       0

DEGREE DAYS
 HEATING
  YESTERDAY       16                        10      6        0
  MONTH TO DATE   79                        53     26       41
  SINCE MAR 1   1135                      1329   -194     1420
  SINCE JUL 1   4217                      5224  -1007     5440

 COOLING
  YESTERDAY        0                         0      0        2
  MONTH TO DATE    0                         0      0        2
  SINCE MAR 1      0                         2     -2        2
  SINCE JAN 1      0                         2     -2        2
..................................................................


WIND (MPH)
  HIGHEST WIND SPEED    25   HIGHEST WIND DIRECTION    NE (30)
  HIGHEST GUST SPEED    33   HIGHEST GUST DIRECTION     N (10)
  AVERAGE WIND SPEED    15.7


SKY COVER
  AVERAGE SKY COVER 1.0


WEATHER CONDITIONS
 THE FOLLOWING WEATHER WAS RECORDED YESTERDAY.
  LIGHT RAIN
  HAZE


RELATIVE HUMIDITY (PERCENT)
 HIGHEST    92          1200 AM
 LOWEST     66           100 PM
 AVERAGE    79

..........................................................


THE ISLIP NY CLIMATE NORMALS FOR TODAY
                         NORMAL    RECORD    YEAR
 MAXIMUM TEMPERATURE (F)   65        88      1986
 MINIMUM TEMPERATURE (F)   47        37      1992


SUNRISE AND SUNSET
MAY  6 2016...........SUNRISE   544 AM EDT   SUNSET   754 PM EDT
MAY  7 2016...........SUNRISE   543 AM EDT   SUNSET   755 PM EDT


-  INDICATES NEGATIVE NUMBERS.
R  INDICATES RECORD WAS SET OR TIED.
MM INDICATES DATA IS MISSING.
T  INDICATES TRACE AMOUNT.




$$
