942
CDUS41 KOKX 120619
CLIISP


CLIMATE REPORT
NATIONAL WEATHER SERVICE NEW YORK NY
119 AM EST FRI FEB 12 2016


...................................

...THE ISLIP NY CLIMATE SUMMARY FOR FEBRUARY 11 2016...

CLIMATE NORMAL PERIOD 1981 TO 2010
CLIMATE RECORD PERIOD 1986 TO 2016


WEATHER ITEM   OBSERVED TIME   RECORD YEAR NORMAL DEPARTURE LAST
                VALUE   (LST)  VALUE       VALUE  FROM      YEAR
                                                  NORMAL
..................................................................
TEMPERATURE (F)
 YESTERDAY
  MAXIMUM         31    200 AM  58    2009  40     -9       30
  MINIMUM         17   1159 PM   9    2014  25     -8       20
                                      2011
  AVERAGE         24                        32     -8       25

PRECIPITATION (IN)
  YESTERDAY        T             1.05 1994   0.11  -0.11     0.00
  MONTH TO DATE    1.89                      1.19   0.70     1.48
  SINCE DEC 1     11.69                      8.89   2.80    12.85
  SINCE JAN 1      6.36                      4.83   1.53     6.73

SNOWFALL (IN)
  YESTERDAY        T             7.0  1994   0.2   -0.2      0.0
  MONTH TO DATE   12.3                       2.6    9.7      5.8
  SINCE OCT 1     37.1                      15.2   21.9     36.4
  SINCE JUL 1     37.1                      15.2   21.9     36.4
  SNOW DEPTH       5

DEGREE DAYS
 HEATING
  YESTERDAY       41                        33      8       40
  MONTH TO DATE  320                       369    -49      445
  SINCE DEC 1   1805                      2345   -540     2344
  SINCE JUL 1   2557                      3361   -804     3257

 COOLING
  YESTERDAY        0                         0      0        0
  MONTH TO DATE    0                         0      0        0
  SINCE DEC 1      0                         0      0        0
  SINCE JAN 1      0                         0      0        0
..................................................................


WIND (MPH)
  HIGHEST WIND SPEED    32   HIGHEST WIND DIRECTION     W (290)
  HIGHEST GUST SPEED    41   HIGHEST GUST DIRECTION     W (290)
  AVERAGE WIND SPEED    18.8


SKY COVER
  AVERAGE SKY COVER 0.6


WEATHER CONDITIONS
 THE FOLLOWING WEATHER WAS RECORDED YESTERDAY.
  LIGHT SNOW
  HAZE


RELATIVE HUMIDITY (PERCENT)
 HIGHEST    68           400 AM
 LOWEST     33           200 PM
 AVERAGE    51

..........................................................


THE ISLIP NY CLIMATE NORMALS FOR TODAY
                         NORMAL    RECORD    YEAR
 MAXIMUM TEMPERATURE (F)   40        55      1984
 MINIMUM TEMPERATURE (F)   25        10      2014
                                             1992


SUNRISE AND SUNSET
FEBRUARY 12 2016......SUNRISE   651 AM EST   SUNSET   523 PM EST
FEBRUARY 13 2016......SUNRISE   650 AM EST   SUNSET   524 PM EST


-  INDICATES NEGATIVE NUMBERS.
R  INDICATES RECORD WAS SET OR TIED.
MM INDICATES DATA IS MISSING.
T  INDICATES TRACE AMOUNT.




$$
