000
CDCA42 TJSJ 220506
CLIISX


CLIMATE REPORT
NATIONAL WEATHER SERVICE SAN JUAN, PR
105 AM AST FRI AUG 22 2014


...................................

...THE HENRY E. ROHLSEN AIRPORT/USVI CLIMATE SUMMARY FOR AUGUST 21 2014...

CLIMATE NORMAL PERIOD 1981 TO 2010
CLIMATE RECORD PERIOD 1951 TO 2014


WEATHER ITEM   OBSERVED TIME   RECORD YEAR NORMAL DEPARTURE LAST
                VALUE   (LST)  VALUE       VALUE  FROM      YEAR
                                                  NORMAL
..................................................................
TEMPERATURE (F)
 YESTERDAY
  MAXIMUM         91    116 PM  92    1995  89      2       90
  MINIMUM         79    928 PM  70    1980  78      1       78
  AVERAGE         85                        84      1       84

PRECIPITATION (IN)
  YESTERDAY        0.02          2.65 2011   0.10  -0.08      T
  MONTH TO DATE    1.77                      2.02  -0.25     4.43
  SINCE JUN 1      3.14                      7.37  -4.23    11.03
  SINCE JAN 1     16.30                     19.00  -2.70    21.52

SNOWFALL (IN)
  YESTERDAY       MM
  MONTH TO DATE    0.0
  SINCE JUN 1      0.0
  SINCE JUL 1      0.0

DEGREE DAYS
 HEATING
  YESTERDAY        0                         0      0        0
  MONTH TO DATE    0                         0      0        0
  SINCE JUN 1      0                         0      0        0
  SINCE JUL 1      0                         0      0        0

 COOLING
  YESTERDAY       20                        19      1       19
  MONTH TO DATE  402                       399      3      405
  SINCE JUN 1   1580                      1516     64     1410
  SINCE JAN 1   3832                      3669    163     3469
..................................................................


WIND (MPH)
  RESULTANT WIND SPEED  11   RESULTANT WIND DIRECTION  NE (50)
  HIGHEST WIND SPEED    20   HIGHEST WIND DIRECTION    NE (50)
  HIGHEST GUST SPEED    31   HIGHEST GUST DIRECTION     E (70)
  AVERAGE WIND SPEED    10.9


SKY COVER
  POSSIBLE SUNSHINE  MM
  AVERAGE SKY COVER 0.3


WEATHER CONDITIONS
 THE FOLLOWING WEATHER WAS RECORDED YESTERDAY.
  RAIN
  LIGHT RAIN
  FOG


RELATIVE HUMIDITY (PERCENT)
 HIGHEST    85
 LOWEST     64
 AVERAGE    75

..........................................................


THE HENRY E. ROHLSEN AIRPORT/USVI CLIMATE NORMALS FOR TODAY
                         NORMAL    RECORD    YEAR
 MAXIMUM TEMPERATURE (F)   89        93      1995
 MINIMUM TEMPERATURE (F)   78        70      1980


SUNRISE AND SUNSET
AUGUST 22 2014........SUNRISE   603 AM AST   SUNSET   641 PM AST
AUGUST 23 2014........SUNRISE   604 AM AST   SUNSET   640 PM AST


-  INDICATES NEGATIVE NUMBERS.
R  INDICATES RECORD WAS SET OR TIED.
MM INDICATES DATA IS MISSING.
T  INDICATES TRACE AMOUNT.




$$
