000
CDCA42 TJSJ 240436
CLIISX


CLIMATE REPORT
NATIONAL WEATHER SERVICE SAN JUAN, PR
1233 AM AST SUN MAY 24 2015


...................................

...THE HENRY E. ROHLSEN AP/ST CROIX CLIMATE SUMMARY FOR MAY 23 2015...

CLIMATE NORMAL PERIOD 1981 TO 2010
CLIMATE RECORD PERIOD 1951 TO 2015


WEATHER ITEM   OBSERVED TIME   RECORD YEAR NORMAL DEPARTURE LAST
                VALUE   (LST)  VALUE       VALUE  FROM      YEAR
                                                  NORMAL
..................................................................
TEMPERATURE (F)
 YESTERDAY
  MAXIMUM         90    122 PM  92    1994  87      3       88
  MINIMUM         79   1159 PM  MM    MMMM  77      2       78
  AVERAGE         85                        82      3       83

PRECIPITATION (IN)
  YESTERDAY        T             0.96 1984   0.13  -0.13     0.00
  MONTH TO DATE    0.37                      3.22  -2.85     5.41
  SINCE MAR 1      1.72                      6.91  -5.19    10.89
  SINCE JAN 1      4.68                     10.70  -6.02    13.05

SNOWFALL (IN)
  YESTERDAY        0.0                       0.0    0.0      0.0
  MONTH TO DATE    0.0                       0.0    0.0      0.0
  SINCE MAR 1      0.0                       0.0    0.0      0.0
  SINCE JUL 1      0.0                       0.0    0.0      0.0

DEGREE DAYS
 HEATING
  YESTERDAY        0                         0      0        0
  MONTH TO DATE    0                         0      0        0
  SINCE MAR 1      0                         0      0        0
  SINCE JUL 1      0                         0      0        0

 COOLING
  YESTERDAY       20                        17      3       18
  MONTH TO DATE  413                       373     40      366
  SINCE MAR 1   1312                      1241     71     1266
  SINCE JAN 1   2115                      2018     97     2115
..................................................................


WIND (MPH)
  HIGHEST WIND SPEED    24   HIGHEST WIND DIRECTION     E (100)
  HIGHEST GUST SPEED    29   HIGHEST GUST DIRECTION    SE (120)
  AVERAGE WIND SPEED    14.5


SKY COVER
  AVERAGE SKY COVER 0.4


WEATHER CONDITIONS
 THE FOLLOWING WEATHER WAS RECORDED YESTERDAY.
  LIGHT RAIN


RELATIVE HUMIDITY (PERCENT)
 HIGHEST    85
 LOWEST     56
 AVERAGE    71

..........................................................


THE HENRY E. ROHLSEN AP/ST CROIX CLIMATE NORMALS FOR TODAY
                         NORMAL    RECORD    YEAR
 MAXIMUM TEMPERATURE (F)   87        92      1972
 MINIMUM TEMPERATURE (F)   77        63      2007


SUNRISE AND SUNSET
MAY 24 2015...........SUNRISE   544 AM AST   SUNSET   648 PM AST
MAY 25 2015...........SUNRISE   544 AM AST   SUNSET   648 PM AST


-  INDICATES NEGATIVE NUMBERS.
R  INDICATES RECORD WAS SET OR TIED.
MM INDICATES DATA IS MISSING.
T  INDICATES TRACE AMOUNT.




$$
