000
CDCA42 TJSJ 202145
CLIISX


CLIMATE REPORT
NATIONAL WEATHER SERVICE SAN JUAN, PR
545 PM AST WED SEP 20 2017


...................................

...THE HENRY E. ROHLSEN AP/ST CROIX CLIMATE SUMMARY FOR SEPTEMBER 20 2017...
VALID TODAY AS OF 0500 PM LOCAL TIME.

CLIMATE NORMAL PERIOD 1981 TO 2010
CLIMATE RECORD PERIOD 1951 TO 2017


WEATHER ITEM   OBSERVED TIME   RECORD YEAR NORMAL DEPARTURE LAST
                VALUE   (LST)  VALUE       VALUE  FROM      YEAR
                                                  NORMAL
..................................................................
TEMPERATURE (F)
 TODAY
  MAXIMUM         74   1200 AM  94    1972  89    -15       87
  MINIMUM         74   1200 AM  72    1979  77     -3       75
  AVERAGE         74                        83     -9       81

PRECIPITATION (IN)
  TODAY           MM             1.23 2005   0.16  MM        0.26
  MONTH TO DATE   11.04                      3.20   7.84     3.36
  SINCE SEP 1     11.04                      3.20   7.84     3.36
  SINCE JAN 1     37.61                     23.33  14.28    21.42

SNOWFALL (IN)
  TODAY            0.0                       0.0    0.0      0.0
  MONTH TO DATE    0.0                       0.0    0.0      0.0
  SINCE SEP 1      0.0                       0.0    0.0      0.0
  SINCE JUL 1      0.0                       0.0    0.0      0.0

DEGREE DAYS
 HEATING
  TODAY            0                         0      0        0
  MONTH TO DATE    0                         0      0        0
  SINCE SEP 1      0                         0      0        0
  SINCE JUL 1      0                         0      0        0

 COOLING
  TODAY            9                        18     -9       16
  MONTH TO DATE  307                       366    -59      369
  SINCE SEP 1    307                       366    -59      369
  SINCE JAN 1   4099                      4219   -120     4499
..................................................................


WIND (MPH)
  HIGHEST WIND SPEED    MM   HIGHEST WIND DIRECTION    MM
  HIGHEST GUST SPEED    MM   HIGHEST GUST DIRECTION    MM
  AVERAGE WIND SPEED    MM


SKY COVER
  AVERAGE SKY COVER 0.0


WEATHER CONDITIONS
 THE FOLLOWING WEATHER WAS RECORDED TODAY.
  NO SIGNIFICANT WEATHER WAS OBSERVED.


RELATIVE HUMIDITY (PERCENT)
 HIGHEST    MM
 LOWEST     MM
 AVERAGE    MM

..........................................................


THE HENRY E. ROHLSEN AP/ST CROIX CLIMATE NORMALS FOR TOMORROW
                         NORMAL    RECORD    YEAR
 MAXIMUM TEMPERATURE (F)   89        94      1972
 MINIMUM TEMPERATURE (F)   77        70      1951


SUNRISE AND SUNSET
SEPTEMBER 20 2017.....SUNRISE   608 AM AST   SUNSET   617 PM AST
SEPTEMBER 21 2017.....SUNRISE   608 AM AST   SUNSET   616 PM AST


-  INDICATES NEGATIVE NUMBERS.
R  INDICATES RECORD WAS SET OR TIED.
MM INDICATES DATA IS MISSING.
T  INDICATES TRACE AMOUNT.




$$
