000
CDHW43 PHFO 130235
CLIITO


CLIMATE REPORT
NATIONAL WEATHER SERVICE HONOLULU HI
425 PM HST SAT JUL 12 2014


...................................

...THE HILO HI CLIMATE SUMMARY FOR JULY 12 2014...
VALID TODAY AS OF 0400 PM LOCAL TIME.

CLIMATE NORMAL PERIOD 1981 TO 2010
CLIMATE RECORD PERIOD 1946 TO 2014


WEATHER ITEM   OBSERVED TIME   RECORD YEAR NORMAL DEPARTURE LAST
                VALUE   (LST)  VALUE       VALUE  FROM      YEAR
                                                  NORMAL
..................................................................
TEMPERATURE (F)
 TODAY
  MAXIMUM         83    200 PM  88    1965  83      0       84
  MINIMUM         67    514 AM  64    1974  69     -2       70
                                      1955
  AVERAGE         75                        76     -1       77

PRECIPITATION (IN)
  TODAY            0.00          1.35 2005   0.34  -0.34     0.15
  MONTH TO DATE    1.85                      3.87  -2.02     1.34
  SINCE JUN 1      8.42                     11.24  -2.82     5.85
  SINCE JAN 1     56.16                     63.15  -6.99    52.89

SNOWFALL (IN)
  TODAY            0.0
  MONTH TO DATE    0.0
  SINCE JUN 1      0.0
  SINCE JUL 1      0.0
  SNOW DEPTH       0

DEGREE DAYS
 HEATING
  TODAY            0                         0      0        0
  MONTH TO DATE    0                         0      0        0
  SINCE JUN 1      0                         0      0        0
  SINCE JUL 1      0                         0      0        0

 COOLING
  TODAY           10                        11     -1       12
  MONTH TO DATE  113                       132    -19      148
  SINCE JUN 1    379                       438    -59      469
  SINCE JAN 1   1635                      1506    129     1622
..................................................................


WIND (MPH)
  HIGHEST WIND SPEED    18   HIGHEST WIND DIRECTION     E (90)
  HIGHEST GUST SPEED    24   HIGHEST GUST DIRECTION     E (70)
  AVERAGE WIND SPEED     6.7


SKY COVER
  POSSIBLE SUNSHINE  MM
  AVERAGE SKY COVER 0.7


WEATHER CONDITIONS
 THE FOLLOWING WEATHER WAS RECORDED TODAY.
  NO SIGNIFICANT WEATHER WAS OBSERVED.


RELATIVE HUMIDITY (PERCENT)
 HIGHEST   100           500 AM
 LOWEST     62          1100 AM
 AVERAGE    81

..........................................................


THE HILO HI CLIMATE NORMALS FOR TOMORROW
                         NORMAL    RECORD    YEAR
 MAXIMUM TEMPERATURE (F)   83        89      1980
 MINIMUM TEMPERATURE (F)   69        64      1970
                                             1956


SUNRISE AND SUNSET
JULY 12 2014..........SUNRISE   549 AM HST   SUNSET   703 PM HST
JULY 13 2014..........SUNRISE   549 AM HST   SUNSET   703 PM HST


-  INDICATES NEGATIVE NUMBERS.
R  INDICATES RECORD WAS SET OR TIED.
MM INDICATES DATA IS MISSING.
T  INDICATES TRACE AMOUNT.




$$
