000
CDHW43 PHFO 040242
CLIITO


CLIMATE REPORT
NATIONAL WEATHER SERVICE HONOLULU HI
436 PM HST SAT DEC 3 2016


...................................

...THE HILO HI CLIMATE SUMMARY FOR DECEMBER 3 2016...
VALID TODAY AS OF 0400 PM LOCAL TIME.

CLIMATE NORMAL PERIOD 1981 TO 2010
CLIMATE RECORD PERIOD 1946 TO 2016


WEATHER ITEM   OBSERVED TIME   RECORD YEAR NORMAL DEPARTURE LAST
                VALUE   (LST)  VALUE       VALUE  FROM      YEAR
                                                  NORMAL
..................................................................
TEMPERATURE (F)
 TODAY
  MAXIMUM         77    318 PM  87    1977  80     -3       84
                                      1966
  MINIMUM         67    551 AM  59    1956  66      1       66
  AVERAGE         72                        73     -1       75

PRECIPITATION (IN)
  TODAY            1.20          2.03 2001   0.40   0.80     0.05
  MONTH TO DATE    9.48                      1.24   8.24     0.30
  SINCE DEC 1      9.48                      1.24   8.24     0.30
  SINCE JAN 1    117.48                    116.39   1.09   131.33

SNOWFALL (IN)
  TODAY            0.0
  MONTH TO DATE    0.0
  SINCE DEC 1      0.0
  SINCE JUL 1      0.0
  SNOW DEPTH       0

DEGREE DAYS
 HEATING
  TODAY            0                         0      0        0
  MONTH TO DATE    0                         0      0        0
  SINCE DEC 1      0                         0      0        0
  SINCE JUL 1      0                         0      0        0

 COOLING
  TODAY            7                         8     -1       10
  MONTH TO DATE   17                        24     -7       32
  SINCE DEC 1     17                        24     -7       32
  SINCE JAN 1   3778                      3031    747     3702
..................................................................


WIND (MPH)
  HIGHEST WIND SPEED    14   HIGHEST WIND DIRECTION     W (270)
  HIGHEST GUST SPEED    16   HIGHEST GUST DIRECTION     W (250)
  AVERAGE WIND SPEED     5.5


SKY COVER
  POSSIBLE SUNSHINE  MM
  AVERAGE SKY COVER 0.9


WEATHER CONDITIONS
 THE FOLLOWING WEATHER WAS RECORDED TODAY.
  HEAVY RAIN
  RAIN
  LIGHT RAIN
  FOG


RELATIVE HUMIDITY (PERCENT)
 HIGHEST   100           500 AM
 LOWEST     87           300 PM
 AVERAGE    94

..........................................................


THE HILO HI CLIMATE NORMALS FOR TOMORROW
                         NORMAL    RECORD    YEAR
 MAXIMUM TEMPERATURE (F)   80        88      1966
 MINIMUM TEMPERATURE (F)   66        59      1954


SUNRISE AND SUNSET
DECEMBER  3 2016......SUNRISE   640 AM HST   SUNSET   541 PM HST
DECEMBER  4 2016......SUNRISE   641 AM HST   SUNSET   541 PM HST


-  INDICATES NEGATIVE NUMBERS.
R  INDICATES RECORD WAS SET OR TIED.
MM INDICATES DATA IS MISSING.
T  INDICATES TRACE AMOUNT.




$$
