000
CDHW43 PHFO 280226
CLIITO


CLIMATE REPORT
NATIONAL WEATHER SERVICE HONOLULU HI
425 PM HST THU NOV 27 2014


...................................

...THE HILO HI CLIMATE SUMMARY FOR NOVEMBER 27 2014...
VALID TODAY AS OF 0400 PM LOCAL TIME.

CLIMATE NORMAL PERIOD 1981 TO 2010
CLIMATE RECORD PERIOD 1946 TO 2014


WEATHER ITEM   OBSERVED TIME   RECORD YEAR NORMAL DEPARTURE LAST
                VALUE   (LST)  VALUE       VALUE  FROM      YEAR
                                                  NORMAL
..................................................................
TEMPERATURE (F)
 TODAY
  MAXIMUM         79   1209 PM  88    2013  80     -1       88
  MINIMUM         69    620 AM  59    1985  67      2       71
  AVERAGE         74                        73      1       80

PRECIPITATION (IN)
  TODAY            0.02          6.80 2001   0.49  -0.47      T
  MONTH TO DATE    7.69                     14.09  -6.40     6.39
  SINCE SEP 1     26.69                     33.80  -7.11    16.83
  SINCE JAN 1    107.80                    113.74  -5.94    81.71

SNOWFALL (IN)
  TODAY            0.0
  MONTH TO DATE    0.0
  SINCE SEP 1      0.0
  SINCE JUL 1      0.0
  SNOW DEPTH       0

DEGREE DAYS
 HEATING
  TODAY            0                         0      0        0
  MONTH TO DATE    0                         0      0        0
  SINCE SEP 1      0                         0      0        0
  SINCE JUL 1      0                         0      0        0

 COOLING
  TODAY            9                         8      1       15
  MONTH TO DATE  255                       247      8      284
  SINCE SEP 1   1104                       910    194     1043
  SINCE JAN 1   3381                      2982    399     3256
..................................................................


WIND (MPH)
  HIGHEST WIND SPEED    15   HIGHEST WIND DIRECTION    NE (30)
  HIGHEST GUST SPEED    21   HIGHEST GUST DIRECTION    NE (40)
  AVERAGE WIND SPEED     7.7


SKY COVER
  POSSIBLE SUNSHINE  MM
  AVERAGE SKY COVER 0.8


WEATHER CONDITIONS
 THE FOLLOWING WEATHER WAS RECORDED TODAY.
  LIGHT RAIN
  FOG


RELATIVE HUMIDITY (PERCENT)
 HIGHEST    90          1200 AM
 LOWEST     67          1200 PM
 AVERAGE    79

..........................................................


THE HILO HI CLIMATE NORMALS FOR TOMORROW
                         NORMAL    RECORD    YEAR
 MAXIMUM TEMPERATURE (F)   80        86      2005
                                             1970
 MINIMUM TEMPERATURE (F)   66        58      1985


SUNRISE AND SUNSET
NOVEMBER 27 2014......SUNRISE   636 AM HST   SUNSET   540 PM HST
NOVEMBER 28 2014......SUNRISE   637 AM HST   SUNSET   540 PM HST


-  INDICATES NEGATIVE NUMBERS.
R  INDICATES RECORD WAS SET OR TIED.
MM INDICATES DATA IS MISSING.
T  INDICATES TRACE AMOUNT.




$$
