000
CDHW43 PHFO 271245
CLIITO


CLIMATE REPORT
NATIONAL WEATHER SERVICE HONOLULU HI
245 AM HST FRI MAY 27 2016


...................................

...THE HILO HI CLIMATE SUMMARY FOR MAY 26 2016...

CLIMATE NORMAL PERIOD 1981 TO 2010
CLIMATE RECORD PERIOD 1946 TO 2016


WEATHER ITEM   OBSERVED TIME   RECORD YEAR NORMAL DEPARTURE LAST
                VALUE   (LST)  VALUE       VALUE  FROM      YEAR
                                                  NORMAL
..................................................................
TEMPERATURE (F)
 YESTERDAY
  MAXIMUM         84    138 PM  88    2003  81      3       76
  MINIMUM         69    607 AM  60    2003  68      1       68
  AVERAGE         77                        74      3       72

PRECIPITATION (IN)
  YESTERDAY        T             6.40 1970   0.21  -0.21      T
  MONTH TO DATE    4.61                      7.08  -2.47     6.90
  SINCE MAR 1     19.07                     32.05 -12.98    30.13
  SINCE JAN 1     23.64                     50.87 -27.23    38.22

SNOWFALL (IN)
  YESTERDAY        0.0
  MONTH TO DATE    0.0
  SINCE MAR 1      0.0
  SINCE JUL 1      0.0
  SNOW DEPTH       0

DEGREE DAYS
 HEATING
  YESTERDAY        0                         0      0        0
  MONTH TO DATE    0                         0      0        0
  SINCE MAR 1      0                         0      0        0
  SINCE JUL 1      0                         0      0        0

 COOLING
  YESTERDAY       12                         9      3        7
  MONTH TO DATE  299                       222     77      220
  SINCE MAR 1    925                       649    276      748
  SINCE JAN 1   1489                      1019    470     1274
..................................................................


WIND (MPH)
  HIGHEST WIND SPEED    16   HIGHEST WIND DIRECTION     E (90)
  HIGHEST GUST SPEED    22   HIGHEST GUST DIRECTION     E (100)
  AVERAGE WIND SPEED     6.0


SKY COVER
  POSSIBLE SUNSHINE  MM
  AVERAGE SKY COVER 0.6


WEATHER CONDITIONS
 THE FOLLOWING WEATHER WAS RECORDED YESTERDAY.
  NO SIGNIFICANT WEATHER WAS OBSERVED.


RELATIVE HUMIDITY (PERCENT)
 HIGHEST    90          1200 AM
 LOWEST     59           100 PM
 AVERAGE    75

..........................................................


THE HILO HI CLIMATE NORMALS FOR TODAY
                         NORMAL    RECORD    YEAR
 MAXIMUM TEMPERATURE (F)   81        88      1992
 MINIMUM TEMPERATURE (F)   68        61      2003


SUNRISE AND SUNSET
MAY 27 2016...........SUNRISE   541 AM HST   SUNSET   654 PM HST
MAY 28 2016...........SUNRISE   541 AM HST   SUNSET   654 PM HST


-  INDICATES NEGATIVE NUMBERS.
R  INDICATES RECORD WAS SET OR TIED.
MM INDICATES DATA IS MISSING.
T  INDICATES TRACE AMOUNT.




$$
