000
CDHW43 PHFO 011245
CLIITO


CLIMATE REPORT
NATIONAL WEATHER SERVICE HONOLULU HI
245 AM HST WED JUL 1 2015


...................................

...THE HILO HI CLIMATE SUMMARY FOR JUNE 30 2015...

CLIMATE NORMAL PERIOD 1981 TO 2010
CLIMATE RECORD PERIOD 1946 TO 2015


WEATHER ITEM   OBSERVED TIME   RECORD YEAR NORMAL DEPARTURE LAST
                VALUE   (LST)  VALUE       VALUE  FROM      YEAR
                                                  NORMAL
..................................................................
TEMPERATURE (F)
 YESTERDAY
  MAXIMUM         88R   113 PM  88    1980  83      5       82
  MINIMUM         71    534 AM  64    2009  69      2       69
                                      1999
                                      1993
  AVERAGE         80                        76      4       76

PRECIPITATION (IN)
  YESTERDAY        T             1.16 1966   0.29  -0.29     0.04
  MONTH TO DATE    5.23                      7.37  -2.14     6.57
  SINCE JUN 1      5.23                      7.37  -2.14     6.57
  SINCE JAN 1     44.30                     59.28 -14.98    54.31

SNOWFALL (IN)
  YESTERDAY        0.0
  MONTH TO DATE    0.0
  SINCE JUN 1      0.0
  SINCE JUL 1      0.0
  SNOW DEPTH       0

DEGREE DAYS
 HEATING
  YESTERDAY        0                         0      0        0
  MONTH TO DATE    0                         0      0        0
  SINCE JUN 1      0                         0      0        0
  SINCE JUL 1      0                         0      0        0

 COOLING
  YESTERDAY       15                        11      4       11
  MONTH TO DATE  361                       306     55      266
  SINCE JUN 1    361                       306     55      266
  SINCE JAN 1   1688                      1374    314     1522
..................................................................


WIND (MPH)
  HIGHEST WIND SPEED    15   HIGHEST WIND DIRECTION     E (100)
  HIGHEST GUST SPEED    17   HIGHEST GUST DIRECTION     E (100)
  AVERAGE WIND SPEED     5.6


SKY COVER
  POSSIBLE SUNSHINE  MM
  AVERAGE SKY COVER 0.6


WEATHER CONDITIONS
 THE FOLLOWING WEATHER WAS RECORDED YESTERDAY.
  LIGHT RAIN
  HAZE


RELATIVE HUMIDITY (PERCENT)
 HIGHEST    94          1000 PM
 LOWEST     58           800 AM
 AVERAGE    76

..........................................................


THE HILO HI CLIMATE NORMALS FOR TODAY
                         NORMAL    RECORD    YEAR
 MAXIMUM TEMPERATURE (F)   83        89      2008
 MINIMUM TEMPERATURE (F)   69        64      1999
                                             1993
                                             1962


SUNRISE AND SUNSET
JULY  1 2015..........SUNRISE   545 AM HST   SUNSET   703 PM HST
JULY  2 2015..........SUNRISE   545 AM HST   SUNSET   703 PM HST


-  INDICATES NEGATIVE NUMBERS.
R  INDICATES RECORD WAS SET OR TIED.
MM INDICATES DATA IS MISSING.
T  INDICATES TRACE AMOUNT.




$$
