000
CDHW43 PHFO 290252
CLIITO


CLIMATE REPORT
NATIONAL WEATHER SERVICE HONOLULU HI
442 PM HST WED SEP 28 2016


...................................

...THE HILO HI CLIMATE SUMMARY FOR SEPTEMBER 28 2016...
VALID TODAY AS OF 0400 PM LOCAL TIME.

CLIMATE NORMAL PERIOD 1981 TO 2010
CLIMATE RECORD PERIOD 1946 TO 2016


WEATHER ITEM   OBSERVED TIME   RECORD YEAR NORMAL DEPARTURE LAST
                VALUE   (LST)  VALUE       VALUE  FROM      YEAR
                                                  NORMAL
..................................................................
TEMPERATURE (F)
 TODAY
  MAXIMUM         86    121 PM  88    1993  83      3       84
                                      1966
  MINIMUM         69    645 AM  64    1956  69      0       71
  AVERAGE         78                        76      2       78

PRECIPITATION (IN)
  TODAY            0.01          1.78 1986   0.34  -0.33     0.37
  MONTH TO DATE    9.91                      9.27   0.64    24.79
  SINCE SEP 1      9.91                      9.27   0.64    24.79
  SINCE JAN 1     78.00                     89.21 -11.21    91.89

SNOWFALL (IN)
  TODAY            0.0
  MONTH TO DATE    0.0
  SINCE SEP 1      0.0
  SINCE JUL 1      0.0
  SNOW DEPTH       0

DEGREE DAYS
 HEATING
  TODAY            0                         0      0        0
  MONTH TO DATE    0                         0      0        0
  SINCE SEP 1      0                         0      0        0
  SINCE JUL 1      0                         0      0        0

 COOLING
  TODAY           13                        11      2       13
  MONTH TO DATE  356                       308     48      430
  SINCE SEP 1    356                       308     48      430
  SINCE JAN 1   3107                      2380    727     2855
..................................................................


WIND (MPH)
  HIGHEST WIND SPEED    15   HIGHEST WIND DIRECTION     E (70)
  HIGHEST GUST SPEED    18   HIGHEST GUST DIRECTION     E (70)
  AVERAGE WIND SPEED     6.6


SKY COVER
  POSSIBLE SUNSHINE  MM
  AVERAGE SKY COVER 0.5


WEATHER CONDITIONS
 THE FOLLOWING WEATHER WAS RECORDED TODAY.
  LIGHT RAIN
  FOG


RELATIVE HUMIDITY (PERCENT)
 HIGHEST    90          1200 AM
 LOWEST     55          1200 PM
 AVERAGE    73

..........................................................


THE HILO HI CLIMATE NORMALS FOR TOMORROW
                         NORMAL    RECORD    YEAR
 MAXIMUM TEMPERATURE (F)   83        89      1974
 MINIMUM TEMPERATURE (F)   69        64      1955


SUNRISE AND SUNSET
SEPTEMBER 28 2016.....SUNRISE   611 AM HST   SUNSET   610 PM HST
SEPTEMBER 29 2016.....SUNRISE   611 AM HST   SUNSET   610 PM HST


-  INDICATES NEGATIVE NUMBERS.
R  INDICATES RECORD WAS SET OR TIED.
MM INDICATES DATA IS MISSING.
T  INDICATES TRACE AMOUNT.




$$
