000
CDHW43 PHFO 021245
CLIITO


CLIMATE REPORT
NATIONAL WEATHER SERVICE HONOLULU HI
245 AM HST TUE SEP 2 2014


...................................

...THE HILO HI CLIMATE SUMMARY FOR SEPTEMBER 1 2014...

CLIMATE NORMAL PERIOD 1981 TO 2010
CLIMATE RECORD PERIOD 1946 TO 2014


WEATHER ITEM   OBSERVED TIME   RECORD YEAR NORMAL DEPARTURE LAST
                VALUE   (LST)  VALUE       VALUE  FROM      YEAR
                                                  NORMAL
..................................................................
TEMPERATURE (F)
 YESTERDAY
  MAXIMUM         88R   222 PM  88    1996  83      5       83
                                      1990
                                      1987
  MINIMUM         73    628 AM  65    1983  69      4       67
                                      1958
  AVERAGE         81                        76      5       75

PRECIPITATION (IN)
  YESTERDAY        0.07          3.20 2003   0.30  -0.23     0.03
  MONTH TO DATE    0.07                      0.30  -0.23     0.03
  SINCE SEP 1      0.07                      0.30  -0.23     0.03
  SINCE JAN 1     81.18                     80.24   0.94    64.91

SNOWFALL (IN)
  YESTERDAY        0.0
  MONTH TO DATE    0.0
  SINCE SEP 1      0.0
  SINCE JUL 1      0.0
  SNOW DEPTH       0

DEGREE DAYS
 HEATING
  YESTERDAY        0                         0      0        0
  MONTH TO DATE    0                         0      0        0
  SINCE SEP 1      0                         0      0        0
  SINCE JUL 1      0                         0      0        0

 COOLING
  YESTERDAY       16                        11      5       10
  MONTH TO DATE   16                        11      5       10
  SINCE SEP 1     16                        11      5       10
  SINCE JAN 1   2293                      2083    210     2223
..................................................................


WIND (MPH)
  HIGHEST WIND SPEED    15   HIGHEST WIND DIRECTION     E (80)
  HIGHEST GUST SPEED    20   HIGHEST GUST DIRECTION     E (90)
  AVERAGE WIND SPEED     5.9


SKY COVER
  POSSIBLE SUNSHINE  MM
  AVERAGE SKY COVER 0.6


WEATHER CONDITIONS
 THE FOLLOWING WEATHER WAS RECORDED YESTERDAY.
  LIGHT RAIN
  FOG


RELATIVE HUMIDITY (PERCENT)
 HIGHEST    94          1000 PM
 LOWEST     59          1200 PM
 AVERAGE    77

..........................................................


THE HILO HI CLIMATE NORMALS FOR TODAY
                         NORMAL    RECORD    YEAR
 MAXIMUM TEMPERATURE (F)   83        89      1987
 MINIMUM TEMPERATURE (F)   69        64      1956


SUNRISE AND SUNSET
SEPTEMBER  2 2014.....SUNRISE   605 AM HST   SUNSET   634 PM HST
SEPTEMBER  3 2014.....SUNRISE   605 AM HST   SUNSET   633 PM HST


-  INDICATES NEGATIVE NUMBERS.
R  INDICATES RECORD WAS SET OR TIED.
MM INDICATES DATA IS MISSING.
T  INDICATES TRACE AMOUNT.




$$
