000
CDUS44 KJAN 310704
CLIJAN


CLIMATE REPORT
NATIONAL WEATHER SERVICE JACKSON MS
202 AM CDT FRI JUL 31 2015


...................................

...THE JACKSON CLIMATE SUMMARY FOR JULY 30 2015...

CLIMATE NORMAL PERIOD 1981 TO 2010
CLIMATE RECORD PERIOD 1896 TO 2015


WEATHER ITEM   OBSERVED TIME   RECORD YEAR NORMAL DEPARTURE LAST
                VALUE   (LST)  VALUE       VALUE  FROM      YEAR
                                                  NORMAL
..................................................................
TEMPERATURE (F)
 YESTERDAY
  MAXIMUM        101    211 PM 104    1930  92      9       85
  MINIMUM         76    353 AM  59    2014  72      4       59
  AVERAGE         89                        82      7       72

PRECIPITATION (IN)
  YESTERDAY        0.10          2.07 2002   0.15  -0.05     0.00
  MONTH TO DATE    1.49                      4.66  -3.17     2.14
  SINCE JUN 1      7.93                      8.78  -0.85     8.57
  SINCE JAN 1     36.21                     32.89   3.32    40.17

SNOWFALL (IN)
  YESTERDAY        0.0           0.0  2002   0.0    0.0      0.0
                                      2001
  MONTH TO DATE    0.0                       0.0    0.0      0.0
  SINCE JUN 1      0.0                       0.0    0.0      0.0
  SINCE JUL 1      0.0                       0.0    0.0      0.0

DEGREE DAYS
 HEATING
  YESTERDAY        0                         0      0        0
  MONTH TO DATE    0                         0      0        0
  SINCE JUN 1      0                         0      0        0
  SINCE JUL 1      0                         0      0        0

 COOLING
  YESTERDAY       24                        17      7        7
  MONTH TO DATE  598                       503     95      428
  SINCE JUN 1   1080                       925    155      871
  SINCE JAN 1   1533                      1283    250     1202
..................................................................


WIND (MPH)
  HIGHEST WIND SPEED    30   HIGHEST WIND DIRECTION    NE (40)
  HIGHEST GUST SPEED    35   HIGHEST GUST DIRECTION    NE (30)
  AVERAGE WIND SPEED     6.7


SKY COVER
  POSSIBLE SUNSHINE  MM
  AVERAGE SKY COVER 0.2


WEATHER CONDITIONS
 THE FOLLOWING WEATHER WAS RECORDED YESTERDAY.
  THUNDERSTORM
  HEAVY RAIN
  LIGHT RAIN


RELATIVE HUMIDITY (PERCENT)
 HIGHEST    88           300 AM
 LOWEST     40           100 PM
 AVERAGE    64

..........................................................


THE JACKSON CLIMATE NORMALS FOR TODAY
                         NORMAL    RECORD    YEAR
 MAXIMUM TEMPERATURE (F)   92       103      1930
                                             1896
 MINIMUM TEMPERATURE (F)   72        62      1897


SUNRISE AND SUNSET
JULY 31 2015..........SUNRISE   614 AM CDT   SUNSET   759 PM CDT
AUGUST  1 2015........SUNRISE   615 AM CDT   SUNSET   758 PM CDT


-  INDICATES NEGATIVE NUMBERS.
R  INDICATES RECORD WAS SET OR TIED.
MM INDICATES DATA IS MISSING.
T  INDICATES TRACE AMOUNT.

&&

AT 2 AM:

THE PEARL RIVER STAGE AT JACKSON WAS 3.6 FEET. THE RIVER STAGE HAS RISEN
0.1 FEET OVER THE PAST 24 HOURS.

THE MISSISSIPPI RIVER STAGE AT VICKSBURG WAS 45.5 FEET. THE RIVER STAGE
HAS FALLEN 0.2 FEET OVER THE PAST 24 HOURS.



$$
