588
CDUS44 KJAN 300727
CLIJAN


CLIMATE REPORT
NATIONAL WEATHER SERVICE JACKSON MS
219 AM CDT SUN APR 30 2017


...................................

...THE JACKSON CLIMATE SUMMARY FOR APRIL 29 2017...

CLIMATE NORMAL PERIOD 1981 TO 2010
CLIMATE RECORD PERIOD 1896 TO 2017


WEATHER ITEM   OBSERVED TIME   RECORD YEAR NORMAL DEPARTURE LAST
                VALUE   (LST)  VALUE       VALUE  FROM      YEAR
                                                  NORMAL
..................................................................
TEMPERATURE (F)
 YESTERDAY
  MAXIMUM         89    155 PM  94    1899  79     10       84
  MINIMUM         73    334 AM  40    1965  56     17       70
  AVERAGE         81                        68     13       77

PRECIPITATION (IN)
  YESTERDAY        0.00          4.85 1953   0.13  -0.13     0.00
  MONTH TO DATE    9.77                      4.83   4.94     7.06
  SINCE MAR 1     14.29                      9.87   4.42    19.30
  SINCE JAN 1     24.50                     19.60   4.90    30.90

SNOWFALL (IN)
  YESTERDAY        0.0           0.0    MM   0.0    0.0      0.0
  MONTH TO DATE    T                         0.0    0.0      0.0
  SINCE MAR 1      T                         0.1   -0.1      0.0
  SINCE JUL 1      0.8                       0.8    0.0       T

DEGREE DAYS
 HEATING
  YESTERDAY        0                         1     -1        0
  MONTH TO DATE   33                       107    -74       45
  SINCE MAR 1    197                       385   -188      189
  SINCE JUL 1   1315                      2377  -1062     1580

 COOLING
  YESTERDAY       16                         4     12       12
  MONTH TO DATE  135                        76     59       91
  SINCE MAR 1    220                       103    117      143
  SINCE JAN 1    278                       113    165      152
..................................................................


WIND (MPH)
  HIGHEST WIND SPEED    30   HIGHEST WIND DIRECTION    SE (150)
  HIGHEST GUST SPEED    39   HIGHEST GUST DIRECTION    SE (130)
  AVERAGE WIND SPEED    19.1


SKY COVER
  POSSIBLE SUNSHINE  MM
  AVERAGE SKY COVER 0.7


WEATHER CONDITIONS
 THE FOLLOWING WEATHER WAS RECORDED YESTERDAY.
  NO SIGNIFICANT WEATHER WAS OBSERVED.


RELATIVE HUMIDITY (PERCENT)
 HIGHEST    87           200 AM
 LOWEST     52           200 PM
 AVERAGE    70

..........................................................


THE JACKSON CLIMATE NORMALS FOR TODAY
                         NORMAL    RECORD    YEAR
 MAXIMUM TEMPERATURE (F)   79        93      1943
 MINIMUM TEMPERATURE (F)   57        38      1965


SUNRISE AND SUNSET
APRIL 30 2017.........SUNRISE   615 AM CDT   SUNSET   741 PM CDT
MAY  1 2017...........SUNRISE   614 AM CDT   SUNSET   742 PM CDT


-  INDICATES NEGATIVE NUMBERS.
R  INDICATES RECORD WAS SET OR TIED.
MM INDICATES DATA IS MISSING.
T  INDICATES TRACE AMOUNT.

&&

AT 2 AM:

THE PEARL RIVER STAGE AT JACKSON WAS 8.4 FEET. THE RIVER HAS
FALLEN 0.3 FEET OVER THE PAST 24 HOURS.

THE MISSISSIPPI RIVER STAGE AT VICKSBURG WAS 33.8 FEET. THE RIVER
HAS RISEN 0.7 FEET OVER THE PAST 24 HOURS.


$$
