000
CDUS44 KJAN 210649
CLIJAN


CLIMATE REPORT
NATIONAL WEATHER SERVICE JACKSON MS
147 AM CDT MON AUG 21 2017


...................................

...THE JACKSON CLIMATE SUMMARY FOR AUGUST 20 2017...

CLIMATE NORMAL PERIOD 1981 TO 2010
CLIMATE RECORD PERIOD 1896 TO 2017


WEATHER ITEM   OBSERVED TIME   RECORD YEAR NORMAL DEPARTURE LAST
                VALUE   (LST)  VALUE       VALUE  FROM      YEAR
                                                  NORMAL
..................................................................
TEMPERATURE (F)
 YESTERDAY
  MAXIMUM         94    354 PM 104    1925  92      2       90
  MINIMUM         71    536 AM  60    1976  71      0       74
                                      1927
  AVERAGE         83                        81      2       82

PRECIPITATION (IN)
  YESTERDAY        0.00          2.54 1942   0.14  -0.14     0.11
  MONTH TO DATE    5.44                      2.97   2.47     7.12
  SINCE JUN 1     21.12                     11.90   9.22    18.45
  SINCE JAN 1     52.61                     36.01  16.60    50.90

SNOWFALL (IN)
  YESTERDAY        0.0           0.0  2002   0.0    0.0      0.0
                                      2001
  MONTH TO DATE    0.0                       0.0    0.0      0.0
  SINCE JUN 1      0.0                       0.0    0.0      0.0
  SINCE JUL 1      0.0                       0.0    0.0      0.0

DEGREE DAYS
 HEATING
  YESTERDAY        0                         0      0        0
  MONTH TO DATE    0                         0      0        0
  SINCE JUN 1      0                         0      0        0
  SINCE JUL 1      0                         0      0        0

 COOLING
  YESTERDAY       18                        16      2       17
  MONTH TO DATE  335                       335      0      369
  SINCE JUN 1   1270                      1272     -2     1478
  SINCE JAN 1   1766                      1630    136     1866
..................................................................


WIND (MPH)
  HIGHEST WIND SPEED     9   HIGHEST WIND DIRECTION    SE (140)
  HIGHEST GUST SPEED    13   HIGHEST GUST DIRECTION    SE (150)
  AVERAGE WIND SPEED     2.2


SKY COVER
  POSSIBLE SUNSHINE  MM
  AVERAGE SKY COVER 0.2


WEATHER CONDITIONS
 THE FOLLOWING WEATHER WAS RECORDED YESTERDAY.
  NO SIGNIFICANT WEATHER WAS OBSERVED.


RELATIVE HUMIDITY (PERCENT)
 HIGHEST   100          1200 AM
 LOWEST     56           100 PM
 AVERAGE    78

..........................................................


THE JACKSON CLIMATE NORMALS FOR TODAY
                         NORMAL    RECORD    YEAR
 MAXIMUM TEMPERATURE (F)   92       103      2000
 MINIMUM TEMPERATURE (F)   71        55      1991


SUNRISE AND SUNSET
AUGUST 21 2017........SUNRISE   629 AM CDT   SUNSET   738 PM CDT
AUGUST 22 2017........SUNRISE   629 AM CDT   SUNSET   736 PM CDT


-  INDICATES NEGATIVE NUMBERS.
R  INDICATES RECORD WAS SET OR TIED.
MM INDICATES DATA IS MISSING.
T  INDICATES TRACE AMOUNT.

&&

AT 1 AM:

THE PEARL RIVER STAGE AT JACKSON WAS 7.3 FEET. THE RIVER FELL 0.3 FEET
OVER THE PAST 24 HOURS.

THE MISSISSIPPI RIVER STAGE AT VICKSBURG WAS 19.8 FEET. THE RIVER HAS REMAINED
STEADY OVER THE PAST 24 HOURS.


$$
