000
CDUS44 KJAN 262107
CLIJAN


CLIMATE REPORT
NATIONAL WEATHER SERVICE JACKSON MS
406 PM CDT THU MAY 26 2016


...................................

...THE JACKSON CLIMATE SUMMARY FOR MAY 26 2016...
VALID TODAY AS OF 0400 PM LOCAL TIME.

CLIMATE NORMAL PERIOD 1981 TO 2010
CLIMATE RECORD PERIOD 1896 TO 2016


WEATHER ITEM   OBSERVED TIME   RECORD YEAR NORMAL DEPARTURE LAST
                VALUE   (LST)  VALUE       VALUE  FROM      YEAR
                                                  NORMAL
..................................................................
TEMPERATURE (F)
 TODAY
  MAXIMUM         89    249 PM  99    1964  86      3       86
  MINIMUM         72    258 AM  44    1979  65      7       65
  AVERAGE         81                        75      6       76

PRECIPITATION (IN)
  TODAY            0.00          3.80 1909   0.14  -0.14     0.46
  MONTH TO DATE    1.31                      3.66  -2.35     4.64
  SINCE MAR 1     20.80                     13.66   7.14    15.66
  SINCE JAN 1     32.40                     23.39   9.01    25.86

SNOWFALL (IN)
  TODAY            0.0           0.0    MM   0.0    0.0      0.0
  MONTH TO DATE    0.0                       0.0    0.0      0.0
  SINCE MAR 1      0.0                       0.1   -0.1      0.3
  SINCE JUL 1      T                         0.8   -0.8      0.3

DEGREE DAYS
 HEATING
  TODAY            0                         0      0        0
  MONTH TO DATE    7                        10     -3        2
  SINCE MAR 1    196                       397   -201      227
  SINCE JUL 1   1587                      2389   -802     2353

 COOLING
  TODAY           16                        10      6       11
  MONTH TO DATE  161                       186    -25      214
  SINCE MAR 1    311                       294     17      390
  SINCE JAN 1    320                       304     16      390
..................................................................


WIND (MPH)
  HIGHEST WIND SPEED    17   HIGHEST WIND DIRECTION    SE (140)
  HIGHEST GUST SPEED    22   HIGHEST GUST DIRECTION    SE (140)
  AVERAGE WIND SPEED     7.5


SKY COVER
  POSSIBLE SUNSHINE  MM
  AVERAGE SKY COVER 0.6


WEATHER CONDITIONS
 THE FOLLOWING WEATHER WAS RECORDED TODAY.
  NO SIGNIFICANT WEATHER WAS OBSERVED.


RELATIVE HUMIDITY (PERCENT)
 HIGHEST    87          1200 AM
 LOWEST     53           200 PM
 AVERAGE    70

..........................................................


THE JACKSON CLIMATE NORMALS FOR TOMORROW
                         NORMAL    RECORD    YEAR
 MAXIMUM TEMPERATURE (F)   86        98      1953
                                             1911
 MINIMUM TEMPERATURE (F)   65        46      1961


SUNRISE AND SUNSET
MAY 26 2016...........SUNRISE   556 AM CDT   SUNSET   759 PM CDT
MAY 27 2016...........SUNRISE   556 AM CDT   SUNSET   800 PM CDT


-  INDICATES NEGATIVE NUMBERS.
R  INDICATES RECORD WAS SET OR TIED.
MM INDICATES DATA IS MISSING.
T  INDICATES TRACE AMOUNT.

&&

AT 4 PM:

THE PEARL RIVER STAGE AT JACKSON WAS 3.7 3.8 FEET. THE RIVER HAS
RISEN 0.1 FEET OVER THE PAST 24 HOURS.

THE MISSISSIPPI RIVER STAGE AT VICKSBURG WAS 34.9 FEET. THE RIVER
HAS FALLEN 0.7 FEET OVER THE PAST 24 HOURS.

THE AIR QUALITY INDEX AT JACKSON WAS 39...WHICH IS GOOD.


$$
