525
CDUS44 KJAN 240644
CLIJAN


CLIMATE REPORT
NATIONAL WEATHER SERVICE JACKSON MS
139 AM CDT TUE OCT 24 2017


...................................

...THE JACKSON CLIMATE SUMMARY FOR OCTOBER 23 2017...

CLIMATE NORMAL PERIOD 1981 TO 2010
CLIMATE RECORD PERIOD 1896 TO 2017


WEATHER ITEM   OBSERVED TIME   RECORD YEAR NORMAL DEPARTURE LAST
                VALUE   (LST)  VALUE       VALUE  FROM      YEAR
                                                  NORMAL
..................................................................
TEMPERATURE (F)
 YESTERDAY
  MAXIMUM         74    317 PM  95    1899  75     -1       82
  MINIMUM         52    946 PM  32    1916  51      1       43
                                      1911
  AVERAGE         63                        63      0       63

PRECIPITATION (IN)
  YESTERDAY        0.00          1.95 1918   0.13  -0.13     0.00
  MONTH TO DATE    1.36                      2.89  -1.53     0.49
  SINCE SEP 1      2.53                      5.92  -3.39     0.82
  SINCE JAN 1     56.42                     43.20  13.22    54.02

SNOWFALL (IN)
  YESTERDAY        0.0           0.0  2002   0.0    0.0      0.0
                                      2001
  MONTH TO DATE    0.0                       0.0    0.0      0.0
  SINCE SEP 1      0.0                       0.0    0.0      0.0
  SINCE JUL 1      0.0                       0.0    0.0      0.0

DEGREE DAYS
 HEATING
  YESTERDAY        2                         5     -3        2
  MONTH TO DATE    3                        57    -54       14
  SINCE SEP 1      5                        64    -59       14
  SINCE JUL 1      5                        64    -59       14

 COOLING
  YESTERDAY        0                         2     -2        0
  MONTH TO DATE  195                        90    105      185
  SINCE SEP 1    539                       417    122      658
  SINCE JAN 1   2464                      2216    248     2732
..................................................................


WIND (MPH)
  HIGHEST WIND SPEED    17   HIGHEST WIND DIRECTION    NW (310)
  HIGHEST GUST SPEED    24   HIGHEST GUST DIRECTION    NW (330)
  AVERAGE WIND SPEED     6.2


SKY COVER
  POSSIBLE SUNSHINE  MM
  AVERAGE SKY COVER 0.4


WEATHER CONDITIONS
 THE FOLLOWING WEATHER WAS RECORDED YESTERDAY.
  NO SIGNIFICANT WEATHER WAS OBSERVED.


RELATIVE HUMIDITY (PERCENT)
 HIGHEST    90          1200 AM
 LOWEST     29           300 PM
 AVERAGE    60

..........................................................


THE JACKSON CLIMATE NORMALS FOR TODAY
                         NORMAL    RECORD    YEAR
 MAXIMUM TEMPERATURE (F)   75        91      1921
 MINIMUM TEMPERATURE (F)   50        28      1917


SUNRISE AND SUNSET
OCTOBER 24 2017.......SUNRISE   711 AM CDT   SUNSET   617 PM CDT
OCTOBER 25 2017.......SUNRISE   712 AM CDT   SUNSET   616 PM CDT


-  INDICATES NEGATIVE NUMBERS.
R  INDICATES RECORD WAS SET OR TIED.
MM INDICATES DATA IS MISSING.
T  INDICATES TRACE AMOUNT.

&&

AT 1 AM:

THE PEARL RIVER STAGE AT JACKSON WAS 3.6 FEET. THE RIVER FELL
0.3 FOOT OVER THE PAST 24 HOURS.

THE MISSISSIPPI RIVER STAGE AT VICKSBURG WAS 14.8 FEET. THE RIVER
ROSE 0.2 FEET OVER THE PAST 24 HOURS.

$$
