000
CDUS42 KJAX 280531
CLIJAX


CLIMATE REPORT
NATIONAL WEATHER SERVICE JACKSONVILLE FL
1230 AM EST SUN DEC 28 2014


...................................

...THE JACKSONVILLE CLIMATE SUMMARY FOR DECEMBER 27 2014...

CLIMATE NORMAL PERIOD 1981 TO 2010
CLIMATE RECORD PERIOD 1871 TO 2014


WEATHER ITEM   OBSERVED TIME   RECORD YEAR NORMAL DEPARTURE LAST
                VALUE   (LST)  VALUE       VALUE  FROM      YEAR
                                                  NORMAL
..................................................................
TEMPERATURE (F)
 YESTERDAY
  MAXIMUM         74    103 PM  81    2008  65      9       58
                                      1875
  MINIMUM         49    638 AM  23    1935  42      7       50
  AVERAGE         62                        53      9       54

PRECIPITATION (IN)
  YESTERDAY        0.00          1.63 1964   0.08  -0.08      T
  MONTH TO DATE    3.72                      2.45   1.27     0.68
  SINCE DEC 1      3.72                      2.45   1.27     0.68
  SINCE JAN 1     55.44                     52.04   3.40    45.04

SNOWFALL (IN)
  YESTERDAY        0.0           T    1892   0.0    0.0      0.0
  MONTH TO DATE    0.0                       0.0    0.0      0.0
  SINCE DEC 1      0.0                       0.0    0.0      0.0
  SINCE JUL 1      0.0                       0.0    0.0      0.0
  SNOW DEPTH       0

DEGREE DAYS
 HEATING
  YESTERDAY        3                        12     -9       11
  MONTH TO DATE  215                       274    -59      180
  SINCE DEC 1    215                       274    -59      180
  SINCE JUL 1    499                       447     52      336

 COOLING
  YESTERDAY        0                         0      0        0
  MONTH TO DATE   17                        23     -6       50
  SINCE DEC 1     17                        23     -6       50
  SINCE JAN 1   2596                      2667    -71     2649
..................................................................


WIND (MPH)
  HIGHEST WIND SPEED    13   HIGHEST WIND DIRECTION     E (90)
  HIGHEST GUST SPEED    14   HIGHEST GUST DIRECTION     E (80)
  AVERAGE WIND SPEED     4.7


SKY COVER
  POSSIBLE SUNSHINE  MM
  AVERAGE SKY COVER 0.5


WEATHER CONDITIONS
 THE FOLLOWING WEATHER WAS RECORDED YESTERDAY.
  FOG


RELATIVE HUMIDITY (PERCENT)
 HIGHEST   100          1200 AM
 LOWEST     68          1200 PM
 AVERAGE    84

..........................................................


THE JACKSONVILLE CLIMATE NORMALS FOR TODAY
                         NORMAL    RECORD    YEAR
 MAXIMUM TEMPERATURE (F)   65        83      1971
 MINIMUM TEMPERATURE (F)   42        20      2010


SUNRISE AND SUNSET
DECEMBER 28 2014......SUNRISE   723 AM EST   SUNSET   534 PM EST
DECEMBER 29 2014......SUNRISE   723 AM EST   SUNSET   535 PM EST


-  INDICATES NEGATIVE NUMBERS.
R  INDICATES RECORD WAS SET OR TIED.
MM INDICATES DATA IS MISSING.
T  INDICATES TRACE AMOUNT.




$$
