000
CDUS42 KJAX 300531
CLIJAX


CLIMATE REPORT
NATIONAL WEATHER SERVICE JACKSONVILLE FL
130 AM EDT TUE JUN 30 2015


...................................

...THE JACKSONVILLE CLIMATE SUMMARY FOR JUNE 29 2015...

CLIMATE NORMAL PERIOD 1981 TO 2010
CLIMATE RECORD PERIOD 1871 TO 2015


WEATHER ITEM   OBSERVED TIME   RECORD YEAR NORMAL DEPARTURE LAST
                VALUE   (LST)  VALUE       VALUE  FROM      YEAR
                                                  NORMAL
..................................................................
TEMPERATURE (F)
 YESTERDAY
  MAXIMUM         86    531 PM 100    1998  91     -5       92
  MINIMUM         71    325 AM  63    1981  72     -1       72
  AVERAGE         79                        82     -3       82

PRECIPITATION (IN)
  YESTERDAY        0.23          5.90 2005   0.24  -0.01     0.82
  MONTH TO DATE    6.29                      6.21   0.08     4.48
  SINCE JUN 1      6.29                      6.21   0.08     4.48
  SINCE JAN 1     18.73                     21.77  -3.04    30.31

SNOWFALL (IN)
  YESTERDAY        0.0           0.0  2002   0.0    0.0      0.0
                                      2001
  MONTH TO DATE    0.0                       0.0    0.0      0.0
  SINCE JUN 1      0.0                       0.0    0.0      0.0
  SINCE JUL 1      T                         T      0.0      0.0
  SNOW DEPTH       0

DEGREE DAYS
 HEATING
  YESTERDAY        0                         0      0        0
  MONTH TO DATE    0                         0      0        0
  SINCE JUN 1      0                         0      0        0
  SINCE JUL 1   1337                      1349    -12     1309

 COOLING
  YESTERDAY       14                        16     -2       17
  MONTH TO DATE  465                       431     34      428
  SINCE JUN 1    465                       431     34      428
  SINCE JAN 1   1110                       915    195      912
..................................................................


WIND (MPH)
  HIGHEST WIND SPEED    12   HIGHEST WIND DIRECTION    SW (210)
  HIGHEST GUST SPEED    34   HIGHEST GUST DIRECTION     E (90)
  AVERAGE WIND SPEED     3.8


SKY COVER
  POSSIBLE SUNSHINE  MM
  AVERAGE SKY COVER 0.8


WEATHER CONDITIONS
 THE FOLLOWING WEATHER WAS RECORDED YESTERDAY.
  HEAVY RAIN
  FOG


RELATIVE HUMIDITY (PERCENT)
 HIGHEST   100           100 AM
 LOWEST     61           600 PM
 AVERAGE    81

..........................................................


THE JACKSONVILLE CLIMATE NORMALS FOR TODAY
                         NORMAL    RECORD    YEAR
 MAXIMUM TEMPERATURE (F)   91       100      1990
 MINIMUM TEMPERATURE (F)   72        66      1974
                                             1938


SUNRISE AND SUNSET
JUNE 30 2015..........SUNRISE   628 AM EDT   SUNSET   833 PM EDT
JULY  1 2015..........SUNRISE   628 AM EDT   SUNSET   833 PM EDT


-  INDICATES NEGATIVE NUMBERS.
R  INDICATES RECORD WAS SET OR TIED.
MM INDICATES DATA IS MISSING.
T  INDICATES TRACE AMOUNT.




$$
