000
CDUS42 KJAX 100546
CLIJAX


CLIMATE REPORT
NATIONAL WEATHER SERVICE JACKSONVILLE FL
1246 AM EST SAT DEC 10 2016


...................................

...THE JACKSONVILLE CLIMATE SUMMARY FOR DECEMBER 9 2016...

CLIMATE NORMAL PERIOD 1981 TO 2010
CLIMATE RECORD PERIOD 1871 TO 2016


WEATHER ITEM   OBSERVED TIME   RECORD YEAR NORMAL DEPARTURE LAST
                VALUE   (LST)  VALUE       VALUE  FROM      YEAR
                                                  NORMAL
..................................................................
TEMPERATURE (F)
 YESTERDAY
  MAXIMUM         57    316 PM  84    2013  68    -11       75
                                      2004
  MINIMUM         39    839 PM  28    1984  45     -6       49
                                      1917
  AVERAGE         48                        56     -8       62

PRECIPITATION (IN)
  YESTERDAY        0.00          3.29 1885   0.09  -0.09     0.00
  MONTH TO DATE    1.99                      0.79   1.20     0.02
  SINCE DEC 1      1.99                      0.79   1.20     0.02
  SINCE JAN 1     38.22                     50.38 -12.16    44.00

SNOWFALL (IN)
  YESTERDAY        0.0           T    1957   0.0    0.0      0.0
  MONTH TO DATE    0.0                       0.0    0.0      0.0
  SINCE DEC 1      0.0                       0.0    0.0      0.0
  SINCE JUL 1      0.0                       0.0    0.0      0.0
  SNOW DEPTH       0

DEGREE DAYS
 HEATING
  YESTERDAY       17                         9      8        3
  MONTH TO DATE   56                        77    -21       39
  SINCE DEC 1     56                        77    -21       39
  SINCE JUL 1    186                       250    -64       93

 COOLING
  YESTERDAY        0                         1     -1        0
  MONTH TO DATE   16                         9      7       11
  SINCE DEC 1     16                         9      7       11
  SINCE JAN 1   2967                      2653    314     2971
..................................................................


WIND (MPH)
  HIGHEST WIND SPEED    13   HIGHEST WIND DIRECTION     N (360)
  HIGHEST GUST SPEED    18   HIGHEST GUST DIRECTION    NE (40)
  AVERAGE WIND SPEED     8.5


SKY COVER
  POSSIBLE SUNSHINE  MM
  AVERAGE SKY COVER 0.6


WEATHER CONDITIONS
 THE FOLLOWING WEATHER WAS RECORDED YESTERDAY.
  NO SIGNIFICANT WEATHER WAS OBSERVED.


RELATIVE HUMIDITY (PERCENT)
 HIGHEST    85           800 PM
 LOWEST     30           300 PM
 AVERAGE    58

..........................................................


THE JACKSONVILLE CLIMATE NORMALS FOR TODAY
                         NORMAL    RECORD    YEAR
 MAXIMUM TEMPERATURE (F)   68        82      1961
 MINIMUM TEMPERATURE (F)   45        25      1974


SUNRISE AND SUNSET
DECEMBER 10 2016......SUNRISE   713 AM EST   SUNSET   526 PM EST
DECEMBER 11 2016......SUNRISE   714 AM EST   SUNSET   527 PM EST


-  INDICATES NEGATIVE NUMBERS.
R  INDICATES RECORD WAS SET OR TIED.
MM INDICATES DATA IS MISSING.
T  INDICATES TRACE AMOUNT.




$$
