000
CDUS42 KJAX 180526
CLIJAX


CLIMATE REPORT
NATIONAL WEATHER SERVICE JACKSONVILLE FL
1225 AM EST SUN FEB 18 2018


...................................

...THE JACKSONVILLE CLIMATE SUMMARY FOR FEBRUARY 17 2018...

CLIMATE NORMAL PERIOD 1981 TO 2010
CLIMATE RECORD PERIOD 1871 TO 2018


WEATHER ITEM   OBSERVED TIME   RECORD YEAR NORMAL DEPARTURE LAST
                VALUE   (LST)  VALUE       VALUE  FROM      YEAR
                                                  NORMAL
..................................................................
TEMPERATURE (F)
 YESTERDAY
  MAXIMUM         80    444 PM  83    1956  69     11       74
                                      1932
  MINIMUM         60    434 AM  23    2007  45     15       34
  AVERAGE         70                        57     13       54

PRECIPITATION (IN)
  YESTERDAY        0.00          2.44 1998   0.12  -0.12     0.00
  MONTH TO DATE    1.37                      1.85  -0.48     0.48
  SINCE DEC 1      7.43                      7.95  -0.52     6.82
  SINCE JAN 1      5.01                      5.15  -0.14     4.53

SNOWFALL (IN)
  YESTERDAY        0.0           0.0  2002   0.0    0.0      0.0
  MONTH TO DATE    0.0                       0.0    0.0      0.0
  SINCE DEC 1      0.0                       T      0.0      0.0
  SINCE JUL 1      0.0                       T      0.0      0.0
  SNOW DEPTH       0

DEGREE DAYS
 HEATING
  YESTERDAY        0                         9     -9       11
  MONTH TO DATE   66                       170   -104       87
  SINCE DEC 1    768                       873   -105      454
  SINCE JUL 1    864                      1046   -182      584

 COOLING
  YESTERDAY        5                         1      4        0
  MONTH TO DATE   35                        12     23        9
  SINCE DEC 1     89                        44     45       88
  SINCE JAN 1     45                        23     22       45
..................................................................


WIND (MPH)
  HIGHEST WIND SPEED    17   HIGHEST WIND DIRECTION     W (250)
  HIGHEST GUST SPEED    21   HIGHEST GUST DIRECTION     W (260)
  AVERAGE WIND SPEED     6.1


SKY COVER
  POSSIBLE SUNSHINE  MM
  AVERAGE SKY COVER 0.5


WEATHER CONDITIONS
 THE FOLLOWING WEATHER WAS RECORDED YESTERDAY.
  FOG
  HAZE


RELATIVE HUMIDITY (PERCENT)
 HIGHEST   100           300 AM
 LOWEST     54           200 PM
 AVERAGE    77

..........................................................


THE JACKSONVILLE CLIMATE NORMALS FOR TODAY
                         NORMAL    RECORD    YEAR
 MAXIMUM TEMPERATURE (F)   69        85      1956
 MINIMUM TEMPERATURE (F)   45        18      1900


SUNRISE AND SUNSET
FEBRUARY 18 2018......SUNRISE   704 AM EST   SUNSET   617 PM EST
FEBRUARY 19 2018......SUNRISE   703 AM EST   SUNSET   618 PM EST


-  INDICATES NEGATIVE NUMBERS.
R  INDICATES RECORD WAS SET OR TIED.
MM INDICATES DATA IS MISSING.
T  INDICATES TRACE AMOUNT.




$$
