000
CDUS44 KMEG 280737
CLIJBR


CLIMATE REPORT
NATIONAL WEATHER SERVICE MEMPHIS TN
137 AM CST TUE FEB 28 2017


...................................

...THE JONESBORO CLIMATE SUMMARY FOR FEBRUARY 27 2017...

CLIMATE NORMAL PERIOD 1981 TO 2010
CLIMATE RECORD PERIOD 1897 TO 2017


WEATHER ITEM   OBSERVED TIME   RECORD YEAR NORMAL DEPARTURE LAST
                VALUE   (LST)  VALUE       VALUE  FROM      YEAR
                                                  NORMAL
..................................................................
TEMPERATURE (F)
 YESTERDAY
  MAXIMUM         63    438 PM  80    1971  55      8       62
  MINIMUM         46    714 AM   8    1934  35     11       34
  AVERAGE         55                        45     10       48

PRECIPITATION (IN)
  YESTERDAY        0.07          1.69 1962   0.13  -0.06     0.00
  MONTH TO DATE    1.50                      3.59  -2.09     2.13
  SINCE DEC 1      9.66                     11.79  -2.13    10.30
  SINCE JAN 1      5.20                      7.02  -1.82     3.93

DEGREE DAYS
 HEATING
  YESTERDAY       10                        20    -10       17
  MONTH TO DATE  397                       639   -242      597
  SINCE DEC 1   1784                      2285   -501     1955
  SINCE JUL 1   2133                      2935   -802     2464

 COOLING
  YESTERDAY        0                         0      0        0
  MONTH TO DATE    3                         0      3        0
  SINCE DEC 1      3                         0      3        3
  SINCE JAN 1      3                         0      3        0
..................................................................


WIND (MPH)
  HIGHEST WIND SPEED    17   HIGHEST WIND DIRECTION     S (170)
  HIGHEST GUST SPEED    22   HIGHEST GUST DIRECTION     S (170)
  AVERAGE WIND SPEED     8.8


SKY COVER
  POSSIBLE SUNSHINE  MM
  AVERAGE SKY COVER 0.7


WEATHER CONDITIONS
 THE FOLLOWING WEATHER WAS RECORDED YESTERDAY.
  THUNDERSTORM
  LIGHT RAIN
  FOG


RELATIVE HUMIDITY (PERCENT)
 HIGHEST    93          1200 AM
 LOWEST     67           500 PM
 AVERAGE    80

..........................................................


THE JONESBORO CLIMATE NORMALS FOR TODAY
                         NORMAL    RECORD    YEAR
 MAXIMUM TEMPERATURE (F)   55        78      1918
 MINIMUM TEMPERATURE (F)   35        11      1919


SUNRISE AND SUNSET
FEBRUARY 28 2017......SUNRISE   634 AM CST   SUNSET   557 PM CST
MARCH  1 2017.........SUNRISE   632 AM CST   SUNSET   558 PM CST


-  INDICATES NEGATIVE NUMBERS.
R  INDICATES RECORD WAS SET OR TIED.
MM INDICATES DATA IS MISSING.
T  INDICATES TRACE AMOUNT.




$$
