185
CDUS44 KMEG 260640
CLIJBR


CLIMATE REPORT
NATIONAL WEATHER SERVICE MEMPHIS TN
140 AM CDT THU MAY 26 2016


...................................

...THE JONESBORO CLIMATE SUMMARY FOR MAY 25 2016...

CLIMATE NORMAL PERIOD 1981 TO 2010
CLIMATE RECORD PERIOD 1897 TO 2016


WEATHER ITEM   OBSERVED TIME   RECORD YEAR NORMAL DEPARTURE LAST
                VALUE   (LST)  VALUE       VALUE  FROM      YEAR
                                                  NORMAL
..................................................................
TEMPERATURE (F)
 YESTERDAY
  MAXIMUM         75   1239 PM  98    1911  83     -8       81
  MINIMUM         63   1235 AM  34    1897  61      2       67
  AVERAGE         69                        72     -3       74

PRECIPITATION (IN)
  YESTERDAY        0.38          1.78 1946   0.11   0.27     0.09
  MONTH TO DATE    8.35                      4.00   4.35     6.10
  SINCE MAR 1     26.03                     13.52  12.51    19.24
  SINCE JAN 1     29.96                     20.67   9.29    24.07

SNOWFALL (IN)
  YESTERDAY        0.0          MM      MM   0.0    0.0      0.0
  MONTH TO DATE    0.0                       0.0    0.0      0.0
  SINCE MAR 1      0.0                       0.7   -0.7      7.6
  SINCE JUL 1      0.3                       4.8   -4.5      9.4
  SNOW DEPTH       0

DEGREE DAYS
 HEATING
  YESTERDAY        0                         0      0        0
  MONTH TO DATE   28                        35     -7       48
  SINCE MAR 1    494                       694   -200      765
  SINCE JUL 1   2983                      3650   -667     4013

 COOLING
  YESTERDAY        4                         7     -3        9
  MONTH TO DATE   82                       115    -33      110
  SINCE MAR 1    132                       162    -30      138
  SINCE JAN 1    132                       162    -30      138
..................................................................


WIND (MPH)
  HIGHEST WIND SPEED    24   HIGHEST WIND DIRECTION     W (250)
  HIGHEST GUST SPEED    30   HIGHEST GUST DIRECTION    SW (240)
  AVERAGE WIND SPEED     7.8


SKY COVER
  POSSIBLE SUNSHINE  MM
  AVERAGE SKY COVER 0.4


WEATHER CONDITIONS
 THE FOLLOWING WEATHER WAS RECORDED YESTERDAY.
  THUNDERSTORM
  HEAVY RAIN
  RAIN
  LIGHT RAIN
  FOG


RELATIVE HUMIDITY (PERCENT)
 HIGHEST   100           500 AM
 LOWEST     79          1200 PM
 AVERAGE    90

..........................................................


THE JONESBORO CLIMATE NORMALS FOR TODAY
                         NORMAL    RECORD    YEAR
 MAXIMUM TEMPERATURE (F)   83       100      1911
 MINIMUM TEMPERATURE (F)   61        33      1897


SUNRISE AND SUNSET
MAY 26 2016...........SUNRISE   550 AM CDT   SUNSET   810 PM CDT
MAY 27 2016...........SUNRISE   549 AM CDT   SUNSET   811 PM CDT


-  INDICATES NEGATIVE NUMBERS.
R  INDICATES RECORD WAS SET OR TIED.
MM INDICATES DATA IS MISSING.
T  INDICATES TRACE AMOUNT.




$$
