000
CDUS44 KMEG 090737
CLIJBR


CLIMATE REPORT
NATIONAL WEATHER SERVICE MEMPHIS TN
136 AM CST FRI DEC 9 2016


...................................

...THE JONESBORO CLIMATE SUMMARY FOR DECEMBER 8 2016...

CLIMATE NORMAL PERIOD 1981 TO 2010
CLIMATE RECORD PERIOD 1897 TO 2016


WEATHER ITEM   OBSERVED TIME   RECORD YEAR NORMAL DEPARTURE LAST
                VALUE   (LST)  VALUE       VALUE  FROM      YEAR
                                                  NORMAL
..................................................................
TEMPERATURE (F)
 YESTERDAY
  MAXIMUM         39    115 AM  73    1922  50    -11       62
  MINIMUM         28   1159 PM  10    1909  32     -4       33
  AVERAGE         34                        41     -7       48

PRECIPITATION (IN)
  YESTERDAY        0.00          2.17 1978   0.19  -0.19     0.00
  MONTH TO DATE    0.87                      1.46  -0.59     0.00
  SINCE DEC 1      0.87                      1.46  -0.59     0.00
  SINCE JAN 1     48.97                     44.79   4.18    58.16

DEGREE DAYS
 HEATING
  YESTERDAY       31                        24      7       17
  MONTH TO DATE  184                       185     -1      170
  SINCE DEC 1    184                       185     -1      170
  SINCE JUL 1    533                       835   -302      679

 COOLING
  YESTERDAY        0                         0      0        0
  MONTH TO DATE    0                         0      0        0
  SINCE DEC 1      0                         0      0        0
  SINCE JAN 1   2285                      1827    458     1748
..................................................................


WIND (MPH)
  HIGHEST WIND SPEED    17   HIGHEST WIND DIRECTION     N (340)
  HIGHEST GUST SPEED    24   HIGHEST GUST DIRECTION     N (340)
  AVERAGE WIND SPEED     8.1


SKY COVER
  POSSIBLE SUNSHINE  MM
  AVERAGE SKY COVER 0.2


WEATHER CONDITIONS
 THE FOLLOWING WEATHER WAS RECORDED YESTERDAY.
  NO SIGNIFICANT WEATHER WAS OBSERVED.


RELATIVE HUMIDITY (PERCENT)
 HIGHEST    75           800 AM
 LOWEST     38           400 PM
 AVERAGE    57

..........................................................


THE JONESBORO CLIMATE NORMALS FOR TODAY
                         NORMAL    RECORD    YEAR
 MAXIMUM TEMPERATURE (F)   49        74      1952
 MINIMUM TEMPERATURE (F)   32        -1      1917


SUNRISE AND SUNSET
DECEMBER  9 2016......SUNRISE   701 AM CST   SUNSET   449 PM CST
DECEMBER 10 2016......SUNRISE   702 AM CST   SUNSET   449 PM CST


-  INDICATES NEGATIVE NUMBERS.
R  INDICATES RECORD WAS SET OR TIED.
MM INDICATES DATA IS MISSING.
T  INDICATES TRACE AMOUNT.




$$
