000
CDUS44 KMEG 270732
CLIJBR


CLIMATE REPORT
NATIONAL WEATHER SERVICE MEMPHIS TN
131 AM CST SAT DEC 27 2014


...................................

...THE JONESBORO CLIMATE SUMMARY FOR DECEMBER 26 2014...

CLIMATE NORMAL PERIOD 1981 TO 2010
CLIMATE RECORD PERIOD 1897 TO 2014


WEATHER ITEM   OBSERVED TIME   RECORD YEAR NORMAL DEPARTURE LAST
                VALUE   (LST)  VALUE       VALUE  FROM      YEAR
                                                  NORMAL
..................................................................
TEMPERATURE (F)
 YESTERDAY
  MAXIMUM         55    300 PM  74    1889  46      9       45
  MINIMUM         37    552 AM   4    1983  29      8       23
  AVERAGE         46                        38      8       34

PRECIPITATION (IN)
  YESTERDAY        0.07          1.57 1975   0.15  -0.08     0.00
  MONTH TO DATE    2.46                      4.13  -1.67     6.44
  SINCE DEC 1      2.46                      4.13  -1.67     6.44
  SINCE JAN 1     43.82                     47.46  -3.64    52.42

SNOWFALL (IN)
  YESTERDAY        0.0           3.5  1975   0.0    0.0      0.0
  MONTH TO DATE    0.0                       0.4   -0.4      1.0
  SINCE DEC 1      0.0                       0.4   -0.4      1.0
  SINCE JUL 1      0.3                       0.4   -0.1      1.0
  SNOW DEPTH       0

DEGREE DAYS
 HEATING
  YESTERDAY       19                        27     -8       31
  MONTH TO DATE  546                       654   -108      664
  SINCE DEC 1    546                       654   -108      664
  SINCE JUL 1   1305                      1304      1     1407

 COOLING
  YESTERDAY        0                         0      0        0
  MONTH TO DATE    0                         0      0        0
  SINCE DEC 1      0                         0      0        0
  SINCE JAN 1   1800                      1827    -27     2044
..................................................................


WIND (MPH)
  HIGHEST WIND SPEED    21   HIGHEST WIND DIRECTION     S (170)
  HIGHEST GUST SPEED    25   HIGHEST GUST DIRECTION     S (180)
  AVERAGE WIND SPEED     9.5


SKY COVER
  POSSIBLE SUNSHINE  MM
  AVERAGE SKY COVER 0.5


WEATHER CONDITIONS
 THE FOLLOWING WEATHER WAS RECORDED YESTERDAY.
  LIGHT RAIN
  FOG


RELATIVE HUMIDITY (PERCENT)
 HIGHEST    92           300 AM
 LOWEST     61           300 PM
 AVERAGE    77

..........................................................


THE JONESBORO CLIMATE NORMALS FOR TODAY
                         NORMAL    RECORD    YEAR
 MAXIMUM TEMPERATURE (F)   46        76      1889
 MINIMUM TEMPERATURE (F)   29        12      1935


SUNRISE AND SUNSET
DECEMBER 27 2014......SUNRISE   711 AM CST   SUNSET   456 PM CST
DECEMBER 28 2014......SUNRISE   712 AM CST   SUNSET   457 PM CST


-  INDICATES NEGATIVE NUMBERS.
R  INDICATES RECORD WAS SET OR TIED.
MM INDICATES DATA IS MISSING.
T  INDICATES TRACE AMOUNT.




$$
