000
CDUS44 KMEG 010634
CLIJBR


CLIMATE REPORT
NATIONAL WEATHER SERVICE MEMPHIS TN
134 AM CDT SUN MAY 1 2016


...................................

...THE JONESBORO CLIMATE SUMMARY FOR APRIL 30 2016...

CLIMATE NORMAL PERIOD 1981 TO 2010
CLIMATE RECORD PERIOD 1897 TO 2016


WEATHER ITEM   OBSERVED TIME   RECORD YEAR NORMAL DEPARTURE LAST
                VALUE   (LST)  VALUE       VALUE  FROM      YEAR
                                                  NORMAL
..................................................................
TEMPERATURE (F)
 YESTERDAY
  MAXIMUM         77    431 PM  96    1901  75      2       77
  MINIMUM         62    149 AM  32    1908  54      8       47
  AVERAGE         70                        64      6       62

PRECIPITATION (IN)
  YESTERDAY        1.76          2.39 1893   0.21   1.55     0.00
  MONTH TO DATE    4.46                      5.02  -0.56     5.82
  SINCE MAR 1     17.68                      9.52   8.16    13.14
  SINCE JAN 1     21.61                     16.67   4.94    17.97

SNOWFALL (IN)
  YESTERDAY        0.0          MM      MM   0.0    0.0      0.0
  MONTH TO DATE    0.0                       0.0    0.0      0.0
  SINCE MAR 1      0.0                       0.7   -0.7      7.6
  SINCE JUL 1      0.3                       4.8   -4.5      9.4
  SNOW DEPTH       0

DEGREE DAYS
 HEATING
  YESTERDAY        0                         3     -3        3
  MONTH TO DATE  120                       196    -76      152
  SINCE MAR 1    466                       659   -193      717
  SINCE JUL 1   2955                      3615   -660     3965

 COOLING
  YESTERDAY        5                         2      3        0
  MONTH TO DATE   46                        41      5       28
  SINCE MAR 1     50                        47      3       28
  SINCE JAN 1     50                        47      3       28
..................................................................


WIND (MPH)
  HIGHEST WIND SPEED    25   HIGHEST WIND DIRECTION    SW (230)
  HIGHEST GUST SPEED    34   HIGHEST GUST DIRECTION     W (250)
  AVERAGE WIND SPEED    10.2


SKY COVER
  POSSIBLE SUNSHINE  MM
  AVERAGE SKY COVER 0.4


WEATHER CONDITIONS
 THE FOLLOWING WEATHER WAS RECORDED YESTERDAY.
  THUNDERSTORM
  HEAVY RAIN
  RAIN
  LIGHT RAIN
  FOG


RELATIVE HUMIDITY (PERCENT)
 HIGHEST   100          1200 AM
 LOWEST     60           400 PM
 AVERAGE    80

..........................................................


THE JONESBORO CLIMATE NORMALS FOR TODAY
                         NORMAL    RECORD    YEAR
 MAXIMUM TEMPERATURE (F)   75        98      1901
 MINIMUM TEMPERATURE (F)   54        35      1903


SUNRISE AND SUNSET
MAY  1 2016...........SUNRISE   610 AM CDT   SUNSET   750 PM CDT
MAY  2 2016...........SUNRISE   609 AM CDT   SUNSET   751 PM CDT


-  INDICATES NEGATIVE NUMBERS.
R  INDICATES RECORD WAS SET OR TIED.
MM INDICATES DATA IS MISSING.
T  INDICATES TRACE AMOUNT.




$$
