000
CDUS44 KMEG 190630
CLIJBR


CLIMATE REPORT
NATIONAL WEATHER SERVICE MEMPHIS TN
1229 AM CST SUN NOV 19 2017


...................................

...THE JONESBORO CLIMATE SUMMARY FOR NOVEMBER 18 2017...

CLIMATE NORMAL PERIOD 1981 TO 2010
CLIMATE RECORD PERIOD 1897 TO 2017


WEATHER ITEM   OBSERVED TIME   RECORD YEAR NORMAL DEPARTURE LAST
                VALUE   (LST)  VALUE       VALUE  FROM      YEAR
                                                  NORMAL
..................................................................
TEMPERATURE (F)
 YESTERDAY
  MAXIMUM         77   1241 PM  83    1930  58     19       75
  MINIMUM         45   1159 PM  16    1903  39      6       43
  AVERAGE         61                        48     13       59

PRECIPITATION (IN)
  YESTERDAY        0.02          4.29 1957   0.18  -0.16     0.06
  MONTH TO DATE    1.00                      2.71  -1.71     0.13
  SINCE SEP 1      2.43                     10.03  -7.60     3.71
  SINCE JAN 1     42.05                     41.14   0.91    44.73

DEGREE DAYS
 HEATING
  YESTERDAY        4                        16    -12        6
  MONTH TO DATE  182                       232    -50      106
  SINCE SEP 1    335                       419    -84      137
  SINCE JUL 1    335                       419    -84      137

 COOLING
  YESTERDAY        0                         0      0        0
  MONTH TO DATE   18                         1     17       17
  SINCE SEP 1    425                       279    146      532
  SINCE JAN 1   1958                      1825    133     2285
..................................................................


WIND (MPH)
  HIGHEST WIND SPEED    38   HIGHEST WIND DIRECTION    NW (310)
  HIGHEST GUST SPEED    54   HIGHEST GUST DIRECTION    NW (300)
  AVERAGE WIND SPEED    20.6


SKY COVER
  POSSIBLE SUNSHINE  MM
  AVERAGE SKY COVER 0.5


WEATHER CONDITIONS
 THE FOLLOWING WEATHER WAS RECORDED YESTERDAY.
  LIGHT RAIN


RELATIVE HUMIDITY (PERCENT)
 HIGHEST    87           300 AM
 LOWEST     59           600 PM
 AVERAGE    73

..........................................................


THE JONESBORO CLIMATE NORMALS FOR TODAY
                         NORMAL    RECORD    YEAR
 MAXIMUM TEMPERATURE (F)   58        93      1930
 MINIMUM TEMPERATURE (F)   39        15      1903


SUNRISE AND SUNSET
NOVEMBER 19 2017......SUNRISE   643 AM CST   SUNSET   453 PM CST
NOVEMBER 20 2017......SUNRISE   644 AM CST   SUNSET   452 PM CST


-  INDICATES NEGATIVE NUMBERS.
R  INDICATES RECORD WAS SET OR TIED.
MM INDICATES DATA IS MISSING.
T  INDICATES TRACE AMOUNT.




$$
