000
CDUS44 KMEG 202245
CLIJBR


CLIMATE REPORT
NATIONAL WEATHER SERVICE MEMPHIS TN
444 PM CST SAT JAN 20 2018


...................................

...THE JONESBORO CLIMATE SUMMARY FOR JANUARY 20 2018...
VALID TODAY AS OF 0400 PM LOCAL TIME.

CLIMATE NORMAL PERIOD 1981 TO 2010
CLIMATE RECORD PERIOD 1897 TO 2018


WEATHER ITEM   OBSERVED TIME   RECORD YEAR NORMAL DEPARTURE LAST
                VALUE   (LST)  VALUE       VALUE  FROM      YEAR
                                                  NORMAL
..................................................................
TEMPERATURE (F)
 TODAY
  MAXIMUM         52    259 PM  79    1906  46      6       64
  MINIMUM         39    428 AM -11    1985  29     10       50
  AVERAGE         46                        37      9       57

PRECIPITATION (IN)
  TODAY            0.00          1.46 1935   0.09  -0.09     0.00
  MONTH TO DATE    1.33                      2.17  -0.84     3.41
  SINCE DEC 1      6.45                      6.94  -0.49     7.87
  SINCE JAN 1      1.33                      2.17  -0.84     3.41

DEGREE DAYS
 HEATING
  TODAY           19                        28     -9        8
  MONTH TO DATE  711                       560    151      455
  SINCE DEC 1   1467                      1352    115     1190
  SINCE JUL 1   2011                      2002      9     1539

 COOLING
  TODAY            0                         0      0        0
  MONTH TO DATE    0                         0      0        0
  SINCE DEC 1      0                         0      0        0
  SINCE JAN 1      0                         0      0        0
..................................................................


WIND (MPH)
  HIGHEST WIND SPEED    18   HIGHEST WIND DIRECTION     S (200)
  HIGHEST GUST SPEED    23   HIGHEST GUST DIRECTION     S (200)
  AVERAGE WIND SPEED    11.0


SKY COVER
  POSSIBLE SUNSHINE  MM
  AVERAGE SKY COVER 1.0


WEATHER CONDITIONS
 THE FOLLOWING WEATHER WAS RECORDED TODAY.
  NO SIGNIFICANT WEATHER WAS OBSERVED.


RELATIVE HUMIDITY (PERCENT)
 HIGHEST    83           400 PM
 LOWEST     55           500 AM
 AVERAGE    69

..........................................................


THE JONESBORO CLIMATE NORMALS FOR TOMORROW
                         NORMAL    RECORD    YEAR
 MAXIMUM TEMPERATURE (F)   46        82      1906
 MINIMUM TEMPERATURE (F)   29        -3      1985
                                             1918


SUNRISE AND SUNSET
JANUARY 20 2018.......SUNRISE   710 AM CST   SUNSET   517 PM CST
JANUARY 21 2018.......SUNRISE   710 AM CST   SUNSET   518 PM CST


-  INDICATES NEGATIVE NUMBERS.
R  INDICATES RECORD WAS SET OR TIED.
MM INDICATES DATA IS MISSING.
T  INDICATES TRACE AMOUNT.




$$
