000
CDUS44 KMEG 230634
CLIJBR


CLIMATE REPORT
NATIONAL WEATHER SERVICE MEMPHIS TN
134 AM CDT SAT MAY 23 2015


...................................

...THE JONESBORO CLIMATE SUMMARY FOR MAY 22 2015...

CLIMATE NORMAL PERIOD 1981 TO 2010
CLIMATE RECORD PERIOD 1897 TO 2015


WEATHER ITEM   OBSERVED TIME   RECORD YEAR NORMAL DEPARTURE LAST
                VALUE   (LST)  VALUE       VALUE  FROM      YEAR
                                                  NORMAL
..................................................................
TEMPERATURE (F)
 YESTERDAY
  MAXIMUM         70    222 PM  98    1901  82    -12       88
  MINIMUM         43    504 AM  40    1924  60    -17       65
  AVERAGE         57                        71    -14       77

PRECIPITATION (IN)
  YESTERDAY        0.00          2.59 1985   0.13  -0.13     0.00
  MONTH TO DATE    5.82                      3.64   2.18     3.50
  SINCE MAR 1     18.96                     13.16   5.80    15.49
  SINCE JAN 1     23.79                     20.31   3.48    20.20

SNOWFALL (IN)
  YESTERDAY        0.0          MM      MM   0.0    0.0      0.0
  MONTH TO DATE    0.0                       0.0    0.0      0.0
  SINCE MAR 1      7.6                       0.7    6.9      3.2
  SINCE JUL 1      9.4                       4.8    4.6      5.2
  SNOW DEPTH       0

DEGREE DAYS
 HEATING
  YESTERDAY        8                         1      7        0
  MONTH TO DATE   48                        34     14       64
  SINCE MAR 1    765                       693     72      885
  SINCE JUL 1   4013                      3649    364     4150

 COOLING
  YESTERDAY        0                         7     -7       12
  MONTH TO DATE   87                        94     -7      123
  SINCE MAR 1    115                       141    -26      144
  SINCE JAN 1    115                       141    -26      144
..................................................................


WIND (MPH)
  HIGHEST WIND SPEED    10   HIGHEST WIND DIRECTION     E (100)
  HIGHEST GUST SPEED    14   HIGHEST GUST DIRECTION     E (100)
  AVERAGE WIND SPEED     4.1


SKY COVER
  POSSIBLE SUNSHINE  MM
  AVERAGE SKY COVER 0.0


WEATHER CONDITIONS
 THE FOLLOWING WEATHER WAS RECORDED YESTERDAY.
  FOG


RELATIVE HUMIDITY (PERCENT)
 HIGHEST   100          1200 AM
 LOWEST     40           200 PM
 AVERAGE    70

..........................................................


THE JONESBORO CLIMATE NORMALS FOR TODAY
                         NORMAL    RECORD    YEAR
 MAXIMUM TEMPERATURE (F)   82        97      1921
 MINIMUM TEMPERATURE (F)   60        39      1917


SUNRISE AND SUNSET
MAY 23 2015...........SUNRISE   552 AM CDT   SUNSET   807 PM CDT
MAY 24 2015...........SUNRISE   551 AM CDT   SUNSET   808 PM CDT


-  INDICATES NEGATIVE NUMBERS.
R  INDICATES RECORD WAS SET OR TIED.
MM INDICATES DATA IS MISSING.
T  INDICATES TRACE AMOUNT.




$$
