368
CDUS45 KGGW 270017
CLIJDN


CLIMATE REPORT
NATIONAL WEATHER SERVICE GLASGOW MT
617 PM MDT TUE JUL 26 2016


...................................

...THE JORDAN  ASOS MT CLIMATE SUMMARY FOR JULY 26 2016...
VALID TODAY AS OF 0500 PM LOCAL TIME.

CLIMATE NORMAL PERIOD 1981 TO 2010
CLIMATE RECORD PERIOD 9999 TO 9999


WEATHER ITEM   OBSERVED TIME   RECORD YEAR NORMAL DEPARTURE LAST
                VALUE   (LST)  VALUE       VALUE  FROM      YEAR
                                                  NORMAL
..................................................................
TEMPERATURE (F)
 TODAY
  MAXIMUM         90        MM  MM      MM  87      3       92
  MINIMUM         65        MM  MM      MM  56      9       65
  AVERAGE         78                        71      7       79

PRECIPITATION (IN)
  TODAY            0.01         MM      MM   0.04  -0.03     0.00
  MONTH TO DATE    1.42                      1.66  -0.24     1.12
  SINCE OCT 1     12.34                     10.06   2.28     9.94
  SINCE JAN 1      8.65                      8.52   0.13     8.75

SNOWFALL (IN)
  TODAY            0.0          MM      MM  MM     MM        0.0
  MONTH TO DATE    0.0                      MM     MM        0.0
  SINCE JUN 1      0.0                      MM     MM        0.0
  SINCE JUL 1      0.0                      MM     MM        0.0
  SNOW DEPTH       0

DEGREE DAYS
 HEATING
  TODAY            0                         1     -1        0
  MONTH TO DATE   13                        27    -14        1
  SINCE JUN 1     49                       152   -103       45
  SINCE JUL 1     13                        27    -14        1

 COOLING
  TODAY           13                         7      6       14
  MONTH TO DATE  161                       143     18      176
  SINCE JUN 1    239                       191     48      291
  SINCE JAN 1    242                       197     45      291
..................................................................


WIND (MPH)
  HIGHEST WIND SPEED    15   HIGHEST WIND DIRECTION    SE (150)
  HIGHEST GUST SPEED    23   HIGHEST GUST DIRECTION    SE (150)
  AVERAGE WIND SPEED     7.2


SKY COVER
  POSSIBLE SUNSHINE  MM
  AVERAGE SKY COVER 0.0


WEATHER CONDITIONS
 THE FOLLOWING WEATHER WAS RECORDED TODAY.
  NO SIGNIFICANT WEATHER WAS OBSERVED.


RELATIVE HUMIDITY (PERCENT)
 HIGHEST    73           200 AM
 LOWEST     27           400 PM
 AVERAGE    50

..........................................................


THE JORDAN  ASOS MT CLIMATE NORMALS FOR TOMORROW
                         NORMAL    RECORD    YEAR
 MAXIMUM TEMPERATURE (F)   87        MM        MM
 MINIMUM TEMPERATURE (F)   56        MM        MM


SUNRISE AND SUNSET
JULY 26 2016..........SUNRISE   539 AM MDT   SUNSET   848 PM MDT
JULY 27 2016..........SUNRISE   540 AM MDT   SUNSET   847 PM MDT


-  INDICATES NEGATIVE NUMBERS.
R  INDICATES RECORD WAS SET OR TIED.
MM INDICATES DATA IS MISSING.
T  INDICATES TRACE AMOUNT.




$$
