000
CDUS45 KGGW 250022
CLIJDN


CLIMATE REPORT
NATIONAL WEATHER SERVICE GLASGOW MT
520 PM MST SAT FEB 24 2018


...................................

...THE JORDAN  ASOS MT CLIMATE SUMMARY FOR FEBRUARY 24 2018...
VALID TODAY AS OF 0500 PM LOCAL TIME.

CLIMATE NORMAL PERIOD 1981 TO 2010
CLIMATE RECORD PERIOD 9999 TO 9999


WEATHER ITEM   OBSERVED TIME   RECORD YEAR NORMAL DEPARTURE LAST
                VALUE   (LST)  VALUE       VALUE  FROM      YEAR
                                                  NORMAL
..................................................................
TEMPERATURE (F)
 TODAY
  MAXIMUM         25        MM  MM      MM  38    -13       36
  MINIMUM         -8        MM  MM      MM  13    -21       24
  AVERAGE          9                        25    -16       30

PRECIPITATION (IN)
  TODAY            0.00         MM      MM   0.01  -0.01     0.01
  MONTH TO DATE    1.43                      0.20   1.23     0.45
  SINCE OCT 1      3.95                      1.97   1.98     4.22
  SINCE JAN 1      2.01                      0.43   1.58     1.01

SNOWFALL (IN)
  TODAY            0.0          MM      MM  MM     MM       MM
  MONTH TO DATE    0.0                      MM     MM        0.0
  SINCE DEC 1      0.0                      MM     MM        0.0
  SINCE JUL 1      0.0                      MM     MM        0.0
  SNOW DEPTH       0

DEGREE DAYS
 HEATING
  TODAY           56                        40     16       35
  MONTH TO DATE 1515                      1034    481      864
  SINCE DEC 1   4472                      3946    526     4005
  SINCE JUL 1   6393                      5964    429     5568

 COOLING
  TODAY            0                         0      0        0
  MONTH TO DATE    0                         0      0        0
  SINCE DEC 1      0                         0      0        0
  SINCE JAN 1      0                         0      0        0
..................................................................


WIND (MPH)
  HIGHEST WIND SPEED    16   HIGHEST WIND DIRECTION     W (250)
  HIGHEST GUST SPEED    MM   HIGHEST GUST DIRECTION    MM
  AVERAGE WIND SPEED     9.2


SKY COVER
  POSSIBLE SUNSHINE  MM
  AVERAGE SKY COVER 0.0


WEATHER CONDITIONS
 THE FOLLOWING WEATHER WAS RECORDED TODAY.
  NO SIGNIFICANT WEATHER WAS OBSERVED.


RELATIVE HUMIDITY (PERCENT)
 HIGHEST    82           500 AM
 LOWEST     62           100 PM
 AVERAGE    72

..........................................................


THE JORDAN  ASOS MT CLIMATE NORMALS FOR TOMORROW
                         NORMAL    RECORD    YEAR
 MAXIMUM TEMPERATURE (F)   38        MM        MM
 MINIMUM TEMPERATURE (F)   13        MM        MM


SUNRISE AND SUNSET
FEBRUARY 24 2018......SUNRISE   657 AM MST   SUNSET   545 PM MST
FEBRUARY 25 2018......SUNRISE   655 AM MST   SUNSET   547 PM MST


-  INDICATES NEGATIVE NUMBERS.
R  INDICATES RECORD WAS SET OR TIED.
MM INDICATES DATA IS MISSING.
T  INDICATES TRACE AMOUNT.




$$
