000
CDUS45 KGGW 220022
CLIJDN


CLIMATE REPORT
NATIONAL WEATHER SERVICE GLASGOW MT
621 PM MDT FRI JUL 21 2017


...................................

...THE JORDAN  ASOS MT CLIMATE SUMMARY FOR JULY 21 2017...
VALID TODAY AS OF 0500 PM LOCAL TIME.

CLIMATE NORMAL PERIOD 1981 TO 2010
CLIMATE RECORD PERIOD 9999 TO 9999


WEATHER ITEM   OBSERVED TIME   RECORD YEAR NORMAL DEPARTURE LAST
                VALUE   (LST)  VALUE       VALUE  FROM      YEAR
                                                  NORMAL
..................................................................
TEMPERATURE (F)
 TODAY
  MAXIMUM         90        MM  MM      MM  87      3       95
  MINIMUM         59        MM  MM      MM  55      4       57
  AVERAGE         75                        71      4       76

PRECIPITATION (IN)
  TODAY            0.00         MM      MM   0.05  -0.05     0.00
  MONTH TO DATE    0.28                      1.46  -1.18     1.41
  SINCE OCT 1      6.77                      9.86  -3.09    12.33
  SINCE JAN 1      3.56                      8.32  -4.76     8.64

SNOWFALL (IN)
  TODAY            0.0          MM      MM  MM     MM        0.0
  MONTH TO DATE    0.0                      MM     MM        0.0
  SINCE JUN 1      0.0                      MM     MM        0.0
  SINCE JUL 1      0.0                      MM     MM        0.0
  SNOW DEPTH       0

DEGREE DAYS
 HEATING
  TODAY            0                         1     -1        0
  MONTH TO DATE    0                        22    -22       13
  SINCE JUN 1     62                       147    -85       49
  SINCE JUL 1      0                        22    -22       13

 COOLING
  TODAY           10                         7      3       11
  MONTH TO DATE  270                       108    162      118
  SINCE JUN 1    343                       156    187      196
  SINCE JAN 1    357                       162    195      199
..................................................................


WIND (MPH)
  HIGHEST WIND SPEED    21   HIGHEST WIND DIRECTION     W (280)
  HIGHEST GUST SPEED    33   HIGHEST GUST DIRECTION    NW (310)
  AVERAGE WIND SPEED    12.9


SKY COVER
  POSSIBLE SUNSHINE  MM
  AVERAGE SKY COVER 0.0


WEATHER CONDITIONS
 THE FOLLOWING WEATHER WAS RECORDED TODAY.
  NO SIGNIFICANT WEATHER WAS OBSERVED.


RELATIVE HUMIDITY (PERCENT)
 HIGHEST    78           500 AM
 LOWEST      9           300 PM
 AVERAGE    44

..........................................................


THE JORDAN  ASOS MT CLIMATE NORMALS FOR TOMORROW
                         NORMAL    RECORD    YEAR
 MAXIMUM TEMPERATURE (F)   87        MM        MM
 MINIMUM TEMPERATURE (F)   55        MM        MM


SUNRISE AND SUNSET
JULY 21 2017..........SUNRISE   533 AM MDT   SUNSET   854 PM MDT
JULY 22 2017..........SUNRISE   534 AM MDT   SUNSET   853 PM MDT


-  INDICATES NEGATIVE NUMBERS.
R  INDICATES RECORD WAS SET OR TIED.
MM INDICATES DATA IS MISSING.
T  INDICATES TRACE AMOUNT.




$$
