677
CDUS45 KGGW 241231
CLIJDN


CLIMATE REPORT
NATIONAL WEATHER SERVICE GLASGOW MT
630 AM MDT MON APR 24 2017


...................................

...THE JORDAN  ASOS MT CLIMATE SUMMARY FOR APRIL 24 2017...
VALID AS OF 0600 AM LOCAL TIME.

CLIMATE NORMAL PERIOD 1981 TO 2010
CLIMATE RECORD PERIOD 9999 TO 9999


WEATHER ITEM   OBSERVED TIME   RECORD YEAR NORMAL DEPARTURE LAST
                VALUE   (LST)  VALUE       VALUE  FROM      YEAR
                                                  NORMAL
..................................................................
TEMPERATURE (F)
 TODAY
  MAXIMUM         40   1200 AM  MM      MM  61    -21       46
  MINIMUM         37    500 AM  MM      MM  32      5       33
  AVERAGE         39                        46     -7       40

PRECIPITATION (IN)
  TODAY            0.00         MM      MM   0.04  -0.04     0.74
  MONTH TO DATE    0.51                      0.75  -0.24     1.84
  SINCE OCT 1      5.43                      3.29   2.14     7.41
  SINCE JAN 1      2.22                      1.75   0.47     3.72

SNOWFALL (IN)
  TODAY            0.0          MM      MM  MM     MM       MM
  MONTH TO DATE    0.0                      MM     MM        0.0
  SINCE MAR 1      0.0                      MM     MM        0.0
  SINCE JUL 1      0.0                      MM     MM        0.0
  SNOW DEPTH      MM

DEGREE DAYS
 HEATING
  TODAY           26                        19      7       25
  MONTH TO DATE  445                       525    -80      426
  SINCE MAR 1   1317                      1509   -192     1212
  SINCE JUL 1   7063                      7627   -564     6561

 COOLING
  TODAY            0                         0      0        0
  MONTH TO DATE    0                         0      0        0
  SINCE MAR 1      0                         0      0        0
  SINCE JAN 1      0                         0      0        0
..................................................................


WIND (MPH)
  HIGHEST WIND SPEED     6   HIGHEST WIND DIRECTION    NE (60)
  HIGHEST GUST SPEED    MM   HIGHEST GUST DIRECTION    MM
  AVERAGE WIND SPEED     5.4


SKY COVER
  POSSIBLE SUNSHINE  MM
  AVERAGE SKY COVER 0.0


WEATHER CONDITIONS
 THE FOLLOWING WEATHER WAS RECORDED TODAY.
  NO SIGNIFICANT WEATHER WAS OBSERVED.


RELATIVE HUMIDITY (PERCENT)
 HIGHEST    92          1200 AM
 LOWEST     92          1200 AM
 AVERAGE    92

..........................................................


THE JORDAN  ASOS MT CLIMATE NORMALS FOR TOMORROW
                         NORMAL    RECORD    YEAR
 MAXIMUM TEMPERATURE (F)   61        MM        MM
 MINIMUM TEMPERATURE (F)   32        MM        MM


SUNRISE AND SUNSET
APRIL 24 2017.........SUNRISE   602 AM MDT   SUNSET   810 PM MDT
APRIL 25 2017.........SUNRISE   600 AM MDT   SUNSET   811 PM MDT


-  INDICATES NEGATIVE NUMBERS.
R  INDICATES RECORD WAS SET OR TIED.
MM INDICATES DATA IS MISSING.
T  INDICATES TRACE AMOUNT.




$$
