763
CDUS45 KBOI 030931
CLIJER


CLIMATE REPORT
NATIONAL WEATHER SERVICE BOISE ID
231 AM MST SAT DEC 3 2016


...................................

...THE JEROME ID CLIMATE SUMMARY FOR DECEMBER 2 2016...

CLIMATE NORMAL PERIOD 1981 TO 2010
CLIMATE RECORD PERIOD 1915 TO 2016


WEATHER ITEM   OBSERVED TIME   RECORD YEAR NORMAL DEPARTURE LAST
                VALUE   (LST)  VALUE       VALUE  FROM      YEAR
                                                  NORMAL
..................................................................
TEMPERATURE (F)
 YESTERDAY
  MAXIMUM         32    315 PM  63    1995  37     -5       30
  MINIMUM         19    243 AM   7    1967  22     -3       12
  AVERAGE         26                        30     -4       21

PRECIPITATION (IN)
  YESTERDAY        0.00          0.51 2005   0.05  -0.05     0.00
  MONTH TO DATE    0.00                      0.10  -0.10      T
  SINCE OCT 1      2.88                      2.13   0.75     3.25
  SINCE JAN 1      9.89                      9.42   0.47    10.55

DEGREE DAYS
 HEATING
  YESTERDAY       39                        35      4       44
  MONTH TO DATE   73                        70      3      101
  SINCE DEC 1     73                        70      3      101
  SINCE JUL 1   1299                      1621   -322     1434

 COOLING
  YESTERDAY        0                         0      0        0
  MONTH TO DATE    0                         0      0        0
  SINCE DEC 1      0                         0      0        0
  SINCE JAN 1    612                       510    102      713
..................................................................


WIND (MPH)
  HIGHEST WIND SPEED    13   HIGHEST WIND DIRECTION     W (250)
  HIGHEST GUST SPEED    18   HIGHEST GUST DIRECTION     W (260)
  AVERAGE WIND SPEED     5.2


SKY COVER
  AVERAGE SKY COVER 0.5


WEATHER CONDITIONS
 THE FOLLOWING WEATHER WAS RECORDED YESTERDAY.
  FOG
  FOG W/VISIBILITY <= 1/4 MILE


RELATIVE HUMIDITY (PERCENT)
 HIGHEST   100           400 AM
 LOWEST     69           400 PM
 AVERAGE    85

..........................................................


THE JEROME ID CLIMATE NORMALS FOR TODAY
                         NORMAL    RECORD    YEAR
 MAXIMUM TEMPERATURE (F)   37        60      1958
 MINIMUM TEMPERATURE (F)   22         9      1984


SUNRISE AND SUNSET
DECEMBER  3 2016......SUNRISE   751 AM MST   SUNSET   504 PM MST
DECEMBER  4 2016......SUNRISE   752 AM MST   SUNSET   504 PM MST


-  INDICATES NEGATIVE NUMBERS.
R  INDICATES RECORD WAS SET OR TIED.
MM INDICATES DATA IS MISSING.
T  INDICATES TRACE AMOUNT.




$$
