000
CDUS45 KBOI 290932
CLIJER


CLIMATE REPORT
NATIONAL WEATHER SERVICE BOISE ID
332 AM MDT FRI JUL 29 2016


...................................

...THE JEROME ID CLIMATE SUMMARY FOR JULY 28 2016...

CLIMATE NORMAL PERIOD 1981 TO 2010
CLIMATE RECORD PERIOD 1915 TO 2016


WEATHER ITEM   OBSERVED TIME   RECORD YEAR NORMAL DEPARTURE LAST
                VALUE   (LST)  VALUE       VALUE  FROM      YEAR
                                                  NORMAL
..................................................................
TEMPERATURE (F)
 YESTERDAY
  MAXIMUM         96    510 PM 108    1934  88      8       74
  MINIMUM         57    516 AM  41    2015  57      0       41
  AVERAGE         77                        73      4       58

PRECIPITATION (IN)
  YESTERDAY        0.00          0.07 1984   0.01  -0.01     0.00
  MONTH TO DATE    0.03                      0.20  -0.17     0.46
  SINCE OCT 1      9.99                     10.09  -0.10     8.67
  SINCE JAN 1      5.40                      6.57  -1.17     5.77

DEGREE DAYS
 HEATING
  YESTERDAY        0                         0      0        7
  MONTH TO DATE   15                        10      5       12
  SINCE JUN 1     57                       117    -60       27
  SINCE JUL 1     15                        10      5       12

 COOLING
  YESTERDAY       12                         8      4        0
  MONTH TO DATE  187                       180      7      186
  SINCE JUN 1    348                       248    100      400
  SINCE JAN 1    352                       261     91      410
..................................................................


WIND (MPH)
  HIGHEST WIND SPEED    15   HIGHEST WIND DIRECTION    SW (240)
  HIGHEST GUST SPEED    19   HIGHEST GUST DIRECTION     W (250)
  AVERAGE WIND SPEED     6.2


SKY COVER
  AVERAGE SKY COVER 0.0


WEATHER CONDITIONS
 THE FOLLOWING WEATHER WAS RECORDED YESTERDAY.
  NO SIGNIFICANT WEATHER WAS OBSERVED.


RELATIVE HUMIDITY (PERCENT)
 HIGHEST    60           500 AM
 LOWEST     14           600 PM
 AVERAGE    37

..........................................................


THE JEROME ID CLIMATE NORMALS FOR TODAY
                         NORMAL    RECORD    YEAR
 MAXIMUM TEMPERATURE (F)   88       106      1934
 MINIMUM TEMPERATURE (F)   57        43      1950


SUNRISE AND SUNSET
JULY 29 2016..........SUNRISE   627 AM MDT   SUNSET   901 PM MDT
JULY 30 2016..........SUNRISE   628 AM MDT   SUNSET   900 PM MDT


-  INDICATES NEGATIVE NUMBERS.
R  INDICATES RECORD WAS SET OR TIED.
MM INDICATES DATA IS MISSING.
T  INDICATES TRACE AMOUNT.




$$
