000
CDUS45 KBOI 180931
CLIJER


CLIMATE REPORT
NATIONAL WEATHER SERVICE BOISE ID
231 AM MST MON DEC 18 2017


...................................

...THE JEROME ID CLIMATE SUMMARY FOR DECEMBER 17 2017...

CLIMATE NORMAL PERIOD 1981 TO 2010
CLIMATE RECORD PERIOD 1915 TO 2017


WEATHER ITEM   OBSERVED TIME   RECORD YEAR NORMAL DEPARTURE LAST
                VALUE   (LST)  VALUE       VALUE  FROM      YEAR
                                                  NORMAL
..................................................................
TEMPERATURE (F)
 YESTERDAY
  MAXIMUM         34    301 PM  55    1962  34      0       15
  MINIMUM         18    716 AM  -8    1964  19     -1        5
  AVERAGE         26                        26      0       10

PRECIPITATION (IN)
  YESTERDAY        0.00          0.35 1972   0.06  -0.06      T
  MONTH TO DATE    0.02                      0.86  -0.84     1.44
  SINCE OCT 1      2.39                      2.89  -0.50     4.32
  SINCE JAN 1      9.92                     10.18  -0.26    11.33

DEGREE DAYS
 HEATING
  YESTERDAY       39                        39      0       55
  MONTH TO DATE  628                       632     -4      653
  SINCE DEC 1    628                       632     -4      653
  SINCE JUL 1   2084                      2183    -99     1879

 COOLING
  YESTERDAY        0                         0      0        0
  MONTH TO DATE    0                         0      0        0
  SINCE DEC 1      0                         0      0        0
  SINCE JAN 1    929                       510    419      612
..................................................................


WIND (MPH)
  HIGHEST WIND SPEED    17   HIGHEST WIND DIRECTION    SW (220)
  HIGHEST GUST SPEED    21   HIGHEST GUST DIRECTION    SW (220)
  AVERAGE WIND SPEED     5.9


SKY COVER
  AVERAGE SKY COVER 0.7


WEATHER CONDITIONS
 THE FOLLOWING WEATHER WAS RECORDED YESTERDAY.
  NO SIGNIFICANT WEATHER WAS OBSERVED.


RELATIVE HUMIDITY (PERCENT)
 HIGHEST    88           200 AM
 LOWEST     56           200 PM
 AVERAGE    72

..........................................................


THE JEROME ID CLIMATE NORMALS FOR TODAY
                         NORMAL    RECORD    YEAR
 MAXIMUM TEMPERATURE (F)   33        58      1917
 MINIMUM TEMPERATURE (F)   19        -3      1984


SUNRISE AND SUNSET
DECEMBER 18 2017......SUNRISE   803 AM MST   SUNSET   506 PM MST
DECEMBER 19 2017......SUNRISE   804 AM MST   SUNSET   506 PM MST


-  INDICATES NEGATIVE NUMBERS.
R  INDICATES RECORD WAS SET OR TIED.
MM INDICATES DATA IS MISSING.
T  INDICATES TRACE AMOUNT.




$$
