000
CDUS45 KBOI 270931
CLIJER


CLIMATE REPORT
NATIONAL WEATHER SERVICE BOISE ID
231 AM MST FRI FEB 27 2015


...................................

...THE JEROME ID CLIMATE SUMMARY FOR FEBRUARY 26 2015...

CLIMATE NORMAL PERIOD 1981 TO 2010
CLIMATE RECORD PERIOD 1919 TO 2015


WEATHER ITEM   OBSERVED TIME   RECORD YEAR NORMAL DEPARTURE LAST
                VALUE   (LST)  VALUE       VALUE  FROM      YEAR
                                                  NORMAL
..................................................................
TEMPERATURE (F)
 YESTERDAY
  MAXIMUM         43    357 PM  67    1986  43      0       58
  MINIMUM         29    505 AM   0    1964  25      4       31
  AVERAGE         36                        34      2       45

PRECIPITATION (IN)
  YESTERDAY        T             0.33 1983   0.04  -0.04     0.00
  MONTH TO DATE    0.32                      0.81  -0.49     1.38
  SINCE OCT 1      4.41                      5.39  -0.98     2.72
  SINCE JAN 1      1.51                      1.87  -0.36     2.12

DEGREE DAYS
 HEATING
  YESTERDAY       29                        31     -2       20
  MONTH TO DATE  613                       901   -288      775
  SINCE DEC 1   2651                      3275   -624     3139
  SINCE JUL 1   3987                      4826   -839     4622

 COOLING
  YESTERDAY        0                         0      0        0
  MONTH TO DATE    0                         0      0        0
  SINCE DEC 1      0                         0      0        0
  SINCE JAN 1      0                         0      0        0
..................................................................


WIND (MPH)
  HIGHEST WIND SPEED    15   HIGHEST WIND DIRECTION     S (180)
  HIGHEST GUST SPEED    18   HIGHEST GUST DIRECTION     S (180)
  AVERAGE WIND SPEED     6.5


SKY COVER
  AVERAGE SKY COVER 0.6


WEATHER CONDITIONS
 THE FOLLOWING WEATHER WAS RECORDED YESTERDAY.
  LIGHT RAIN


RELATIVE HUMIDITY (PERCENT)
 HIGHEST    89           800 AM
 LOWEST     52          1200 AM
 AVERAGE    71

..........................................................


THE JEROME ID CLIMATE NORMALS FOR TODAY
                         NORMAL    RECORD    YEAR
 MAXIMUM TEMPERATURE (F)   44        65      1980
 MINIMUM TEMPERATURE (F)   25        -3      1993


SUNRISE AND SUNSET
FEBRUARY 27 2015......SUNRISE   717 AM MST   SUNSET   625 PM MST
FEBRUARY 28 2015......SUNRISE   715 AM MST   SUNSET   626 PM MST


-  INDICATES NEGATIVE NUMBERS.
R  INDICATES RECORD WAS SET OR TIED.
MM INDICATES DATA IS MISSING.
T  INDICATES TRACE AMOUNT.




$$
