000
CDUS45 KBOI 260931
CLIJER


CLIMATE REPORT
NATIONAL WEATHER SERVICE BOISE ID
230 AM MST MON JAN 26 2015


...................................

...THE JEROME ID CLIMATE SUMMARY FOR JANUARY 25 2015...

CLIMATE NORMAL PERIOD 1981 TO 2010
CLIMATE RECORD PERIOD 1919 TO 2015


WEATHER ITEM   OBSERVED TIME   RECORD YEAR NORMAL DEPARTURE LAST
                VALUE   (LST)  VALUE       VALUE  FROM      YEAR
                                                  NORMAL
..................................................................
TEMPERATURE (F)
 YESTERDAY
  MAXIMUM         40    334 PM  61    1953  34      6       23
  MINIMUM         25    103 AM -22    1949  20      5       20
  AVERAGE         33                        27      6       22

PRECIPITATION (IN)
  YESTERDAY        0.00          0.42 1967   0.03  -0.03     0.00
  MONTH TO DATE    1.09                      0.93   0.16     0.26
  SINCE OCT 1      3.99                      4.45  -0.46     0.86
  SINCE JAN 1      1.09                      0.93   0.16     0.26

DEGREE DAYS
 HEATING
  YESTERDAY       32                        38     -6       43
  MONTH TO DATE  922                       968    -46      841
  SINCE DEC 1   1871                      2147   -276     2142
  SINCE JUL 1   3207                      3698   -491     3625

 COOLING
  YESTERDAY        0                         0      0        0
  MONTH TO DATE    0                         0      0        0
  SINCE DEC 1      0                         0      0        0
  SINCE JAN 1      0                         0      0        0
..................................................................


WIND (MPH)
  HIGHEST WIND SPEED    24   HIGHEST WIND DIRECTION    NE (50)
  HIGHEST GUST SPEED    28   HIGHEST GUST DIRECTION    NE (50)
  AVERAGE WIND SPEED    12.7


SKY COVER
  AVERAGE SKY COVER 0.0


WEATHER CONDITIONS
 THE FOLLOWING WEATHER WAS RECORDED YESTERDAY.
  NO SIGNIFICANT WEATHER WAS OBSERVED.


RELATIVE HUMIDITY (PERCENT)
 HIGHEST    92           100 AM
 LOWEST     70           200 PM
 AVERAGE    81

..........................................................


THE JEROME ID CLIMATE NORMALS FOR TODAY
                         NORMAL    RECORD    YEAR
 MAXIMUM TEMPERATURE (F)   34        55      1971
 MINIMUM TEMPERATURE (F)   20       -16      1949


SUNRISE AND SUNSET
JANUARY 26 2015.......SUNRISE   758 AM MST   SUNSET   543 PM MST
JANUARY 27 2015.......SUNRISE   757 AM MST   SUNSET   544 PM MST


-  INDICATES NEGATIVE NUMBERS.
R  INDICATES RECORD WAS SET OR TIED.
MM INDICATES DATA IS MISSING.
T  INDICATES TRACE AMOUNT.




$$
