000
CDUS45 KBOI 030932
CLIJER


CLIMATE REPORT
NATIONAL WEATHER SERVICE BOISE ID
332 AM MDT THU SEP 3 2015


...................................

...THE JEROME ID CLIMATE SUMMARY FOR SEPTEMBER 2 2015...

CLIMATE NORMAL PERIOD 1981 TO 2010
CLIMATE RECORD PERIOD 1919 TO 2015


WEATHER ITEM   OBSERVED TIME   RECORD YEAR NORMAL DEPARTURE LAST
                VALUE   (LST)  VALUE       VALUE  FROM      YEAR
                                                  NORMAL
..................................................................
TEMPERATURE (F)
 YESTERDAY
  MAXIMUM         85    332 PM 101    1950  81      4       82
  MINIMUM         56    529 AM  36    2008  50      6       43
  AVERAGE         71                        66      5       63

PRECIPITATION (IN)
  YESTERDAY        0.00          0.18 1985   0.01  -0.01     0.00
  MONTH TO DATE    0.00                      0.02  -0.02     0.00
  SINCE OCT 1      9.63                     10.40  -0.77     9.17
  SINCE JAN 1      6.73                      6.88  -0.15     8.57

DEGREE DAYS
 HEATING
  YESTERDAY        0                         3     -3        2
  MONTH TO DATE    0                         5     -5        6
  SINCE SEP 1      0                         5     -5        6
  SINCE JUL 1     15                        38    -23       33

 COOLING
  YESTERDAY        6                         3      3        0
  MONTH TO DATE   10                         7      3        0
  SINCE SEP 1     10                         7      3        0
  SINCE JAN 1    653                       472    181      592
..................................................................


WIND (MPH)
  HIGHEST WIND SPEED    13   HIGHEST WIND DIRECTION     W (290)
  HIGHEST GUST SPEED    17   HIGHEST GUST DIRECTION     W (290)
  AVERAGE WIND SPEED     5.8


SKY COVER
  AVERAGE SKY COVER 0.0


WEATHER CONDITIONS
 THE FOLLOWING WEATHER WAS RECORDED YESTERDAY.
  NO SIGNIFICANT WEATHER WAS OBSERVED.


RELATIVE HUMIDITY (PERCENT)
 HIGHEST    48          1100 PM
 LOWEST     18           200 PM
 AVERAGE    33

..........................................................


THE JEROME ID CLIMATE NORMALS FOR TODAY
                         NORMAL    RECORD    YEAR
 MAXIMUM TEMPERATURE (F)   81        98      2005
 MINIMUM TEMPERATURE (F)   50        36      1961


SUNRISE AND SUNSET
SEPTEMBER  3 2015.....SUNRISE   704 AM MDT   SUNSET   809 PM MDT
SEPTEMBER  4 2015.....SUNRISE   706 AM MDT   SUNSET   807 PM MDT


-  INDICATES NEGATIVE NUMBERS.
R  INDICATES RECORD WAS SET OR TIED.
MM INDICATES DATA IS MISSING.
T  INDICATES TRACE AMOUNT.




$$
