000
CDUS45 KBOI 180931
CLIJER


CLIMATE REPORT
NATIONAL WEATHER SERVICE BOISE ID
331 AM MDT WED OCT 18 2017


...................................

...THE JEROME ID CLIMATE SUMMARY FOR OCTOBER 17 2017...

CLIMATE NORMAL PERIOD 1981 TO 2010
CLIMATE RECORD PERIOD 1915 TO 2017


WEATHER ITEM   OBSERVED TIME   RECORD YEAR NORMAL DEPARTURE LAST
                VALUE   (LST)  VALUE       VALUE  FROM      YEAR
                                                  NORMAL
..................................................................
TEMPERATURE (F)
 YESTERDAY
  MAXIMUM         69    351 PM  86    1958  60      9       56
  MINIMUM         37    756 AM  20    1996  37      0       37
  AVERAGE         53                        49      4       47

PRECIPITATION (IN)
  YESTERDAY        0.00          0.28 1969   0.03  -0.03     0.17
  MONTH TO DATE    0.39                      0.40  -0.01     1.25
  SINCE OCT 1      0.39                      0.40  -0.01     1.25
  SINCE JAN 1      7.92                      7.69   0.23     8.26

DEGREE DAYS
 HEATING
  YESTERDAY       12                        16     -4       18
  MONTH TO DATE  321                       228     93      213
  SINCE SEP 1    531                       398    133      388
  SINCE JUL 1    532                       431    101      410

 COOLING
  YESTERDAY        0                         0      0        0
  MONTH TO DATE    0                         0      0        0
  SINCE SEP 1    121                        44     77       30
  SINCE JAN 1    929                       509    420      612
..................................................................


WIND (MPH)
  HIGHEST WIND SPEED    21   HIGHEST WIND DIRECTION    NE (40)
  HIGHEST GUST SPEED    25   HIGHEST GUST DIRECTION    NE (40)
  AVERAGE WIND SPEED     8.7


SKY COVER
  AVERAGE SKY COVER 0.0


WEATHER CONDITIONS
 THE FOLLOWING WEATHER WAS RECORDED YESTERDAY.
  HAZE


RELATIVE HUMIDITY (PERCENT)
 HIGHEST    64           600 AM
 LOWEST     19           400 PM
 AVERAGE    42

..........................................................


THE JEROME ID CLIMATE NORMALS FOR TODAY
                         NORMAL    RECORD    YEAR
 MAXIMUM TEMPERATURE (F)   60        86      2003
 MINIMUM TEMPERATURE (F)   37        19      1996


SUNRISE AND SUNSET
OCTOBER 18 2017.......SUNRISE   755 AM MDT   SUNSET   650 PM MDT
OCTOBER 19 2017.......SUNRISE   756 AM MDT   SUNSET   649 PM MDT


-  INDICATES NEGATIVE NUMBERS.
R  INDICATES RECORD WAS SET OR TIED.
MM INDICATES DATA IS MISSING.
T  INDICATES TRACE AMOUNT.




$$
