000
CDUS45 KBOI 010931
CLIJER


CLIMATE REPORT
NATIONAL WEATHER SERVICE BOISE ID
330 AM MDT SUN MAY 1 2016


...................................

...THE JEROME ID CLIMATE SUMMARY FOR APRIL 30 2016...

CLIMATE NORMAL PERIOD 1981 TO 2010
CLIMATE RECORD PERIOD 1915 TO 2016


WEATHER ITEM   OBSERVED TIME   RECORD YEAR NORMAL DEPARTURE LAST
                VALUE   (LST)  VALUE       VALUE  FROM      YEAR
                                                  NORMAL
..................................................................
TEMPERATURE (F)
 YESTERDAY
  MAXIMUM         62    445 PM  90    1992  62      0       65
  MINIMUM         38    624 AM  20    1950  38      0       40
  AVERAGE         50                        50      0       53

PRECIPITATION (IN)
  YESTERDAY        0.02          0.62 1922   0.05  -0.03     0.00
  MONTH TO DATE    0.59                      1.34  -0.75     0.17
  SINCE OCT 1      8.55                      7.88   0.67     4.91
  SINCE JAN 1      3.96                      4.36  -0.40     2.01

DEGREE DAYS
 HEATING
  YESTERDAY       15                        15      0       12
  MONTH TO DATE  383                       547   -164      507
  SINCE MAR 1   1061                      1316   -255     1062
  SINCE JUL 1   5600                      6203   -603     5104

 COOLING
  YESTERDAY        0                         0      0        0
  MONTH TO DATE    1                         0      1        0
  SINCE MAR 1      1                         0      1        0
  SINCE JAN 1      1                         0      1        0
..................................................................


WIND (MPH)
  HIGHEST WIND SPEED    24   HIGHEST WIND DIRECTION     N (350)
  HIGHEST GUST SPEED    31   HIGHEST GUST DIRECTION     N (340)
  AVERAGE WIND SPEED     7.2


SKY COVER
  AVERAGE SKY COVER 0.9


WEATHER CONDITIONS
 THE FOLLOWING WEATHER WAS RECORDED YESTERDAY.
  LIGHT RAIN


RELATIVE HUMIDITY (PERCENT)
 HIGHEST   100           600 AM
 LOWEST     40           400 PM
 AVERAGE    70

..........................................................


THE JEROME ID CLIMATE NORMALS FOR TODAY
                         NORMAL    RECORD    YEAR
 MAXIMUM TEMPERATURE (F)   63        84      1947
 MINIMUM TEMPERATURE (F)   38        19      1953


SUNRISE AND SUNSET
MAY  1 2016...........SUNRISE   631 AM MDT   SUNSET   839 PM MDT
MAY  2 2016...........SUNRISE   630 AM MDT   SUNSET   840 PM MDT


-  INDICATES NEGATIVE NUMBERS.
R  INDICATES RECORD WAS SET OR TIED.
MM INDICATES DATA IS MISSING.
T  INDICATES TRACE AMOUNT.




$$
