000
CDUS45 KBOI 300930
CLIJER


CLIMATE REPORT
NATIONAL WEATHER SERVICE BOISE ID
330 AM MDT SUN APR 30 2017


...................................

...THE JEROME ID CLIMATE SUMMARY FOR APRIL 29 2017...

CLIMATE NORMAL PERIOD 1981 TO 2010
CLIMATE RECORD PERIOD 1915 TO 2017


WEATHER ITEM   OBSERVED TIME   RECORD YEAR NORMAL DEPARTURE LAST
                VALUE   (LST)  VALUE       VALUE  FROM      YEAR
                                                  NORMAL
..................................................................
TEMPERATURE (F)
 YESTERDAY
  MAXIMUM         58    508 PM  87    1926  62     -4       62
  MINIMUM         31    559 AM  24    1917  38     -7       37
  AVERAGE         45                        50     -5       50

PRECIPITATION (IN)
  YESTERDAY        0.00          0.36 1983   0.05  -0.05      T
  MONTH TO DATE    1.10                      1.29  -0.19     0.57
  SINCE OCT 1      9.64                      7.83   1.81     8.53
  SINCE JAN 1      5.12                      4.31   0.81     3.94

DEGREE DAYS
 HEATING
  YESTERDAY       20                        15      5       15
  MONTH TO DATE  556                       532     24      368
  SINCE MAR 1   1182                      1301   -119     1046
  SINCE JUL 1   5605                      6188   -583     5585

 COOLING
  YESTERDAY        0                         0      0        0
  MONTH TO DATE    0                         0      0        1
  SINCE MAR 1      0                         0      0        1
  SINCE JAN 1      0                         0      0        1
..................................................................


WIND (MPH)
  HIGHEST WIND SPEED    17   HIGHEST WIND DIRECTION     W (250)
  HIGHEST GUST SPEED    26   HIGHEST GUST DIRECTION    NW (300)
  AVERAGE WIND SPEED     9.0


SKY COVER
  AVERAGE SKY COVER 0.0


WEATHER CONDITIONS
 THE FOLLOWING WEATHER WAS RECORDED YESTERDAY.
  NO SIGNIFICANT WEATHER WAS OBSERVED.


RELATIVE HUMIDITY (PERCENT)
 HIGHEST    85           600 AM
 LOWEST     24           500 PM
 AVERAGE    55

..........................................................


THE JEROME ID CLIMATE NORMALS FOR TODAY
                         NORMAL    RECORD    YEAR
 MAXIMUM TEMPERATURE (F)   62        90      1992
 MINIMUM TEMPERATURE (F)   38        20      1950


SUNRISE AND SUNSET
APRIL 30 2017.........SUNRISE   633 AM MDT   SUNSET   837 PM MDT
MAY  1 2017...........SUNRISE   632 AM MDT   SUNSET   839 PM MDT


-  INDICATES NEGATIVE NUMBERS.
R  INDICATES RECORD WAS SET OR TIED.
MM INDICATES DATA IS MISSING.
T  INDICATES TRACE AMOUNT.




$$
