000
CDUS41 KOKX 312036
CLIJFK


CLIMATE REPORT
NATIONAL WEATHER SERVICE NEW YORK NY
436 PM EDT MON AUG 31 2015


...................................

...THE KENNEDY NY CLIMATE SUMMARY FOR AUGUST 31 2015...
VALID TODAY AS OF 0400 PM LOCAL TIME.

CLIMATE NORMAL PERIOD 1981 TO 2010
CLIMATE RECORD PERIOD 1949 TO 2015


WEATHER ITEM   OBSERVED TIME   RECORD YEAR NORMAL DEPARTURE LAST
                VALUE   (LST)  VALUE       VALUE  FROM      YEAR
                                                  NORMAL
..................................................................
TEMPERATURE (F)
 TODAY
  MAXIMUM         91    203 PM  97    2010  80     11       85
  MINIMUM         75    415 AM  46    1965  66      9       73
  AVERAGE         83                        73     10       79

PRECIPITATION (IN)
  TODAY            0.00          1.47 1949   0.10  -0.10     0.14
  MONTH TO DATE    3.63                      3.68  -0.05     4.23
  SINCE JUN 1     10.93                     11.62  -0.69    11.67
  SINCE JAN 1     25.54                     28.96  -3.42    34.11

SNOWFALL (IN)
  TODAY            0.0          MM      MM   0.0    0.0      0.0
  MONTH TO DATE    0.0                       0.0    0.0      0.0
  SINCE OCT 1     44.2                      23.8   20.4     45.6
  SINCE JUL 1      0.0                       0.0    0.0      0.0
  SNOW DEPTH       0

DEGREE DAYS
 HEATING
  TODAY            0                         0      0        0
  MONTH TO DATE    0                         0      0        0
  SINCE JUN 1     29                        22      7        0
  SINCE JUL 1      0                         1     -1        0

 COOLING
  TODAY           18                         8     10       14
  MONTH TO DATE  425                       306    119      290
  SINCE JUN 1   1073                       826    247      831
  SINCE JAN 1   1133                       861    272      863
..................................................................


WIND (MPH)
  HIGHEST WIND SPEED    18   HIGHEST WIND DIRECTION    SW (230)
  HIGHEST GUST SPEED    23   HIGHEST GUST DIRECTION    SW (210)
  AVERAGE WIND SPEED    11.3


SKY COVER
  AVERAGE SKY COVER 0.8


WEATHER CONDITIONS
 THE FOLLOWING WEATHER WAS RECORDED TODAY.
  NO SIGNIFICANT WEATHER WAS OBSERVED.


RELATIVE HUMIDITY (PERCENT)
 HIGHEST    79           200 AM
 LOWEST     47           200 PM
 AVERAGE    63

..........................................................


THE KENNEDY NY CLIMATE NORMALS FOR TOMORROW
                         NORMAL    RECORD    YEAR
 MAXIMUM TEMPERATURE (F)   80        92      2012
                                             2010
 MINIMUM TEMPERATURE (F)   66        54      1985
                                             1967


SUNRISE AND SUNSET
AUGUST 31 2015........SUNRISE   621 AM EDT   SUNSET   729 PM EDT
SEPTEMBER  1 2015.....SUNRISE   622 AM EDT   SUNSET   728 PM EDT


-  INDICATES NEGATIVE NUMBERS.
R  INDICATES RECORD WAS SET OR TIED.
MM INDICATES DATA IS MISSING.
T  INDICATES TRACE AMOUNT.




$$
