000
CDUS41 KOKX 190622
CLIJFK


CLIMATE REPORT
NATIONAL WEATHER SERVICE NEW YORK NY
222 AM EDT THU OCT 19 2017


...................................

...THE KENNEDY NY CLIMATE SUMMARY FOR OCTOBER 18 2017...

CLIMATE NORMAL PERIOD 1981 TO 2010
CLIMATE RECORD PERIOD 1948 TO 2017


WEATHER ITEM   OBSERVED TIME   RECORD YEAR NORMAL DEPARTURE LAST
                VALUE   (LST)  VALUE       VALUE  FROM      YEAR
                                                  NORMAL
..................................................................
TEMPERATURE (F)
 YESTERDAY
  MAXIMUM         71    158 PM  77    1964  64      7       75
  MINIMUM         50    619 AM  37    1978  49      1       61
                                      1974
  AVERAGE         61                        56      5       68

PRECIPITATION (IN)
  YESTERDAY        0.00          1.56 1975   0.12  -0.12     0.00
  MONTH TO DATE    0.50                      2.18  -1.68     1.35
  SINCE SEP 1      2.70                      5.68  -2.98     4.22
  SINCE JAN 1     35.95                     34.64   1.31    27.49

SNOWFALL (IN)
  YESTERDAY        0.0          MM      MM   0.0    0.0      0.0
  MONTH TO DATE    0.0                       0.0    0.0      0.0
  SINCE OCT 1      0.0                       0.0    0.0      0.0
  SINCE JUL 1      0.0                       0.0    0.0      0.0
  SNOW DEPTH       0

DEGREE DAYS
 HEATING
  YESTERDAY        4                         9     -5        0
  MONTH TO DATE   47                       117    -70       82
  SINCE SEP 1     59                       155    -96       95
  SINCE JUL 1     59                       156    -97       95

 COOLING
  YESTERDAY        0                         0      0        3
  MONTH TO DATE   60                        12     48        8
  SINCE SEP 1    244                       142    102      213
  SINCE JAN 1   1167                      1003    164     1350
..................................................................


WIND (MPH)
  HIGHEST WIND SPEED    17   HIGHEST WIND DIRECTION     W (260)
  HIGHEST GUST SPEED    21   HIGHEST GUST DIRECTION     W (260)
  AVERAGE WIND SPEED    10.3


SKY COVER
  POSSIBLE SUNSHINE  MM
  AVERAGE SKY COVER 0.1


WEATHER CONDITIONS
 THE FOLLOWING WEATHER WAS RECORDED YESTERDAY.
  NO SIGNIFICANT WEATHER WAS OBSERVED.


RELATIVE HUMIDITY (PERCENT)
 HIGHEST    90           800 PM
 LOWEST     42          1100 AM
 AVERAGE    66

..........................................................


THE KENNEDY NY CLIMATE NORMALS FOR TODAY
                         NORMAL    RECORD    YEAR
 MAXIMUM TEMPERATURE (F)   63        86      2016
 MINIMUM TEMPERATURE (F)   48        31      1976


SUNRISE AND SUNSET
OCTOBER 19 2017.......SUNRISE   711 AM EDT   SUNSET   609 PM EDT
OCTOBER 20 2017.......SUNRISE   712 AM EDT   SUNSET   607 PM EDT


-  INDICATES NEGATIVE NUMBERS.
R  INDICATES RECORD WAS SET OR TIED.
MM INDICATES DATA IS MISSING.
T  INDICATES TRACE AMOUNT.




$$
