000
CDUS41 KOKX 170621
CLIJFK


CLIMATE REPORT
NATIONAL WEATHER SERVICE NEW YORK NY
221 AM EDT WED SEP 17 2014


...................................

...THE KENNEDY NY CLIMATE SUMMARY FOR SEPTEMBER 16 2014...

CLIMATE NORMAL PERIOD 1981 TO 2010
CLIMATE RECORD PERIOD 1949 TO 2014


WEATHER ITEM   OBSERVED TIME   RECORD YEAR NORMAL DEPARTURE LAST
                VALUE   (LST)  VALUE       VALUE  FROM      YEAR
                                                  NORMAL
..................................................................
TEMPERATURE (F)
 YESTERDAY
  MAXIMUM         67    257 PM  89    1991  75     -8       75
  MINIMUM         60   1159 PM  47    1966  61     -1       57
  AVERAGE         64                        68     -4       66

PRECIPITATION (IN)
  YESTERDAY        0.26          3.27 1999   0.12   0.14     0.02
  MONTH TO DATE    0.59                      1.73  -1.14     0.43
  SINCE SEP 1      0.59                      1.73  -1.14     0.43
  SINCE JAN 1     34.70                     30.69   4.01    26.62

SNOWFALL (IN)
  YESTERDAY        0.0          MM      MM   0.0    0.0      0.0
  MONTH TO DATE    0.0                       0.0    0.0      0.0
  SINCE OCT 1     45.6                      23.8   21.8     17.6
  SINCE JUL 1      0.0                       0.0    0.0      0.0
  SNOW DEPTH       0

DEGREE DAYS
 HEATING
  YESTERDAY        1                         1      0        0
  MONTH TO DATE    5                         6     -1        8
  SINCE SEP 1      5                         6     -1        8
  SINCE JUL 1      5                         7     -2        8

 COOLING
  YESTERDAY        0                         4     -4        1
  MONTH TO DATE  130                        95     35      111
  SINCE SEP 1    130                        95     35      111
  SINCE JAN 1    993                       956     37     1070
..................................................................


WIND (MPH)
  HIGHEST WIND SPEED     8   HIGHEST WIND DIRECTION    NW (330)
  HIGHEST GUST SPEED     9   HIGHEST GUST DIRECTION    NW (330)
  AVERAGE WIND SPEED     5.3


SKY COVER
  POSSIBLE SUNSHINE  MM
  AVERAGE SKY COVER 0.8


WEATHER CONDITIONS
 THE FOLLOWING WEATHER WAS RECORDED YESTERDAY.
  RAIN
  LIGHT RAIN
  FOG


RELATIVE HUMIDITY (PERCENT)
 HIGHEST    90           900 AM
 LOWEST     67           200 AM
 AVERAGE    79

..........................................................


THE KENNEDY NY CLIMATE NORMALS FOR TODAY
                         NORMAL    RECORD    YEAR
 MAXIMUM TEMPERATURE (F)   75        90      1991
 MINIMUM TEMPERATURE (F)   61        48      1959


SUNRISE AND SUNSET
SEPTEMBER 17 2014.....SUNRISE   638 AM EDT   SUNSET   701 PM EDT
SEPTEMBER 18 2014.....SUNRISE   639 AM EDT   SUNSET   659 PM EDT


-  INDICATES NEGATIVE NUMBERS.
R  INDICATES RECORD WAS SET OR TIED.
MM INDICATES DATA IS MISSING.
T  INDICATES TRACE AMOUNT.




$$
