000
CDUS41 KOKX 020629
CLIJFK


CLIMATE REPORT
NATIONAL WEATHER SERVICE NEW YORK NY
128 AM EST MON MAR 2 2015


...................................

...THE KENNEDY NY CLIMATE SUMMARY FOR MARCH 1 2015...

CLIMATE NORMAL PERIOD 1981 TO 2010
CLIMATE RECORD PERIOD 1949 TO 2015


WEATHER ITEM   OBSERVED TIME   RECORD YEAR NORMAL DEPARTURE LAST
                VALUE   (LST)  VALUE       VALUE  FROM      YEAR
                                                  NORMAL
..................................................................
TEMPERATURE (F)
 YESTERDAY
  MAXIMUM         33   1051 AM  58    2004  45    -12       36
                                      1976
                                      1972
  MINIMUM         20    356 AM   8    1980  30    -10       17
  AVERAGE         27                        38    -11       27

PRECIPITATION (IN)
  YESTERDAY        0.51          1.08 1987   0.11   0.40     0.00
  MONTH TO DATE    0.51                      0.11   0.40     0.00
  SINCE MAR 1      0.51                      0.11   0.40     0.00
  SINCE JAN 1      8.17                      5.86   2.31     7.60

SNOWFALL (IN)
  YESTERDAY        3.1 R         2.5  2005   0.2    2.9      0.0
  MONTH TO DATE    3.1                       0.2    2.9      0.0
  SINCE OCT 1     34.2                      19.7   14.5     44.9
  SINCE JUL 1     34.2                      19.7   14.5     44.9
  SNOW DEPTH       1

DEGREE DAYS
 HEATING
  YESTERDAY       38                        27     11       38
  MONTH TO DATE   38                        27     11       38
  SINCE MAR 1     38                        27     11       38
  SINCE JUL 1   3730                      3538    192     3745

 COOLING
  YESTERDAY        0                         0      0        0
  MONTH TO DATE    0                         0      0        0
  SINCE MAR 1      0                         0      0        0
  SINCE JAN 1      0                         0      0        0
..................................................................


WIND (MPH)
  HIGHEST WIND SPEED    18   HIGHEST WIND DIRECTION    SW (210)
  HIGHEST GUST SPEED    23   HIGHEST GUST DIRECTION     S (190)
  AVERAGE WIND SPEED     4.6


SKY COVER
  POSSIBLE SUNSHINE  MM
  AVERAGE SKY COVER 0.8


WEATHER CONDITIONS
 THE FOLLOWING WEATHER WAS RECORDED YESTERDAY.
  LT FREEZING RAIN
  SNOW
  LIGHT SNOW
  SLEET
  FOG


RELATIVE HUMIDITY (PERCENT)
 HIGHEST    88           300 PM
 LOWEST     35           800 AM
 AVERAGE    62

..........................................................


THE KENNEDY NY CLIMATE NORMALS FOR TODAY
                         NORMAL    RECORD    YEAR
 MAXIMUM TEMPERATURE (F)   45        64      1985
 MINIMUM TEMPERATURE (F)   31        12      1980


SUNRISE AND SUNSET
MARCH  2 2015.........SUNRISE   628 AM EST   SUNSET   547 PM EST
MARCH  3 2015.........SUNRISE   626 AM EST   SUNSET   548 PM EST


-  INDICATES NEGATIVE NUMBERS.
R  INDICATES RECORD WAS SET OR TIED.
MM INDICATES DATA IS MISSING.
T  INDICATES TRACE AMOUNT.




$$
