000
CDUS43 KJKL 302019
CLIJKL

CLIMATE REPORT
NATIONAL WEATHER SERVICE JACKSON KY
419 PM EDT SAT MAY 30 2015

...................................

...THE JACKSON KY CLIMATE SUMMARY FOR MAY 30 2015...
VALID TODAY AS OF 0400 PM LOCAL TIME.

CLIMATE NORMAL PERIOD 1981 TO 2010
CLIMATE RECORD PERIOD 1981 TO 2015

WEATHER ITEM   OBSERVED TIME   RECORD YEAR NORMAL DEPARTURE LAST
                VALUE   (LST)  VALUE       VALUE  FROM      YEAR
                                                  NORMAL
..................................................................
TEMPERATURE (F)
 TODAY
  MAXIMUM         85    243 PM  90    2006  78      7       84
  MINIMUM         67    616 AM  39    1984  58      9       63
  AVERAGE         76                        68      8       74

PRECIPITATION (IN)
  TODAY            0.00          3.56 2004   0.17  -0.17     0.00
  MONTH TO DATE    1.74                      5.02  -3.28     2.30
  SINCE MAR 1     18.29                     12.97   5.32    13.24
  SINCE JAN 1     24.47                     20.33   4.14    20.86

SNOWFALL (IN)
  TODAY            0.0                       0.0    0.0      0.0
  MONTH TO DATE    0.0                       0.0    0.0      0.0
  SINCE MAR 1      3.7                       3.9   -0.2     11.9
  SINCE JUL 1     29.1                      23.5    5.6     38.9
  SNOW DEPTH       0

DEGREE DAYS
 HEATING
  TODAY            0                         1     -1        0
  MONTH TO DATE   44                        99    -55       79
  SINCE MAR 1    801                       920   -119      908
  SINCE JUL 1   4566                      4220    346     4509

 COOLING
  TODAY           11                         4      7        9
  MONTH TO DATE  168                        87     81      145
  SINCE MAR 1    193                       133     60      184
  SINCE JAN 1    193                       133     60      184
..................................................................

WIND (MPH)
  HIGHEST WIND SPEED     8   HIGHEST WIND DIRECTION     S (170)
  HIGHEST GUST SPEED    15   HIGHEST GUST DIRECTION     S (160)
  AVERAGE WIND SPEED     2.2

SKY COVER
  POSSIBLE SUNSHINE  MM
  AVERAGE SKY COVER 0.4

WEATHER CONDITIONS
 THE FOLLOWING WEATHER WAS RECORDED TODAY.
  NO SIGNIFICANT WEATHER WAS OBSERVED.

RELATIVE HUMIDITY (PERCENT)
 HIGHEST    87           200 AM
 LOWEST     47          1200 PM
 AVERAGE    67
..........................................................

THE JACKSON KY CLIMATE NORMALS FOR TOMORROW
                         NORMAL    RECORD    YEAR
 MAXIMUM TEMPERATURE (F)   78        91      2006
 MINIMUM TEMPERATURE (F)   59        42      1984

SUNRISE AND SUNSET
MAY 30 2015...........SUNRISE   614 AM EDT   SUNSET   847 PM EDT
MAY 31 2015...........SUNRISE   614 AM EDT   SUNSET   848 PM EDT

-  INDICATES NEGATIVE NUMBERS.
R  INDICATES RECORD WAS SET OR TIED.
MM INDICATES DATA IS MISSING.
T  INDICATES TRACE AMOUNT.

$$

TAB
