000
CDUS43 KJKL 010535
CLIJKL

CLIMATE REPORT
NATIONAL WEATHER SERVICE JACKSON KY
1234 AM EST SUN FEB 1 2015

...................................

...THE JACKSON KY CLIMATE SUMMARY FOR JANUARY 31 2015...

CLIMATE NORMAL PERIOD 1981 TO 2010
CLIMATE RECORD PERIOD 1981 TO 2015

WEATHER ITEM   OBSERVED TIME   RECORD YEAR NORMAL DEPARTURE LAST
                VALUE   (LST)  VALUE       VALUE  FROM      YEAR
                                                  NORMAL
..................................................................
TEMPERATURE (F)
 YESTERDAY
  MAXIMUM         42    406 PM  78    2002  44     -2       42
  MINIMUM         18    801 AM   1    2004  27     -9       31
  AVERAGE         30                        36     -6       37

PRECIPITATION (IN)
  YESTERDAY        0.00          0.92 1985   0.13  -0.13     0.00
  MONTH TO DATE    2.12                      3.61  -1.49     3.15
  SINCE DEC 1      4.61                      7.79  -3.18    10.24
  SINCE JAN 1      2.12                      3.61  -1.49     3.15

SNOWFALL (IN)
  YESTERDAY        0.0           0.9  2013   0.3   -0.3      0.0
  MONTH TO DATE    2.7                       7.1   -4.4     14.0
  SINCE DEC 1      2.7                      12.0   -9.3     15.4
  SINCE JUL 1      3.9                      12.6   -8.7     18.3
  SNOW DEPTH       0

DEGREE DAYS
 HEATING
  YESTERDAY       35                        29      6       28
  MONTH TO DATE  969                       927     42     1139
  SINCE DEC 1   1724                      1766    -42     1897
  SINCE JUL 1   2714                      2566    148     2784

 COOLING
  YESTERDAY        0                         0      0        0
  MONTH TO DATE    0                         0      0        0
  SINCE DEC 1      0                         1     -1        0
  SINCE JAN 1      0                         0      0        0
..................................................................

WIND (MPH)
  HIGHEST WIND SPEED     7   HIGHEST WIND DIRECTION     W (260)
  HIGHEST GUST SPEED    11   HIGHEST GUST DIRECTION    SW (230)
  AVERAGE WIND SPEED     1.7

SKY COVER
  POSSIBLE SUNSHINE  MM
  AVERAGE SKY COVER 0.2

WEATHER CONDITIONS
 THE FOLLOWING WEATHER WAS RECORDED YESTERDAY.
  NO SIGNIFICANT WEATHER WAS OBSERVED.

RELATIVE HUMIDITY (PERCENT)
 HIGHEST    77           900 AM
 LOWEST     29          1100 PM
 AVERAGE    53
..........................................................

THE JACKSON KY CLIMATE NORMALS FOR TODAY
                         NORMAL    RECORD    YEAR
 MAXIMUM TEMPERATURE (F)   45        73      1989
 MINIMUM TEMPERATURE (F)   28         9      2013

SUNRISE AND SUNSET
FEBRUARY  1 2015......SUNRISE   737 AM EST   SUNSET   557 PM EST
FEBRUARY  2 2015......SUNRISE   736 AM EST   SUNSET   558 PM EST

-  INDICATES NEGATIVE NUMBERS.
R  INDICATES RECORD WAS SET OR TIED.
MM INDICATES DATA IS MISSING.
T  INDICATES TRACE AMOUNT.

$$

GEOGERIAN
