000
CDUS43 KSGF 300626
CLIJLN


CLIMATE REPORT
NATIONAL WEATHER SERVICE SPRINGFIELD MO
126 AM CDT SAT APR 30 2016


...................................

...THE JOPLIN MO CLIMATE SUMMARY FOR APRIL 29 2016...

CLIMATE NORMAL PERIOD 1981 TO 2010
CLIMATE RECORD PERIOD 1902 TO 2016


WEATHER ITEM   OBSERVED TIME   RECORD YEAR NORMAL DEPARTURE LAST
                VALUE   (LST)  VALUE       VALUE  FROM      YEAR
                                                  NORMAL
..................................................................
TEMPERATURE (F)
 YESTERDAY
  MAXIMUM         68    121 PM  92    1962  74     -6       74
  MINIMUM         51    853 AM  36    1969  51      0       40
  AVERAGE         60                        62     -2       57

PRECIPITATION (IN)
  YESTERDAY        1.76          1.89 2006   0.19   1.57     0.00
  MONTH TO DATE    4.55                      4.28   0.27     3.95
  SINCE MAR 1      7.12                      7.70  -0.58     5.78
  SINCE JAN 1      7.79                     12.05  -4.26     7.30

DEGREE DAYS
 HEATING
  YESTERDAY        5                         5      0        8
  MONTH TO DATE  151                       237    -86      191
  SINCE MAR 1    513                       745   -232      681
  SINCE JUL 1   3263                      3999   -736     4217

 COOLING
  YESTERDAY        0                         2     -2        0
  MONTH TO DATE   19                        42    -23       35
  SINCE MAR 1     22                        51    -29       35
  SINCE JAN 1     23                        52    -29       35
..................................................................


WIND (MPH)
  HIGHEST WIND SPEED    26   HIGHEST WIND DIRECTION     E (100)
  HIGHEST GUST SPEED    35   HIGHEST GUST DIRECTION     E (110)
  AVERAGE WIND SPEED    13.6


SKY COVER
  AVERAGE SKY COVER 0.6


WEATHER CONDITIONS
 THE FOLLOWING WEATHER WAS RECORDED YESTERDAY.
  THUNDERSTORM
  HEAVY RAIN
  RAIN
  LIGHT RAIN
  FOG


RELATIVE HUMIDITY (PERCENT)
 HIGHEST   100          1000 PM
 LOWEST     67          1100 AM
 AVERAGE    84

..........................................................


THE JOPLIN MO CLIMATE NORMALS FOR TODAY
                         NORMAL    RECORD    YEAR
 MAXIMUM TEMPERATURE (F)   74        91      1952
                                             1987
 MINIMUM TEMPERATURE (F)   52        34      2005


SUNRISE AND SUNSET
APRIL 30 2016.........SUNRISE   624 AM CDT   SUNSET   807 PM CDT
MAY  1 2016...........SUNRISE   623 AM CDT   SUNSET   808 PM CDT


-  INDICATES NEGATIVE NUMBERS.
R  INDICATES RECORD WAS SET OR TIED.
MM INDICATES DATA IS MISSING.
T  INDICATES TRACE AMOUNT.




$$
