000
CDUS43 KSGF 242327
CLIJLN


CLIMATE REPORT
NATIONAL WEATHER SERVICE SPRINGFIELD MO
526 PM CST SAT FEB 24 2018


...................................

...THE JOPLIN MO CLIMATE SUMMARY FOR FEBRUARY 24 2018...
VALID TODAY AS OF 0500 PM LOCAL TIME.

CLIMATE NORMAL PERIOD 1981 TO 2010
CLIMATE RECORD PERIOD 1902 TO 2018


WEATHER ITEM   OBSERVED TIME   RECORD YEAR NORMAL DEPARTURE LAST
                VALUE   (LST)  VALUE       VALUE  FROM      YEAR
                                                  NORMAL
..................................................................
TEMPERATURE (F)
 TODAY
  MAXIMUM         52    156 PM  80    1956  53     -1       72
  MINIMUM         39    233 AM   3    1965  32      7       29
  AVERAGE         46                        43      3       51

PRECIPITATION (IN)
  TODAY            0.79          1.31 2011   0.10   0.69     0.00
  MONTH TO DATE    4.73                      1.95   2.78     0.26
  SINCE DEC 1      6.57                      6.80  -0.23     4.50
  SINCE JAN 1      5.20                      3.98   1.22     3.91

DEGREE DAYS
 HEATING
  TODAY           19                        22     -3       14
  MONTH TO DATE  658                       618     40      366
  SINCE DEC 1   2482                      2410     72     2023
  SINCE JUL 1   3127                      3167    -40     2478

 COOLING
  TODAY            0                         0      0        0
  MONTH TO DATE    0                         0      0        7
  SINCE DEC 1      0                         0      0        7
  SINCE JAN 1      0                         0      0        7
..................................................................


WIND (MPH)
  HIGHEST WIND SPEED    20   HIGHEST WIND DIRECTION     W (270)
  HIGHEST GUST SPEED    31   HIGHEST GUST DIRECTION     W (280)


SKY COVER
  AVERAGE SKY COVER 1.0


WEATHER CONDITIONS
 THE FOLLOWING WEATHER WAS RECORDED TODAY.
  THUNDERSTORM
  HEAVY RAIN
  RAIN
  LIGHT RAIN
  FOG
  FOG W/VISIBILITY <= 1/4 MILE


RELATIVE HUMIDITY (PERCENT)
 HIGHEST   100          1200 AM
 LOWEST    100          1200 AM
 AVERAGE   100

..........................................................


THE JOPLIN MO CLIMATE NORMALS FOR TOMORROW
                         NORMAL    RECORD    YEAR
 MAXIMUM TEMPERATURE (F)   54        75      1981
 MINIMUM TEMPERATURE (F)   32         0      1965


SUNRISE AND SUNSET
FEBRUARY 24 2018......SUNRISE   656 AM CST   SUNSET   607 PM CST
FEBRUARY 25 2018......SUNRISE   654 AM CST   SUNSET   608 PM CST


-  INDICATES NEGATIVE NUMBERS.
R  INDICATES RECORD WAS SET OR TIED.
MM INDICATES DATA IS MISSING.
T  INDICATES TRACE AMOUNT.




$$
