000
CDUS43 KSGF 170639
CLIJLN


CLIMATE REPORT
NATIONAL WEATHER SERVICE SPRINGFIELD MO
138 AM CDT TUE OCT 17 2017


...................................

...THE JOPLIN MO CLIMATE SUMMARY FOR OCTOBER 16 2017...

CLIMATE NORMAL PERIOD 1981 TO 2010
CLIMATE RECORD PERIOD 1902 TO 2017


WEATHER ITEM   OBSERVED TIME   RECORD YEAR NORMAL DEPARTURE LAST
                VALUE   (LST)  VALUE       VALUE  FROM      YEAR
                                                  NORMAL
..................................................................
TEMPERATURE (F)
 YESTERDAY
  MAXIMUM         68    336 PM  88    1995  71     -3       87
  MINIMUM         38    642 AM  31    1966  48    -10       68
  AVERAGE         53                        60     -7       78

PRECIPITATION (IN)
  YESTERDAY        0.00          2.12 2000   0.12  -0.12     0.00
  MONTH TO DATE    2.80                      2.08   0.72     4.08
  SINCE SEP 1      4.29                      7.03  -2.74     6.82
  SINCE JAN 1     42.97                     38.00   4.97    36.60

DEGREE DAYS
 HEATING
  YESTERDAY       12                         7      5        0
  MONTH TO DATE   47                        83    -36       51
  SINCE SEP 1     54                       124    -70       68
  SINCE JUL 1     54                       125    -71       68

 COOLING
  YESTERDAY        0                         1     -1       13
  MONTH TO DATE   88                        34     54       51
  SINCE SEP 1    310                       249     61      308
  SINCE JAN 1   1742                      1676     66     1795
..................................................................


WIND (MPH)
  HIGHEST WIND SPEED     8   HIGHEST WIND DIRECTION     S (170)
  HIGHEST GUST SPEED    11   HIGHEST GUST DIRECTION    SE (150)
  AVERAGE WIND SPEED     1.3


SKY COVER
  AVERAGE SKY COVER 0.0


WEATHER CONDITIONS
 THE FOLLOWING WEATHER WAS RECORDED YESTERDAY.
  NO SIGNIFICANT WEATHER WAS OBSERVED.


RELATIVE HUMIDITY (PERCENT)
 HIGHEST   100          1200 AM
 LOWEST     34           200 PM
 AVERAGE    67

..........................................................


THE JOPLIN MO CLIMATE NORMALS FOR TODAY
                         NORMAL    RECORD    YEAR
 MAXIMUM TEMPERATURE (F)   71        88      1964
 MINIMUM TEMPERATURE (F)   48        26      1976


SUNRISE AND SUNSET
OCTOBER 17 2017.......SUNRISE   728 AM CDT   SUNSET   638 PM CDT
OCTOBER 18 2017.......SUNRISE   729 AM CDT   SUNSET   637 PM CDT


-  INDICATES NEGATIVE NUMBERS.
R  INDICATES RECORD WAS SET OR TIED.
MM INDICATES DATA IS MISSING.
T  INDICATES TRACE AMOUNT.




$$
