000
CDUS43 KSGF 042233
CLIJLN


CLIMATE REPORT
NATIONAL WEATHER SERVICE SPRINGFIELD MO
532 PM CDT TUE AUG 4 2015


...................................

...THE JOPLIN MO CLIMATE SUMMARY FOR AUGUST 4 2015...
VALID TODAY AS OF 0500 PM LOCAL TIME.

CLIMATE NORMAL PERIOD 1981 TO 2010
CLIMATE RECORD PERIOD 1902 TO 2015


WEATHER ITEM   OBSERVED TIME   RECORD YEAR NORMAL DEPARTURE LAST
                VALUE   (LST)  VALUE       VALUE  FROM      YEAR
                                                  NORMAL
..................................................................
TEMPERATURE (F)
 TODAY
  MAXIMUM         85        MM 107    2012  92     -7       91
  MINIMUM         70        MM  50    1974  70      0       67
  AVERAGE         78                        81     -3       79

PRECIPITATION (IN)
  TODAY            0.00          1.26 2013   0.10  -0.10     0.00
  MONTH TO DATE    0.00                      0.39  -0.39     0.00
  SINCE JUN 1     12.76                     10.06   2.70     5.17
  SINCE JAN 1     30.47                     28.01   2.46    13.92

DEGREE DAYS
 HEATING
  TODAY            0                         0      0        0
  MONTH TO DATE    0                         0      0        0
  SINCE JUN 1      0                         5     -5        3
  SINCE JUL 1      0                         0      0        1

 COOLING
  TODAY           13                        16     -3       14
  MONTH TO DATE   59                        64     -5       44
  SINCE JUN 1    948                       855     93      677
  SINCE JAN 1   1092                      1035     57      890
..................................................................


WIND (MPH)
  HIGHEST WIND SPEED    14   HIGHEST WIND DIRECTION    SW (210)
  HIGHEST GUST SPEED    MM   HIGHEST GUST DIRECTION    MM


SKY COVER
  AVERAGE SKY COVER 0.1


WEATHER CONDITIONS
 THE FOLLOWING WEATHER WAS RECORDED TODAY.
  NO SIGNIFICANT WEATHER WAS OBSERVED.


RELATIVE HUMIDITY (PERCENT)
 HIGHEST    90           100 AM
 LOWEST     55          1000 AM
 AVERAGE    73

..........................................................


THE JOPLIN MO CLIMATE NORMALS FOR TOMORROW
                         NORMAL    RECORD    YEAR
 MAXIMUM TEMPERATURE (F)   92       107      2011
 MINIMUM TEMPERATURE (F)   70        55      1974


SUNRISE AND SUNSET
AUGUST  4 2015........SUNRISE   625 AM CDT   SUNSET   823 PM CDT
AUGUST  5 2015........SUNRISE   626 AM CDT   SUNSET   821 PM CDT


-  INDICATES NEGATIVE NUMBERS.
R  INDICATES RECORD WAS SET OR TIED.
MM INDICATES DATA IS MISSING.
T  INDICATES TRACE AMOUNT.




$$
