000
CDUS43 KBIS 222341
CLIJMS


CLIMATE REPORT
NATIONAL WEATHER SERVICE BISMARCK ND
540 PM CST MON DEC 22 2014


...................................

...THE JAMESTOWN ND CLIMATE SUMMARY FOR DECEMBER 22 2014...
VALID TODAY AS OF 0500 PM LOCAL TIME.

CLIMATE NORMAL PERIOD 1981 TO 2010
CLIMATE RECORD PERIOD 1891 TO 2014


WEATHER ITEM   OBSERVED TIME   RECORD YEAR NORMAL DEPARTURE LAST
                VALUE   (LST)  VALUE       VALUE  FROM      YEAR
                                                  NORMAL
..................................................................
TEMPERATURE (F)
 TODAY
  MAXIMUM         34    359 PM  50    1954  21     13       -4
  MINIMUM         32    938 AM -34    1916   3     29      -13
  AVERAGE         33                        12     21       -8

PRECIPITATION (IN)
  TODAY            0.01          0.31 1969   0.01   0.00      T
  MONTH TO DATE    0.01                      0.27  -0.26     0.20
  SINCE DEC 1      0.01                      0.27  -0.26     0.20
  SINCE JAN 1     21.01                     18.64   2.37    16.07

DEGREE DAYS
 HEATING
  TODAY           32                        53    -21       73
  MONTH TO DATE  992                      1094   -102     1345
  SINCE DEC 1    992                      1094   -102     1345
  SINCE JUL 1   3155                      3178    -23     3353

 COOLING
  TODAY            0                         0      0        0
  MONTH TO DATE    0                         0      0        0
  SINCE DEC 1      0                         0      0        0
  SINCE JAN 1    367                       446    -79      521
..................................................................


WIND (MPH)
  RESULTANT WIND SPEED   6   RESULTANT WIND DIRECTION  NE (60)
  HIGHEST WIND SPEED    12   HIGHEST WIND DIRECTION    NE (30)
  HIGHEST GUST SPEED    15   HIGHEST GUST DIRECTION     N (20)
  AVERAGE WIND SPEED     7.3


SKY COVER
  POSSIBLE SUNSHINE  MM
  AVERAGE SKY COVER 1.0


WEATHER CONDITIONS
 THE FOLLOWING WEATHER WAS RECORDED TODAY.
  LIGHT RAIN
  LIGHT SNOW
  FOG
  FOG W/VISIBILITY <= 1/4 MILE


RELATIVE HUMIDITY (PERCENT)
 HIGHEST   100           300 AM
 LOWEST     92          1200 AM
 AVERAGE    96

..........................................................


THE JAMESTOWN ND CLIMATE NORMALS FOR TOMORROW
                         NORMAL    RECORD    YEAR
 MAXIMUM TEMPERATURE (F)   21        52      1936
 MINIMUM TEMPERATURE (F)    3       -37      1983


SUNRISE AND SUNSET
DECEMBER 22 2014......SUNRISE   818 AM CST   SUNSET   449 PM CST
DECEMBER 23 2014......SUNRISE   818 AM CST   SUNSET   449 PM CST


-  INDICATES NEGATIVE NUMBERS.
R  INDICATES RECORD WAS SET OR TIED.
MM INDICATES DATA IS MISSING.
T  INDICATES TRACE AMOUNT.




$$
