000
CDUS43 KBIS 140743
CLIJMS


CLIMATE REPORT
NATIONAL WEATHER SERVICE BISMARCK ND
142 AM CST SUN FEB 14 2016


...................................

...THE JAMESTOWN ND CLIMATE SUMMARY FOR FEBRUARY 13 2016...

CLIMATE NORMAL PERIOD 1981 TO 2010
CLIMATE RECORD PERIOD 1891 TO 2016


WEATHER ITEM   OBSERVED TIME   RECORD YEAR NORMAL DEPARTURE LAST
                VALUE   (LST)  VALUE       VALUE  FROM      YEAR
                                                  NORMAL
..................................................................
TEMPERATURE (F)
 YESTERDAY
  MAXIMUM         13   1159 PM  55    1983  24    -11       24
  MINIMUM         -8    124 AM -31    1929   5    -13       10
  AVERAGE          3                        14    -11       17

PRECIPITATION (IN)
  YESTERDAY        0.03          0.57 1938   0.01   0.02      T
                                      1962
                                      2010
  MONTH TO DATE    0.05                      0.14  -0.09     0.09
  SINCE DEC 1      0.19                      0.99  -0.80     0.39
  SINCE JAN 1      0.05                      0.59  -0.54     0.36

DEGREE DAYS
 HEATING
  YESTERDAY       62                        51     11       48
  MONTH TO DATE  607                       681    -74      701
  SINCE DEC 1   3525                      3959   -434     3663
  SINCE JUL 1   5173                      6043   -870     5826

 COOLING
  YESTERDAY        0                         0      0        0
  MONTH TO DATE    0                         0      0        0
  SINCE DEC 1      0                         0      0        0
  SINCE JAN 1      0                         0      0        0
..................................................................


WIND (MPH)
  HIGHEST WIND SPEED    24   HIGHEST WIND DIRECTION    SE (140)
  HIGHEST GUST SPEED    30   HIGHEST GUST DIRECTION    SE (150)
  AVERAGE WIND SPEED    14.9


SKY COVER
  POSSIBLE SUNSHINE  MM
  AVERAGE SKY COVER 0.8


WEATHER CONDITIONS
 THE FOLLOWING WEATHER WAS RECORDED YESTERDAY.
  SNOW
  LIGHT SNOW
  FOG
  FOG W/VISIBILITY <= 1/4 MILE


RELATIVE HUMIDITY (PERCENT)
 HIGHEST    84          1000 PM
 LOWEST     63          1200 PM
 AVERAGE    74

..........................................................


THE JAMESTOWN ND CLIMATE NORMALS FOR TODAY
                         NORMAL    RECORD    YEAR
 MAXIMUM TEMPERATURE (F)   24        48      1921
 MINIMUM TEMPERATURE (F)    5       -37      1936


SUNRISE AND SUNSET
FEBRUARY 14 2016......SUNRISE   741 AM CST   SUNSET   557 PM CST
FEBRUARY 15 2016......SUNRISE   740 AM CST   SUNSET   559 PM CST


-  INDICATES NEGATIVE NUMBERS.
R  INDICATES RECORD WAS SET OR TIED.
MM INDICATES DATA IS MISSING.
T  INDICATES TRACE AMOUNT.




$$
