000
CDUS43 KBIS 210727
CLIJMS


CLIMATE REPORT
NATIONAL WEATHER SERVICE BISMARCK ND
225 AM CDT SAT OCT 21 2017


...................................

...THE JAMESTOWN ND CLIMATE SUMMARY FOR OCTOBER 20 2017...

CLIMATE NORMAL PERIOD 1981 TO 2010
CLIMATE RECORD PERIOD 1891 TO 2017


WEATHER ITEM   OBSERVED TIME   RECORD YEAR NORMAL DEPARTURE LAST
                VALUE   (LST)  VALUE       VALUE  FROM      YEAR
                                                  NORMAL
..................................................................
TEMPERATURE (F)
 YESTERDAY
  MAXIMUM         73    254 PM  88    1918  54     19       47
  MINIMUM         47    150 AM   6    1917  31     16       27
                                      1916
  AVERAGE         60                        42     18       37

PRECIPITATION (IN)
  YESTERDAY        0.00          1.62 1934   0.05  -0.05     0.00
  MONTH TO DATE    0.07                      1.10  -1.03     0.43
  SINCE SEP 1      2.91                      3.10  -0.19     4.34
  SINCE JAN 1     12.22                     17.29  -5.07    23.09

DEGREE DAYS
 HEATING
  YESTERDAY        5                        23    -18       28
  MONTH TO DATE  310                       368    -58      358
  SINCE SEP 1    514                       620   -106      547
  SINCE JUL 1    548                       686   -138      580

 COOLING
  YESTERDAY        0                         0      0        0
  MONTH TO DATE    0                         0      0        4
  SINCE SEP 1     35                        30      5       26
  SINCE JAN 1    397                       445    -48      419
..................................................................


WIND (MPH)
  HIGHEST WIND SPEED    32   HIGHEST WIND DIRECTION     S (180)
  HIGHEST GUST SPEED    41   HIGHEST GUST DIRECTION     S (170)
  AVERAGE WIND SPEED    17.3


SKY COVER
  POSSIBLE SUNSHINE  MM
  AVERAGE SKY COVER 0.0


WEATHER CONDITIONS
 THE FOLLOWING WEATHER WAS RECORDED YESTERDAY.
  NO SIGNIFICANT WEATHER WAS OBSERVED.


RELATIVE HUMIDITY (PERCENT)
 HIGHEST    83           500 AM
 LOWEST     47           100 PM
 AVERAGE    65

..........................................................


THE JAMESTOWN ND CLIMATE NORMALS FOR TODAY
                         NORMAL    RECORD    YEAR
 MAXIMUM TEMPERATURE (F)   53        83      1901
 MINIMUM TEMPERATURE (F)   31         7      1930


SUNRISE AND SUNSET
OCTOBER 21 2017.......SUNRISE   802 AM CDT   SUNSET   636 PM CDT
OCTOBER 22 2017.......SUNRISE   803 AM CDT   SUNSET   634 PM CDT


-  INDICATES NEGATIVE NUMBERS.
R  INDICATES RECORD WAS SET OR TIED.
MM INDICATES DATA IS MISSING.
T  INDICATES TRACE AMOUNT.




$$
