952
CDUS43 KBIS 230018
CLIJMS


CLIMATE REPORT
NATIONAL WEATHER SERVICE BISMARCK ND
716 PM CDT THU JUN 22 2017


...................................

...THE JAMESTOWN ND CLIMATE SUMMARY FOR JUNE 22 2017...
VALID TODAY AS OF 0700 PM LOCAL TIME.

CLIMATE NORMAL PERIOD 1981 TO 2010
CLIMATE RECORD PERIOD 1891 TO 2017


WEATHER ITEM   OBSERVED TIME   RECORD YEAR NORMAL DEPARTURE LAST
                VALUE   (LST)  VALUE       VALUE  FROM      YEAR
                                                  NORMAL
..................................................................
TEMPERATURE (F)
 TODAY
  MAXIMUM         76        MM  98    1937  78     -2       73
  MINIMUM         53        MM  38    1902  54     -1       55
  AVERAGE         65                        66     -1       64

PRECIPITATION (IN)
  TODAY            0.00          2.20 1919   0.10  -0.10     0.11
  MONTH TO DATE    2.07                      2.30  -0.23     2.40
  SINCE JUN 1      2.07                      2.30  -0.23     2.40
  SINCE JAN 1      4.86                      7.85  -2.99     8.23

DEGREE DAYS
 HEATING
  TODAY            0                         2     -2        1
  MONTH TO DATE    8                        83    -75       36
  SINCE JUN 1      8                        83    -75       36
  SINCE JUL 1   8127                      8999   -872     7575

 COOLING
  TODAY            0                         3     -3        0
  MONTH TO DATE   79                        48     31       78
  SINCE JUN 1     79                        48     31       78
  SINCE JAN 1     79                        68     11       92
..................................................................


WIND (MPH)
  RESULTANT WIND SPEED  12   RESULTANT WIND DIRECTION   W (290)
  HIGHEST WIND SPEED    24   HIGHEST WIND DIRECTION     W (270)
  HIGHEST GUST SPEED    37   HIGHEST GUST DIRECTION    NW (300)
  AVERAGE WIND SPEED    12.5


SKY COVER
  POSSIBLE SUNSHINE   0 PERCENT
  AVERAGE SKY COVER 0.0


WEATHER CONDITIONS
 THE FOLLOWING WEATHER WAS RECORDED TODAY.
  NO SIGNIFICANT WEATHER WAS OBSERVED.


RELATIVE HUMIDITY (PERCENT)
 HIGHEST     0          1200 AM
 LOWEST      0          1200 AM
 AVERAGE     0

..........................................................


THE JAMESTOWN ND CLIMATE NORMALS FOR TOMORROW
                         NORMAL    RECORD    YEAR
 MAXIMUM TEMPERATURE (F)   78        96      1913
 MINIMUM TEMPERATURE (F)   55        37      1967


SUNRISE AND SUNSET
JUNE 22 2017..........SUNRISE   540 AM CDT   SUNSET   933 PM CDT
JUNE 23 2017..........SUNRISE   541 AM CDT   SUNSET   933 PM CDT


-  INDICATES NEGATIVE NUMBERS.
R  INDICATES RECORD WAS SET OR TIED.
MM INDICATES DATA IS MISSING.
T  INDICATES TRACE AMOUNT.




$$
