000
CDUS43 KBIS 010747
CLIJMS


CLIMATE REPORT
NATIONAL WEATHER SERVICE BISMARCK ND
247 AM CDT SAT NOV 1 2014


...................................

...THE JAMESTOWN ND CLIMATE SUMMARY FOR OCTOBER 31 2014...

CLIMATE NORMAL PERIOD 1981 TO 2010
CLIMATE RECORD PERIOD 1891 TO 2014


WEATHER ITEM   OBSERVED TIME   RECORD YEAR NORMAL DEPARTURE LAST
                VALUE   (LST)  VALUE       VALUE  FROM      YEAR
                                                  NORMAL
..................................................................
TEMPERATURE (F)
 YESTERDAY
  MAXIMUM         39    340 PM  80    1904  47     -8       49
  MINIMUM         12    748 AM  -1    1991  26    -14       32
  AVERAGE         26                        37    -11       41

PRECIPITATION (IN)
  YESTERDAY        0.00          0.72 1974   0.03  -0.03     0.00
  MONTH TO DATE    0.43                      1.55  -1.12     4.49
  SINCE SEP 1      2.02                      3.55  -1.53     6.66
  SINCE JAN 1     20.70                     17.74   2.96    15.86

DEGREE DAYS
 HEATING
  YESTERDAY       39                        28     11       24
  MONTH TO DATE  565                       651    -86      705
  SINCE SEP 1    784                       901   -117      824
  SINCE JUL 1    839                       967   -128      868

 COOLING
  YESTERDAY        0                         0      0        0
  MONTH TO DATE    0                         1     -1        0
  SINCE SEP 1     29                        31     -2       55
  SINCE JAN 1    367                       446    -79      521
..................................................................


WIND (MPH)
  HIGHEST WIND SPEED    21   HIGHEST WIND DIRECTION     S (170)
  HIGHEST GUST SPEED    25   HIGHEST GUST DIRECTION    SE (150)
  AVERAGE WIND SPEED    10.4


SKY COVER
  POSSIBLE SUNSHINE  MM
  AVERAGE SKY COVER 0.0


WEATHER CONDITIONS
 THE FOLLOWING WEATHER WAS RECORDED YESTERDAY.
  NO SIGNIFICANT WEATHER WAS OBSERVED.


RELATIVE HUMIDITY (PERCENT)
 HIGHEST    96           800 AM
 LOWEST     40           200 PM
 AVERAGE    68

..........................................................


THE JAMESTOWN ND CLIMATE NORMALS FOR TODAY
                         NORMAL    RECORD    YEAR
 MAXIMUM TEMPERATURE (F)   47        77      1904
 MINIMUM TEMPERATURE (F)   26        -5      1935


SUNRISE AND SUNSET
NOVEMBER  1 2014......SUNRISE   817 AM CDT   SUNSET   619 PM CDT
NOVEMBER  2 2014......SUNRISE   719 AM CST   SUNSET   517 PM CST


-  INDICATES NEGATIVE NUMBERS.
R  INDICATES RECORD WAS SET OR TIED.
MM INDICATES DATA IS MISSING.
T  INDICATES TRACE AMOUNT.




$$
