201
CDUS43 KBIS 210726
CLIJMS


CLIMATE REPORT
NATIONAL WEATHER SERVICE BISMARCK ND
225 AM CDT MON AUG 21 2017


...................................

...THE JAMESTOWN ND CLIMATE SUMMARY FOR AUGUST 20 2017...

CLIMATE NORMAL PERIOD 1981 TO 2010
CLIMATE RECORD PERIOD 1891 TO 2017


WEATHER ITEM   OBSERVED TIME   RECORD YEAR NORMAL DEPARTURE LAST
                VALUE   (LST)  VALUE       VALUE  FROM      YEAR
                                                  NORMAL
..................................................................
TEMPERATURE (F)
 YESTERDAY
  MAXIMUM         74    352 PM 102    1976  81     -7       69
  MINIMUM         56    632 AM  29    1907  55      1       51
  AVERAGE         65                        68     -3       60

PRECIPITATION (IN)
  YESTERDAY        0.00          6.45 1918   0.08  -0.08     0.01
  MONTH TO DATE    3.80                      1.29   2.51     4.58
  SINCE JUN 1      6.47                      7.83  -1.36    12.91
  SINCE JAN 1      9.26                     13.38  -4.12    18.74

DEGREE DAYS
 HEATING
  YESTERDAY        0                         1     -1        5
  MONTH TO DATE   18                        19     -1        9
  SINCE JUN 1     71                       138    -67       65
  SINCE JUL 1     21                        41    -20       16

 COOLING
  YESTERDAY        0                         4     -4        0
  MONTH TO DATE   28                       107    -79       85
  SINCE JUN 1    344                       359    -15      355
  SINCE JAN 1    344                       379    -35      369
..................................................................


WIND (MPH)
  HIGHEST WIND SPEED    18   HIGHEST WIND DIRECTION    NW (330)
  HIGHEST GUST SPEED    26   HIGHEST GUST DIRECTION    NW (310)
  AVERAGE WIND SPEED     6.7


SKY COVER
  POSSIBLE SUNSHINE  MM
  AVERAGE SKY COVER 0.1


WEATHER CONDITIONS
 THE FOLLOWING WEATHER WAS RECORDED YESTERDAY.
  NO SIGNIFICANT WEATHER WAS OBSERVED.


RELATIVE HUMIDITY (PERCENT)
 HIGHEST    84           800 PM
 LOWEST     41           400 PM
 AVERAGE    63

..........................................................


THE JAMESTOWN ND CLIMATE NORMALS FOR TODAY
                         NORMAL    RECORD    YEAR
 MAXIMUM TEMPERATURE (F)   81       105      1947
 MINIMUM TEMPERATURE (F)   54        38      1907


SUNRISE AND SUNSET
AUGUST 21 2017........SUNRISE   640 AM CDT   SUNSET   834 PM CDT
AUGUST 22 2017........SUNRISE   642 AM CDT   SUNSET   832 PM CDT


-  INDICATES NEGATIVE NUMBERS.
R  INDICATES RECORD WAS SET OR TIED.
MM INDICATES DATA IS MISSING.
T  INDICATES TRACE AMOUNT.




$$
