000
CDUS43 KBIS 310021
CLIJMS


CLIMATE REPORT
NATIONAL WEATHER SERVICE BISMARCK ND
721 PM CDT THU JUL 30 2015


...................................

...THE JAMESTOWN ND CLIMATE SUMMARY FOR JULY 30 2015...
VALID TODAY AS OF 0700 PM LOCAL TIME.

CLIMATE NORMAL PERIOD 1981 TO 2010
CLIMATE RECORD PERIOD 1891 TO 2015


WEATHER ITEM   OBSERVED TIME   RECORD YEAR NORMAL DEPARTURE LAST
                VALUE   (LST)  VALUE       VALUE  FROM      YEAR
                                                  NORMAL
..................................................................
TEMPERATURE (F)
 TODAY
  MAXIMUM         82    338 PM 106    2006  84     -2       80
  MINIMUM         58    531 AM  38    1903  58      0       50
  AVERAGE         70                        70      0       65

PRECIPITATION (IN)
  TODAY            0.00          1.43 1909   0.08  -0.08     0.00
  MONTH TO DATE    2.96                      3.28  -0.32     0.82
  SINCE JUN 1      8.62                      6.47   2.15     7.18
  SINCE JAN 1     18.78                     12.02   6.76    15.62

DEGREE DAYS
 HEATING
  TODAY            0                         0      0        0
  MONTH TO DATE    9                        19    -10       28
  SINCE JUN 1     51                       116    -65       87
  SINCE JUL 1      9                        19    -10       28

 COOLING
  TODAY            5                         6     -1        0
  MONTH TO DATE  189                       169     20      112
  SINCE JUN 1    291                       249     42      168
  SINCE JAN 1    299                       269     30      222
..................................................................


WIND (MPH)
  RESULTANT WIND SPEED  11   RESULTANT WIND DIRECTION  NW (300)
  HIGHEST WIND SPEED    23   HIGHEST WIND DIRECTION    NW (310)
  HIGHEST GUST SPEED    29   HIGHEST GUST DIRECTION    NW (300)
  AVERAGE WIND SPEED    11.6


SKY COVER
  POSSIBLE SUNSHINE  MM
  AVERAGE SKY COVER 0.0


WEATHER CONDITIONS
 THE FOLLOWING WEATHER WAS RECORDED TODAY.
  NO SIGNIFICANT WEATHER WAS OBSERVED.


RELATIVE HUMIDITY (PERCENT)
 HIGHEST    80           400 AM
 LOWEST     33           400 PM
 AVERAGE    57

..........................................................


THE JAMESTOWN ND CLIMATE NORMALS FOR TOMORROW
                         NORMAL    RECORD    YEAR
 MAXIMUM TEMPERATURE (F)   84       100      1937
 MINIMUM TEMPERATURE (F)   57        38      1903


SUNRISE AND SUNSET
JULY 30 2015..........SUNRISE   612 AM CDT   SUNSET   910 PM CDT
JULY 31 2015..........SUNRISE   613 AM CDT   SUNSET   909 PM CDT


-  INDICATES NEGATIVE NUMBERS.
R  INDICATES RECORD WAS SET OR TIED.
MM INDICATES DATA IS MISSING.
T  INDICATES TRACE AMOUNT.




$$
