000
CDUS43 KBIS 200726
CLIJMS


CLIMATE REPORT
NATIONAL WEATHER SERVICE BISMARCK ND
225 AM CDT WED AUG 20 2014


...................................

...THE JAMESTOWN ND CLIMATE SUMMARY FOR AUGUST 19 2014...

CLIMATE NORMAL PERIOD 1981 TO 2010
CLIMATE RECORD PERIOD 1891 TO 2014


WEATHER ITEM   OBSERVED TIME   RECORD YEAR NORMAL DEPARTURE LAST
                VALUE   (LST)  VALUE       VALUE  FROM      YEAR
                                                  NORMAL
..................................................................
TEMPERATURE (F)
 YESTERDAY
  MAXIMUM         82    436 PM 101    1959  81      1       93
  MINIMUM         60    552 AM  38    1956  55      5       57
  AVERAGE         71                        68      3       75

PRECIPITATION (IN)
  YESTERDAY        0.00          0.77 1998   0.07  -0.07     0.00
  MONTH TO DATE    1.35                      1.21   0.14     0.62
  SINCE JUN 1      8.53                      7.75   0.78     3.02
  SINCE JAN 1     16.97                     13.30   3.67     8.61

DEGREE DAYS
 HEATING
  YESTERDAY        0                         1     -1        0
  MONTH TO DATE    1                        18    -17       21
  SINCE JUN 1     88                       137    -49      129
  SINCE JUL 1     29                        40    -11       44

 COOLING
  YESTERDAY        6                         4      2       10
  MONTH TO DATE   85                       103    -18       37
  SINCE JUN 1    258                       355    -97      319
  SINCE JAN 1    312                       375    -63      330
..................................................................


WIND (MPH)
  HIGHEST WIND SPEED     8   HIGHEST WIND DIRECTION    NW (310)
  HIGHEST GUST SPEED    12   HIGHEST GUST DIRECTION     N (350)
  AVERAGE WIND SPEED     4.0


SKY COVER
  POSSIBLE SUNSHINE  MM
  AVERAGE SKY COVER 0.0


WEATHER CONDITIONS
 THE FOLLOWING WEATHER WAS RECORDED YESTERDAY.
  NO SIGNIFICANT WEATHER WAS OBSERVED.


RELATIVE HUMIDITY (PERCENT)
 HIGHEST    97           500 AM
 LOWEST     51           400 PM
 AVERAGE    74

..........................................................


THE JAMESTOWN ND CLIMATE NORMALS FOR TODAY
                         NORMAL    RECORD    YEAR
 MAXIMUM TEMPERATURE (F)   81       102      1976
 MINIMUM TEMPERATURE (F)   55        29      1907


SUNRISE AND SUNSET
AUGUST 20 2014........SUNRISE   639 AM CDT   SUNSET   837 PM CDT
AUGUST 21 2014........SUNRISE   640 AM CDT   SUNSET   835 PM CDT


-  INDICATES NEGATIVE NUMBERS.
R  INDICATES RECORD WAS SET OR TIED.
MM INDICATES DATA IS MISSING.
T  INDICATES TRACE AMOUNT.




$$
