000
CDUS43 KBIS 220728
CLIJMS


CLIMATE REPORT
NATIONAL WEATHER SERVICE BISMARCK ND
226 AM CDT FRI MAY 22 2015


...................................

...THE JAMESTOWN ND CLIMATE SUMMARY FOR MAY 21 2015...

CLIMATE NORMAL PERIOD 1981 TO 2010
CLIMATE RECORD PERIOD 1891 TO 2015


WEATHER ITEM   OBSERVED TIME   RECORD YEAR NORMAL DEPARTURE LAST
                VALUE   (LST)  VALUE       VALUE  FROM      YEAR
                                                  NORMAL
..................................................................
TEMPERATURE (F)
 YESTERDAY
  MAXIMUM         71    515 PM  97    1964  70      1       68
  MINIMUM         42    428 AM  26    1963  45     -3       47
  AVERAGE         57                        57      0       58

PRECIPITATION (IN)
  YESTERDAY        0.00          1.88 1987   0.09  -0.09     0.00
  MONTH TO DATE    8.29                      1.74   6.55     1.20
  SINCE MAR 1      9.28                      3.78   5.50     3.87
  SINCE JAN 1      9.70                      4.63   5.07     4.26

DEGREE DAYS
 HEATING
  YESTERDAY        8                         9     -1        7
  MONTH TO DATE  311                       252     59      347
  SINCE MAR 1   1898                      2087   -189     2399
  SINCE JUL 1   8635                      8846   -211     9667

 COOLING
  YESTERDAY        0                         1     -1        0
  MONTH TO DATE    0                        10    -10        0
  SINCE MAR 1      0                        12    -12        0
  SINCE JAN 1      0                        12    -12        0
..................................................................


WIND (MPH)
  HIGHEST WIND SPEED    15   HIGHEST WIND DIRECTION    NW (300)
  HIGHEST GUST SPEED    19   HIGHEST GUST DIRECTION     W (280)
  AVERAGE WIND SPEED     6.6


SKY COVER
  POSSIBLE SUNSHINE  MM
  AVERAGE SKY COVER 0.1


WEATHER CONDITIONS
 THE FOLLOWING WEATHER WAS RECORDED YESTERDAY.
  NO SIGNIFICANT WEATHER WAS OBSERVED.


RELATIVE HUMIDITY (PERCENT)
 HIGHEST    83           600 AM
 LOWEST     25           300 PM
 AVERAGE    54

..........................................................


THE JAMESTOWN ND CLIMATE NORMALS FOR TODAY
                         NORMAL    RECORD    YEAR
 MAXIMUM TEMPERATURE (F)   70        91      1980
 MINIMUM TEMPERATURE (F)   45        21      1963


SUNRISE AND SUNSET
MAY 22 2015...........SUNRISE   552 AM CDT   SUNSET   911 PM CDT
MAY 23 2015...........SUNRISE   551 AM CDT   SUNSET   912 PM CDT


-  INDICATES NEGATIVE NUMBERS.
R  INDICATES RECORD WAS SET OR TIED.
MM INDICATES DATA IS MISSING.
T  INDICATES TRACE AMOUNT.




$$
