000
CDAK47 PAJK 301418
CLIJNU
AKZ025-310200-
CLIMATE REPORT
NATIONAL WEATHER SERVICE JUNEAU, AK
615 AM AKDT MON MAR 30 2015


...................................

...THE JUNEAU CLIMATE SUMMARY FOR MARCH 29 2015...

CLIMATE NORMAL PERIOD 1981 TO 2010
CLIMATE RECORD PERIOD 1943 TO 2015


WEATHER ITEM   OBSERVED TIME   RECORD YEAR NORMAL DEPARTURE LAST
                VALUE   (LST)  VALUE       VALUE  FROM      YEAR
                                                  NORMAL
..................................................................
TEMPERATURE (F)
 YESTERDAY
  MAXIMUM         45    254 PM  51    1994  43      2       46
  MINIMUM         41    615 AM  16    1963  30     11       20
  AVERAGE         43                        36      7       33

PRECIPITATION (IN)
  YESTERDAY        0.10          1.18 1998   0.11  -0.01     0.00
  MONTH TO DATE    4.30                      3.57   0.73     3.45
  SINCE MAR 1      4.30                      3.57   0.73     3.45
  SINCE JAN 1     19.90                     13.05   6.85    15.58

SNOWFALL (IN)
  YESTERDAY        0.0           5.0  1976   0.2   -0.2      0.0
  MONTH TO DATE    9.9                      11.2   -1.3      6.0
  SINCE MAR 1      9.9                      11.2   -1.3      6.0
  SINCE JUL 1     48.6                      85.2  -36.6     96.8
  SNOW DEPTH       0

DEGREE DAYS
 HEATING
  YESTERDAY       22                        29     -7       32
  MONTH TO DATE  812                       910    -98      976
  SINCE MAR 1    812                       910    -98      976
  SINCE JUL 1   6033                      6747   -714     6617

 COOLING
  YESTERDAY        0                         0      0        0
  MONTH TO DATE    0                         0      0        0
  SINCE MAR 1      0                         0      0        0
  SINCE JAN 1      0                         0      0        0
..................................................................


WIND (MPH)
  HIGHEST WIND SPEED    23   HIGHEST WIND DIRECTION    SE (120)
  HIGHEST GUST SPEED    28   HIGHEST GUST DIRECTION    SE (120)
  AVERAGE WIND SPEED    13.5


SKY COVER
  POSSIBLE SUNSHINE  MM
  AVERAGE SKY COVER 1.0


WEATHER CONDITIONS
 THE FOLLOWING WEATHER WAS RECORDED YESTERDAY.
  RAIN
  LIGHT RAIN
  FOG


RELATIVE HUMIDITY (PERCENT)
 HIGHEST    96           500 PM
 LOWEST     82           300 AM
 AVERAGE    89

..........................................................


THE JUNEAU CLIMATE NORMALS FOR TODAY
                         NORMAL    RECORD    YEAR
 MAXIMUM TEMPERATURE (F)   43        54      1993
 MINIMUM TEMPERATURE (F)   30        10      1967


SUNRISE AND SUNSET
MARCH 30 2015.........SUNRISE   632 AM AKDT  SUNSET   735 PM AKDT
MARCH 31 2015.........SUNRISE   629 AM AKDT  SUNSET   737 PM AKDT


-  INDICATES NEGATIVE NUMBERS.
R  INDICATES RECORD WAS SET OR TIED.
MM INDICATES DATA IS MISSING.
T  INDICATES TRACE AMOUNT.




$$


&&
----------------------------
AMOUNT OF DAYLIGHT TODAY  (HOUR:MIN)........13:04
GAIN/LOSS SINCE YESTERDAY (HOUR:MIN:SEC)....+0:05:07
