000
CDAK47 PAJK 151239
CLIJNU
CLIMATE REPORT
NATIONAL WEATHER SERVICE JUNEAU, AK
329 AM AKST FRI DEC 15 2017


...................................

...THE JUNEAU CLIMATE SUMMARY FOR DECEMBER 14 2017...

CLIMATE NORMAL PERIOD 1981 TO 2010
CLIMATE RECORD PERIOD 1936 TO 2017


WEATHER ITEM   OBSERVED RECORD YEAR NORMAL DEPARTURE LAST
                VALUE   VALUE       VALUE  FROM      YEAR
                                           NORMAL
...........................................................
TEMPERATURE (F)
 YESTERDAY
  MAXIMUM         47     48    1944  34     13       20
  MINIMUM         40    -15    1964  26     14        9
  AVERAGE         44                 30     14       15

PRECIPITATION (IN)
  YESTERDAY        0.68   1.44 1958   0.20   0.48      T
  MONTH TO DATE    6.80               2.83   3.97     3.21
  SINCE JAN 1     68.30              59.26   9.04    60.51

SNOWFALL (IN)
  YESTERDAY        0.0   10.0  1977   0.5   -0.5       T
  MONTH TO DATE    0.3                7.1   -6.8     10.2
  SINCE JUL 1     25.8               21.0    4.8     18.6
  SNOW DEPTH       0

DEGREE DAYS
 HEATING
  YESTERDAY       21                 35    -14       50
  MONTH TO DATE  324                482   -158      614
...........................................................


WIND (MPH)
  HIGHEST WIND SPEED    33   HIGHEST WIND DIRECTION     E (110)
  HIGHEST GUST SPEED    45   HIGHEST GUST DIRECTION     E (110)
  AVERAGE WIND SPEED    15.7


SKY COVER
  AVERAGE SKY COVER 0.9


WEATHER CONDITIONS
 THE FOLLOWING WEATHER WAS RECORDED YESTERDAY.
  RAIN
  LIGHT RAIN
  FOG


..........................................................


THE JUNEAU CLIMATE NORMALS FOR TODAY
                         NORMAL    RECORD    YEAR
 MAXIMUM TEMPERATURE (F)   34        46      2014
 MINIMUM TEMPERATURE (F)   26       -14      1964


SUNRISE AND SUNSET
DECEMBER 15 2017......SUNRISE   841 AM AKST  SUNSET   306 PM AKST
DECEMBER 16 2017......SUNRISE   842 AM AKST  SUNSET   306 PM AKST


-  INDICATES NEGATIVE NUMBERS.
R  INDICATES RECORD WAS SET OR TIED.
MM INDICATES DATA IS MISSING.
T  INDICATES TRACE AMOUNT.




$$
--------------------------------------------------------------

AMOUNT OF DAYLIGHT TODAY (HOUR:MIN)......... 6 HOURS 24 MINUTES
GAIN/LOSS SINCE YESTERDAY (HOUR:MIN:SEC).... -0:01:00

$$
