000
CDAK47 PAJK 251231
CLIJNU
AKZ025-260000-
CLIMATE REPORT
NATIONAL WEATHER SERVICE JUNEAU, AK
430 AM AKDT MON MAY 25 2015


...................................

...THE JUNEAU CLIMATE SUMMARY FOR MAY 24 2015...

CLIMATE NORMAL PERIOD 1981 TO 2010
CLIMATE RECORD PERIOD 1943 TO 2015


WEATHER ITEM   OBSERVED TIME   RECORD YEAR NORMAL DEPARTURE LAST
                VALUE   (LST)  VALUE       VALUE  FROM      YEAR
                                                  NORMAL
..................................................................
TEMPERATURE (F)
 YESTERDAY
  MAXIMUM         64    432 PM  74    1969  59      5       61
  MINIMUM         49    219 AM  30    1964  43      6       41
  AVERAGE         57                        51      6       51

PRECIPITATION (IN)
  YESTERDAY        0.00          0.64 1982   0.11  -0.11     0.00
  MONTH TO DATE    0.47                      2.62  -2.15     1.20
  SINCE MAR 1     12.17                      9.34   2.83     7.32
  SINCE JAN 1     27.77                     18.82   8.95    19.45

DEGREE DAYS
 HEATING
  YESTERDAY        8                        14     -6       14
  MONTH TO DATE  281                       415   -134      293
  SINCE MAR 1   1825                      2106   -281     2036
  SINCE JUL 1   7046                      7943   -897     7677

 COOLING
  YESTERDAY        0                         0      0        0
  MONTH TO DATE    0                         0      0        0
  SINCE MAR 1      0                         0      0        0
  SINCE JAN 1      0                         0      0        0
..................................................................


WIND (MPH)
  HIGHEST WIND SPEED    15   HIGHEST WIND DIRECTION     W (250)
  HIGHEST GUST SPEED    19   HIGHEST GUST DIRECTION    SW (220)
  AVERAGE WIND SPEED     6.8


SKY COVER
  POSSIBLE SUNSHINE  MM
  AVERAGE SKY COVER 0.7


WEATHER CONDITIONS
 THE FOLLOWING WEATHER WAS RECORDED YESTERDAY.
  NO SIGNIFICANT WEATHER WAS OBSERVED.


RELATIVE HUMIDITY (PERCENT)
 HIGHEST    93           300 AM
 LOWEST     52           400 PM
 AVERAGE    73

..........................................................


THE JUNEAU CLIMATE NORMALS FOR TODAY
                         NORMAL    RECORD    YEAR
 MAXIMUM TEMPERATURE (F)   59        77      1947
 MINIMUM TEMPERATURE (F)   43        29      1966


SUNRISE AND SUNSET
MAY 25 2015...........SUNRISE   413 AM AKDT  SUNSET   939 PM AKDT
MAY 26 2015...........SUNRISE   411 AM AKDT  SUNSET   941 PM AKDT


-  INDICATES NEGATIVE NUMBERS.
R  INDICATES RECORD WAS SET OR TIED.
MM INDICATES DATA IS MISSING.
T  INDICATES TRACE AMOUNT.




$$


&&
----------------------------
AMOUNT OF DAYLIGHT TODAY  (HOUR:MIN)........17:26
GAIN/LOSS SINCE YESTERDAY (HOUR:MIN:SEC)....+0:03:33
