000
CDAK47 PAJK 311215
CLIJNU
AKZ025-010000-
NATIONAL WEATHER SERVICE JUNEAU, AK
327 AM AKDT MON AUG 31 2015


...................................

...THE JUNEAU CLIMATE SUMMARY FOR AUGUST 30 2015...

CLIMATE NORMAL PERIOD 1981 TO 2010
CLIMATE RECORD PERIOD 1936 TO 2015


WEATHER ITEM   OBSERVED TIME   RECORD YEAR NORMAL DEPARTURE LAST
                VALUE   (LST)  VALUE       VALUE  FROM      YEAR
                                                  NORMAL
..................................................................
TEMPERATURE (F)
 YESTERDAY
  MAXIMUM         51    326 AM  75    1949  60     -9       56
  MINIMUM         46   1159 PM  35    1960  47     -1       50
  AVERAGE         49                        53     -4       53

PRECIPITATION (IN)
  YESTERDAY        1.04          1.82 1987   0.23   0.81     0.26
  MONTH TO DATE    8.15                      5.49   2.66     8.17
  SINCE JUN 1     23.21                     13.33   9.88    23.91
  SINCE JAN 1     51.03                     32.93  18.10    43.83

DEGREE DAYS
 HEATING
  YESTERDAY       16                        12      4       12
  MONTH TO DATE  234                       273    -39      233
  SINCE JUN 1    696                       839   -143      817
  SINCE JUL 1    462                       524    -62      463

 COOLING
  YESTERDAY        0                         0      0        0
  MONTH TO DATE    1                         0      1        0
  SINCE JUN 1      8                         2      6        0
  SINCE JAN 1      8                         2      6        0
..................................................................


WIND (MPH)
  HIGHEST WIND SPEED    24   HIGHEST WIND DIRECTION     E (110)
  HIGHEST GUST SPEED    30   HIGHEST GUST DIRECTION     E (100)
  AVERAGE WIND SPEED     7.4


SKY COVER
  AVERAGE SKY COVER 1.0


WEATHER CONDITIONS
 THE FOLLOWING WEATHER WAS RECORDED YESTERDAY.
  RAIN
  LIGHT RAIN
  FOG


RELATIVE HUMIDITY (PERCENT)
 HIGHEST   100           600 AM
 LOWEST     86           300 AM
 AVERAGE    93

..........................................................


THE JUNEAU CLIMATE NORMALS FOR TODAY
                         NORMAL    RECORD    YEAR
 MAXIMUM TEMPERATURE (F)   60        74      1963
 MINIMUM TEMPERATURE (F)   47        27      1941


SUNRISE AND SUNSET
AUGUST 31 2015........SUNRISE   555 AM AKDT  SUNSET   801 PM AKDT
SEPTEMBER  1 2015.....SUNRISE   557 AM AKDT  SUNSET   758 PM AKDT


-  INDICATES NEGATIVE NUMBERS.
R  INDICATES RECORD WAS SET OR TIED.
MM INDICATES DATA IS MISSING.
T  INDICATES TRACE AMOUNT.




$$

&&
----------------------------
AMOUNT OF DAYLIGHT TODAY  (HOUR:MIN)........14:06
GAIN/LOSS SINCE YESTERDAY (HOUR:MIN:SEC)....-0:04:59
