000
CDUS43 KGRR 200519
CLIJXN


CLIMATE REPORT
NATIONAL WEATHER SERVICE GRAND RAPIDS, MI
1219 AM EST MON NOV 20 2017


...................................

...THE JACKSON MI CLIMATE SUMMARY FOR NOVEMBER 19 2017...

CLIMATE NORMAL PERIOD 1981 TO 2010
CLIMATE RECORD PERIOD 1944 TO 9999


WEATHER ITEM   OBSERVED TIME   NORMAL DEPARTURE LAST
                VALUE   (LST)  VALUE  FROM      YEAR
                                      NORMAL
......................................................
TEMPERATURE (F)
 YESTERDAY
  MAXIMUM         38    141 AM  46     -8       51
  MINIMUM         27    933 PM  31     -4       31
  AVERAGE         33            38     -5       41

PRECIPITATION (IN)
  YESTERDAY        0.01          0.09  -0.08     0.15
  MONTH TO DATE    4.41          1.69   2.72     1.18
  SINCE SEP 1     12.76          7.80   4.96     8.75
  SINCE JAN 1     35.82         28.72   7.10    35.06

DEGREE DAYS
 HEATING
  YESTERDAY       32            27      5       24
  MONTH TO DATE  512           436     76      291
  SINCE SEP 1    941          1049   -108      667
  SINCE JUL 1    968          1084   -116      671

 COOLING
  YESTERDAY        0             0      0        0
  MONTH TO DATE    0             0      0        0
  SINCE SEP 1    130            63     67      101
  SINCE JAN 1    657           592     65      829
......................................................


WIND (MPH)
  RESULTANT WIND SPEED  11   RESULTANT WIND DIRECTION   W (270)
  HIGHEST WIND SPEED    18   HIGHEST WIND DIRECTION     W (270)
  HIGHEST GUST SPEED    28   HIGHEST GUST DIRECTION     W (280)
  AVERAGE WIND SPEED    10.9


SKY COVER
  AVERAGE SKY COVER 0.9


WEATHER CONDITIONS
 THE FOLLOWING WEATHER WAS RECORDED YESTERDAY.
  LIGHT SNOW
  HAZE


RELATIVE HUMIDITY (PERCENT)
 HIGHEST    82          1200 AM
 LOWEST     58           700 PM
 AVERAGE    70

..........................................................


THE JACKSON MI CLIMATE NORMALS FOR TODAY
                         NORMAL
 MAXIMUM TEMPERATURE (F)   46
 MINIMUM TEMPERATURE (F)   30


SUNRISE AND SUNSET
NOVEMBER 20 2017......SUNRISE   735 AM EST   SUNSET   512 PM EST
NOVEMBER 21 2017......SUNRISE   736 AM EST   SUNSET   511 PM EST


-  INDICATES NEGATIVE NUMBERS.
R  INDICATES RECORD WAS SET OR TIED.
MM INDICATES DATA IS MISSING.
T  INDICATES TRACE AMOUNT.




$$
