000
CDUS43 KGRR 240513
CLIJXN


CLIMATE REPORT
NATIONAL WEATHER SERVICE GRAND RAPIDS, MI
112 AM EDT SUN MAY 24 2015


...................................

...THE JACKSON MI CLIMATE SUMMARY FOR MAY 23 2015...

CLIMATE NORMAL PERIOD 1981 TO 2010
CLIMATE RECORD PERIOD 1944 TO 9999


WEATHER ITEM   OBSERVED TIME   NORMAL DEPARTURE LAST
                VALUE   (LST)  VALUE  FROM      YEAR
                                      NORMAL
......................................................
TEMPERATURE (F)
 YESTERDAY
  MAXIMUM         76    537 PM  71      5       70
  MINIMUM         40    512 AM  48     -8       45
  AVERAGE         58            60     -2       58

PRECIPITATION (IN)
  YESTERDAY        0.00          0.12  -0.12     0.00
  MONTH TO DATE    2.70          2.43   0.27     4.10
  SINCE MAR 1      5.77          6.94  -1.17     8.03
  SINCE JAN 1      7.85          9.72  -1.87    12.31

DEGREE DAYS
 HEATING
  YESTERDAY        7             7      0        7
  MONTH TO DATE  136           215    -79      231
  SINCE MAR 1   1640          1647     -7     1932
  SINCE JUL 1   7144          6561    583     7496

 COOLING
  YESTERDAY        0             1     -1        0
  MONTH TO DATE   30            16     14       18
  SINCE MAR 1     30            22      8       18
  SINCE JAN 1     30            22      8       18
......................................................


WIND (MPH)
  RESULTANT WIND SPEED   2   RESULTANT WIND DIRECTION   S (170)
  HIGHEST WIND SPEED    15   HIGHEST WIND DIRECTION     W (280)
  HIGHEST GUST SPEED    20   HIGHEST GUST DIRECTION     W (260)
  AVERAGE WIND SPEED     4.8


SKY COVER
  AVERAGE SKY COVER 0.0


WEATHER CONDITIONS
 THE FOLLOWING WEATHER WAS RECORDED YESTERDAY.
  NO SIGNIFICANT WEATHER WAS OBSERVED.


RELATIVE HUMIDITY (PERCENT)
 HIGHEST    76           600 AM
 LOWEST     25           100 PM
 AVERAGE    51

..........................................................


THE JACKSON MI CLIMATE NORMALS FOR TODAY
                         NORMAL
 MAXIMUM TEMPERATURE (F)   72
 MINIMUM TEMPERATURE (F)   49


SUNRISE AND SUNSET
MAY 24 2015...........SUNRISE   609 AM EDT   SUNSET   901 PM EDT
MAY 25 2015...........SUNRISE   608 AM EDT   SUNSET   902 PM EDT


-  INDICATES NEGATIVE NUMBERS.
R  INDICATES RECORD WAS SET OR TIED.
MM INDICATES DATA IS MISSING.
T  INDICATES TRACE AMOUNT.




$$
