000
CDUS43 KGRR 201426
CLIJXN


CLIMATE REPORT
NATIONAL WEATHER SERVICE GRAND RAPIDS, MI
926 AM EST SAT JAN 20 2018


...................................

...THE JACKSON MI CLIMATE SUMMARY FOR JANUARY 20 2018...
VALID AS OF 0900 AM LOCAL TIME.

CLIMATE NORMAL PERIOD 1981 TO 2010
CLIMATE RECORD PERIOD 1944 TO 9999


WEATHER ITEM   OBSERVED TIME   NORMAL DEPARTURE LAST
                VALUE   (LST)  VALUE  FROM      YEAR
                                      NORMAL
......................................................
TEMPERATURE (F)
 TODAY
  MAXIMUM         36    232 AM  31      5       43
  MINIMUM         31    851 AM  16     15       34
  AVERAGE         34            23     11       39

PRECIPITATION (IN)
  TODAY            0.00          0.04  -0.04      T
  MONTH TO DATE    0.41          1.05  -0.64     2.30
  SINCE DEC 1      1.09          2.92  -1.83     3.18
  SINCE JAN 1      0.41          1.05  -0.64     2.30

DEGREE DAYS
 HEATING
  TODAY           31            42    -11       26
  MONTH TO DATE  918           829     89      747
  SINCE DEC 1   2140          1973    167     1912
  SINCE JUL 1   3382          3377      5     2882

 COOLING
  TODAY            0             0      0        0
  MONTH TO DATE    0             0      0        0
  SINCE DEC 1      0             0      0        0
  SINCE JAN 1      0             0      0        0
......................................................


WIND (MPH)
  RESULTANT WIND SPEED  18   RESULTANT WIND DIRECTION  SW (220)
  HIGHEST WIND SPEED    26   HIGHEST WIND DIRECTION    SW (220)
  HIGHEST GUST SPEED    35   HIGHEST GUST DIRECTION    SW (220)
  AVERAGE WIND SPEED    17.8


SKY COVER
  AVERAGE SKY COVER 0.0


WEATHER CONDITIONS
 THE FOLLOWING WEATHER WAS RECORDED TODAY.
  NO SIGNIFICANT WEATHER WAS OBSERVED.


RELATIVE HUMIDITY (PERCENT)
 HIGHEST    78           800 AM
 LOWEST     64          1200 AM
 AVERAGE    71

..........................................................


THE JACKSON MI CLIMATE NORMALS FOR TOMORROW
                         NORMAL
 MAXIMUM TEMPERATURE (F)   31
 MINIMUM TEMPERATURE (F)   16


SUNRISE AND SUNSET
JANUARY 20 2018.......SUNRISE   801 AM EST   SUNSET   537 PM EST
JANUARY 21 2018.......SUNRISE   801 AM EST   SUNSET   538 PM EST


-  INDICATES NEGATIVE NUMBERS.
R  INDICATES RECORD WAS SET OR TIED.
MM INDICATES DATA IS MISSING.
T  INDICATES TRACE AMOUNT.




$$
