000
CDUS43 KGRR 212132
CLIJXN


CLIMATE REPORT
NATIONAL WEATHER SERVICE GRAND RAPIDS, MI
531 PM EDT FRI JUL 21 2017


...................................

...THE JACKSON MI CLIMATE SUMMARY FOR JULY 21 2017...
VALID TODAY AS OF 0500 PM LOCAL TIME.

CLIMATE NORMAL PERIOD 1981 TO 2010
CLIMATE RECORD PERIOD 1944 TO 9999


WEATHER ITEM   OBSERVED TIME   NORMAL DEPARTURE LAST
                VALUE   (LST)  VALUE  FROM      YEAR
                                      NORMAL
......................................................
TEMPERATURE (F)
 TODAY
  MAXIMUM         89    205 PM  82      7       89
  MINIMUM         64    447 AM  60      4       67
  AVERAGE         77            71      6       78

PRECIPITATION (IN)
  TODAY            0.00          0.12  -0.12     0.25
  MONTH TO DATE    2.03          2.35  -0.32     5.01
  SINCE JUN 1      3.33          5.62  -2.29     6.04
  SINCE JAN 1     21.30         16.22   5.08    15.54

DEGREE DAYS
 HEATING
  TODAY            0             0      0        0
  MONTH TO DATE    0             1     -1        4
  SINCE JUN 1     31            56    -25       34
  SINCE JUL 1      0             1     -1        4

 COOLING
  TODAY           12             6      6       13
  MONTH TO DATE  166           144     22      159
  SINCE JUN 1    330           270     60      311
  SINCE JAN 1    366           307     59      364
......................................................


WIND (MPH)
  RESULTANT WIND SPEED   1   RESULTANT WIND DIRECTION  SE (130)
  HIGHEST WIND SPEED    12   HIGHEST WIND DIRECTION     W (250)
  HIGHEST GUST SPEED    14   HIGHEST GUST DIRECTION     W (260)
  AVERAGE WIND SPEED     3.5


SKY COVER
  AVERAGE SKY COVER 0.2


WEATHER CONDITIONS
 THE FOLLOWING WEATHER WAS RECORDED TODAY.
  LIGHT RAIN
  FOG


RELATIVE HUMIDITY (PERCENT)
 HIGHEST   100           700 AM
 LOWEST     43           100 PM
 AVERAGE    72

..........................................................


THE JACKSON MI CLIMATE NORMALS FOR TOMORROW
                         NORMAL
 MAXIMUM TEMPERATURE (F)   82
 MINIMUM TEMPERATURE (F)   60


SUNRISE AND SUNSET
JULY 21 2017..........SUNRISE   620 AM EDT   SUNSET   908 PM EDT
JULY 22 2017..........SUNRISE   621 AM EDT   SUNSET   907 PM EDT


-  INDICATES NEGATIVE NUMBERS.
R  INDICATES RECORD WAS SET OR TIED.
MM INDICATES DATA IS MISSING.
T  INDICATES TRACE AMOUNT.




$$

JAM
