000
CDUS43 KGRR 242133
CLIJXN


CLIMATE REPORT
NATIONAL WEATHER SERVICE GRAND RAPIDS, MI
529 PM EDT TUE MAY 24 2016


...................................

...THE JACKSON MI CLIMATE SUMMARY FOR MAY 24 2016...
VALID TODAY AS OF 0500 PM LOCAL TIME.

CLIMATE NORMAL PERIOD 1981 TO 2010
CLIMATE RECORD PERIOD 1944 TO 9999


WEATHER ITEM   OBSERVED TIME   NORMAL DEPARTURE LAST
                VALUE   (LST)  VALUE  FROM      YEAR
                                      NORMAL
......................................................
TEMPERATURE (F)
 TODAY
  MAXIMUM         84    335 PM  72     12       75
  MINIMUM         46    514 AM  49     -3       50
  AVERAGE         65            60      5       63

PRECIPITATION (IN)
  TODAY            0.00          0.11  -0.11      T
  MONTH TO DATE    1.66          2.54  -0.88     2.70
  SINCE MAR 1      7.58          7.05   0.53     5.77
  SINCE JAN 1      9.45          9.83  -0.38     7.85

DEGREE DAYS
 HEATING
  TODAY            0             6     -6        2
  MONTH TO DATE  252           221     31      138
  SINCE MAR 1   1518          1653   -135     1642
  SINCE JUL 1   5640          6567   -927     7146

 COOLING
  TODAY            0             2     -2        0
  MONTH TO DATE    1            18    -17       30
  SINCE MAR 1      1            24    -23       30
  SINCE JAN 1      1            24    -23       30
......................................................


WIND (MPH)
  RESULTANT WIND SPEED   5   RESULTANT WIND DIRECTION   W (250)
  HIGHEST WIND SPEED    16   HIGHEST WIND DIRECTION     S (200)
  HIGHEST GUST SPEED    21   HIGHEST GUST DIRECTION     S (190)
  AVERAGE WIND SPEED     5.8


SKY COVER
  AVERAGE SKY COVER 0.0


WEATHER CONDITIONS
 THE FOLLOWING WEATHER WAS RECORDED TODAY.
  HAZE


RELATIVE HUMIDITY (PERCENT)
 HIGHEST    86           300 AM
 LOWEST     31           200 PM
 AVERAGE    59

..........................................................


THE JACKSON MI CLIMATE NORMALS FOR TOMORROW
                         NORMAL
 MAXIMUM TEMPERATURE (F)   72
 MINIMUM TEMPERATURE (F)   49


SUNRISE AND SUNSET
MAY 24 2016...........SUNRISE   608 AM EDT   SUNSET   902 PM EDT
MAY 25 2016...........SUNRISE   608 AM EDT   SUNSET   902 PM EDT


-  INDICATES NEGATIVE NUMBERS.
R  INDICATES RECORD WAS SET OR TIED.
MM INDICATES DATA IS MISSING.
T  INDICATES TRACE AMOUNT.




$$

63
