000
CDUS45 KPUB 161206
CLILAA


CLIMATE REPORT
NATIONAL WEATHER SERVICE PUEBLO
506 AM MST MON JAN 16 2017


...................................

...THE LAMAR CO CLIMATE SUMMARY FOR JANUARY 15 2017...

CLIMATE NORMAL PERIOD 1981 TO 2010
CLIMATE RECORD PERIOD 9999 TO 9999


WEATHER ITEM   OBSERVED TIME   NORMAL DEPARTURE LAST
                VALUE   (LST)  VALUE  FROM      YEAR
                                      NORMAL
......................................................
TEMPERATURE (F)
 YESTERDAY
  MAXIMUM         33    425 PM  45    -12       46
  MINIMUM         30    453 AM  13     17       10
  AVERAGE         32            29      3       28

PRECIPITATION (IN)
  YESTERDAY       MM             0.01  MM        0.00
  MONTH TO DATE    0.12          0.10   0.02     0.01
  SINCE DEC 1      0.35          0.50  -0.15     0.20
  SINCE JAN 1      0.12          0.10   0.02     0.01

DEGREE DAYS
 HEATING
  YESTERDAY       33            36     -3       37
  MONTH TO DATE  578           552     26      517
  SINCE DEC 1   1775          1649    126     1464
  SINCE JUL 1   2581          2865   -284     2400

 COOLING
  YESTERDAY        0             0      0        0
  MONTH TO DATE    0             0      0        0
  SINCE DEC 1      0             0      0        0
  SINCE JAN 1      0             0      0        0
......................................................


WIND (MPH)
  HIGHEST WIND SPEED     9   HIGHEST WIND DIRECTION    NE (60)
  HIGHEST GUST SPEED    11   HIGHEST GUST DIRECTION     E (90)
  AVERAGE WIND SPEED     3.5


SKY COVER
  POSSIBLE SUNSHINE  MM
  AVERAGE SKY COVER 1.0


WEATHER CONDITIONS
 THE FOLLOWING WEATHER WAS RECORDED YESTERDAY.
  LIGHT RAIN
  FREEZING RAIN
  LT FREEZING RAIN
  LIGHT SNOW
  FOG


RELATIVE HUMIDITY (PERCENT)
 HIGHEST    92           400 AM
 LOWEST     78          1200 AM
 AVERAGE    85

..........................................................




SUNRISE AND SUNSET
JANUARY 16 2017.......SUNRISE   705 AM MST   SUNSET   456 PM MST
JANUARY 17 2017.......SUNRISE   705 AM MST   SUNSET   457 PM MST


-  INDICATES NEGATIVE NUMBERS.
R  INDICATES RECORD WAS SET OR TIED.
MM INDICATES DATA IS MISSING.
T  INDICATES TRACE AMOUNT.




$$
