000
CDUS43 KIND 280532
CLILAF


CLIMATE REPORT
NATIONAL WEATHER SERVICE INDIANAPOLIS IN
131 AM EDT SAT MAY 28 2016


...................................

...THE LAFAYETTE IN CLIMATE SUMMARY FOR MAY 27 2016...

CLIMATE NORMAL PERIOD 1981 TO 2010
CLIMATE RECORD PERIOD 9999 TO 9999


WEATHER ITEM   OBSERVED TIME   NORMAL DEPARTURE LAST
                VALUE   (LST)  VALUE  FROM      YEAR
                                      NORMAL
......................................................
TEMPERATURE (F)
 YESTERDAY
  MAXIMUM         84    440 PM  77      7       78
  MINIMUM         64    413 AM  55      9       60
  AVERAGE         74            66      8       69

PRECIPITATION (IN)
  YESTERDAY        T             0.14  -0.14     0.02
  MONTH TO DATE    1.95          3.62  -1.67     3.14
  SINCE MAR 1      9.38          9.83  -0.45     6.22
  SINCE JAN 1     12.11         13.45  -1.34     7.95

DEGREE DAYS
 HEATING
  YESTERDAY        0             3     -3        0
  MONTH TO DATE  208           150     58      109
  SINCE MAR 1   1211          1306    -95     1396
  SINCE JUL 1   5019          5640   -621     6474

 COOLING
  YESTERDAY        9             3      6        4
  MONTH TO DATE   31            50    -19       75
  SINCE MAR 1     33            63    -30       77
  SINCE JAN 1     33            63    -30       77
......................................................


WIND (MPH)
  HIGHEST WIND SPEED    20   HIGHEST WIND DIRECTION     S (190)
  HIGHEST GUST SPEED    28   HIGHEST GUST DIRECTION     S (180)
  AVERAGE WIND SPEED     7.3


SKY COVER
  AVERAGE SKY COVER 0.4


WEATHER CONDITIONS
 THE FOLLOWING WEATHER WAS RECORDED YESTERDAY.
  LIGHT RAIN


RELATIVE HUMIDITY (PERCENT)
 HIGHEST    93           100 AM
 LOWEST     42           600 PM
 AVERAGE    68

..........................................................


THE LAFAYETTE IN CLIMATE NORMALS FOR TODAY
                         NORMAL
 MAXIMUM TEMPERATURE (F)   77
 MINIMUM TEMPERATURE (F)   55


SUNRISE AND SUNSET
MAY 28 2016...........SUNRISE   621 AM EDT   SUNSET   909 PM EDT
MAY 29 2016...........SUNRISE   621 AM EDT   SUNSET   910 PM EDT


-  INDICATES NEGATIVE NUMBERS.
R  INDICATES RECORD WAS SET OR TIED.
MM INDICATES DATA IS MISSING.
T  INDICATES TRACE AMOUNT.




$$
