000
CDUS43 KIND 050536
CLILAF


CLIMATE REPORT
NATIONAL WEATHER SERVICE INDIANAPOLIS IN
1235 AM EST THU MAR 5 2015


...................................

...THE LAFAYETTE IN CLIMATE SUMMARY FOR MARCH 4 2015...

CLIMATE NORMAL PERIOD 1981 TO 2010
CLIMATE RECORD PERIOD 9999 TO 9999


WEATHER ITEM   OBSERVED TIME   NORMAL DEPARTURE LAST
                VALUE   (LST)  VALUE  FROM      YEAR
                                      NORMAL
......................................................
TEMPERATURE (F)
 YESTERDAY
  MAXIMUM         33    202 AM  45    -12       29
  MINIMUM         16   1159 PM  27    -11        7
  AVERAGE         25            36    -11       18

PRECIPITATION (IN)
  YESTERDAY        0.00          0.09  -0.09     0.00
  MONTH TO DATE    0.21          0.33  -0.12     0.18
  SINCE MAR 1      0.21          0.33  -0.12     0.18
  SINCE JAN 1      1.94          3.95  -2.01     3.52

DEGREE DAYS
 HEATING
  YESTERDAY       40            29     11       47
  MONTH TO DATE  163           118     45      189
  SINCE MAR 1    163           118     45      189
  SINCE JUL 1   5241          4452    789     5151

 COOLING
  YESTERDAY        0             0      0        0
  MONTH TO DATE    0             0      0        0
  SINCE MAR 1      0             0      0        0
  SINCE JAN 1      0             0      0        0
......................................................


WIND (MPH)
  HIGHEST WIND SPEED    18   HIGHEST WIND DIRECTION    NW (320)
  HIGHEST GUST SPEED    25   HIGHEST GUST DIRECTION     N (340)
  AVERAGE WIND SPEED    11.6


SKY COVER
  AVERAGE SKY COVER 0.6


WEATHER CONDITIONS
 THE FOLLOWING WEATHER WAS RECORDED YESTERDAY.
  NO SIGNIFICANT WEATHER WAS OBSERVED.


RELATIVE HUMIDITY (PERCENT)
 HIGHEST    89          1200 AM
 LOWEST     61          1100 PM
 AVERAGE    75

..........................................................


THE LAFAYETTE IN CLIMATE NORMALS FOR TODAY
                         NORMAL
 MAXIMUM TEMPERATURE (F)   45
 MINIMUM TEMPERATURE (F)   28


SUNRISE AND SUNSET
MARCH  5 2015.........SUNRISE   716 AM EST   SUNSET   643 PM EST
MARCH  6 2015.........SUNRISE   714 AM EST   SUNSET   645 PM EST


-  INDICATES NEGATIVE NUMBERS.
R  INDICATES RECORD WAS SET OR TIED.
MM INDICATES DATA IS MISSING.
T  INDICATES TRACE AMOUNT.




$$
