000
CDUS43 KIND 210541
CLILAF


CLIMATE REPORT
NATIONAL WEATHER SERVICE INDIANAPOLIS IN
1241 AM EST TUE NOV 21 2017


...................................

...THE LAFAYETTE IN CLIMATE SUMMARY FOR NOVEMBER 20 2017...

CLIMATE NORMAL PERIOD 1981 TO 2010
CLIMATE RECORD PERIOD 9999 TO 9999


WEATHER ITEM   OBSERVED TIME   NORMAL DEPARTURE LAST
                VALUE   (LST)  VALUE  FROM      YEAR
                                      NORMAL
......................................................
TEMPERATURE (F)
 YESTERDAY
  MAXIMUM         50    401 PM  49      1       35
  MINIMUM         27    222 AM  33     -6       22
  AVERAGE         39            41     -2       29

PRECIPITATION (IN)
  YESTERDAY        0.00          0.10  -0.10     0.00
  MONTH TO DATE    2.83          1.95   0.88     1.22
  SINCE SEP 1      6.19          7.50  -1.31     5.26
  SINCE JAN 1     42.58         33.05   9.53    32.60

DEGREE DAYS
 HEATING
  YESTERDAY       26            24      2       36
  MONTH TO DATE  463           398     65      332
  SINCE SEP 1    800           826    -26      594
  SINCE JUL 1    809           832    -23      604

 COOLING
  YESTERDAY        0             0      0        0
  MONTH TO DATE    0             0      0        3
  SINCE SEP 1    180           130     50      190
  SINCE JAN 1    853           982   -129     1102
......................................................


WIND (MPH)
  HIGHEST WIND SPEED    21   HIGHEST WIND DIRECTION    SW (210)
  HIGHEST GUST SPEED    31   HIGHEST GUST DIRECTION    SW (230)
  AVERAGE WIND SPEED     9.2


SKY COVER
  AVERAGE SKY COVER 0.0


WEATHER CONDITIONS
 THE FOLLOWING WEATHER WAS RECORDED YESTERDAY.
  NO SIGNIFICANT WEATHER WAS OBSERVED.


RELATIVE HUMIDITY (PERCENT)
 HIGHEST    84          1200 AM
 LOWEST     46           200 PM
 AVERAGE    65

..........................................................


THE LAFAYETTE IN CLIMATE NORMALS FOR TODAY
                         NORMAL
 MAXIMUM TEMPERATURE (F)   48
 MINIMUM TEMPERATURE (F)   32


SUNRISE AND SUNSET
NOVEMBER 21 2017......SUNRISE   741 AM EST   SUNSET   526 PM EST
NOVEMBER 22 2017......SUNRISE   742 AM EST   SUNSET   525 PM EST


-  INDICATES NEGATIVE NUMBERS.
R  INDICATES RECORD WAS SET OR TIED.
MM INDICATES DATA IS MISSING.
T  INDICATES TRACE AMOUNT.




$$
