000
CDUS43 KGRR 110555
CLILAN


CLIMATE REPORT
NATIONAL WEATHER SERVICE GRAND RAPIDS, MI
1255 AM EST SUN DEC 11 2016


...................................

...THE LANSING MI CLIMATE SUMMARY FOR DECEMBER 10 2016...

CLIMATE NORMAL PERIOD 1981 TO 2010
CLIMATE RECORD PERIOD 1864 TO 2016


WEATHER ITEM   OBSERVED TIME   RECORD YEAR NORMAL DEPARTURE LAST
                VALUE   (LST)  VALUE       VALUE  FROM      YEAR
                                                  NORMAL
..................................................................
TEMPERATURE (F)
 YESTERDAY
  MAXIMUM         26    144 PM  63    1971  36    -10       58
  MINIMUM         20    700 AM -24    1868  24     -4       38
  AVERAGE         23                        30     -7       48

PRECIPITATION (IN)
  YESTERDAY        0.04          0.94 1967   0.07  -0.03     0.00
  MONTH TO DATE    0.46                      0.68  -0.22     0.10
  SINCE DEC 1      0.46                      0.68  -0.22     0.10
  SINCE JAN 1     33.65                     30.58   3.07    31.90

SNOWFALL (IN)
  YESTERDAY        1.1           6.2  1970   0.4    0.7      0.0
  MONTH TO DATE    4.8                       3.5    1.3       T
  SINCE DEC 1      4.8                       3.5    1.3       T
  SINCE JUL 1      4.8                       7.3   -2.5      8.2
  SNOW DEPTH       2

DEGREE DAYS
 HEATING
  YESTERDAY       42                        35      7       17
  MONTH TO DATE  325                       335    -10      260
  SINCE DEC 1    325                       335    -10      260
  SINCE JUL 1   1300                      1749   -449     1368

 COOLING
  YESTERDAY        0                         0      0        0
  MONTH TO DATE    0                         0      0        0
  SINCE DEC 1      0                         0      0        0
  SINCE JAN 1    869                       625    244      615
..................................................................


WIND (MPH)
  RESULTANT WIND SPEED   8   RESULTANT WIND DIRECTION  SW (240)
  HIGHEST WIND SPEED    17   HIGHEST WIND DIRECTION     W (260)
  HIGHEST GUST SPEED    21   HIGHEST GUST DIRECTION     W (260)
  AVERAGE WIND SPEED     8.6


SKY COVER
  AVERAGE SKY COVER 0.9


WEATHER CONDITIONS
 THE FOLLOWING WEATHER WAS RECORDED YESTERDAY.
  LIGHT SNOW
  FOG


RELATIVE HUMIDITY (PERCENT)
 HIGHEST    84           300 AM
 LOWEST     74          1100 AM
 AVERAGE    79

..........................................................


THE LANSING MI CLIMATE NORMALS FOR TODAY
                         NORMAL    RECORD    YEAR
 MAXIMUM TEMPERATURE (F)   35        62      1949
 MINIMUM TEMPERATURE (F)   24       -16      1868


SUNRISE AND SUNSET
DECEMBER 11 2016......SUNRISE   759 AM EST   SUNSET   504 PM EST
DECEMBER 12 2016......SUNRISE   800 AM EST   SUNSET   505 PM EST


-  INDICATES NEGATIVE NUMBERS.
R  INDICATES RECORD WAS SET OR TIED.
MM INDICATES DATA IS MISSING.
T  INDICATES TRACE AMOUNT.




$$
