000
CDUS45 KCYS 300726
CLILAR


CLIMATE REPORT
NATIONAL WEATHER SERVICE CHEYENNE WY
126 AM MDT THU OCT 30 2014


...................................

...THE LARAMIE WY AIRPORT CLIMATE SUMMARY FOR OCTOBER 29 2014...

CLIMATE NORMAL PERIOD 1981 TO 2010
CLIMATE RECORD PERIOD 1948 TO 2014


WEATHER ITEM   OBSERVED TIME   RECORD YEAR NORMAL DEPARTURE LAST
                VALUE   (LST)  VALUE       VALUE  FROM      YEAR
                                                  NORMAL
..................................................................
TEMPERATURE (F)
 YESTERDAY
  MAXIMUM         57    120 PM  72    1968  50      7       47
  MINIMUM         26    105 AM -13    1993  24      2       19
  AVERAGE         42                        37      5       33

PRECIPITATION (IN)
  YESTERDAY        0.00          0.38 1979   0.02  -0.02     0.07
  MONTH TO DATE    0.30                      0.76  -0.46     1.99
  SINCE JAN 1     13.16                     10.02   3.14    11.37

DEGREE DAYS
 HEATING
  YESTERDAY       23                        28     -5       32
  MONTH TO DATE  531                       659   -128      747
  SINCE SEP 1    803                      1012   -209     1000
  SINCE JUL 1    982                      1184   -202     1071

 COOLING
  YESTERDAY        0                         0      0        0
  MONTH TO DATE    0                         0      0        0
  SINCE SEP 1      0                         1     -1       24
  SINCE JAN 1     67                        67      0      162
..................................................................


WIND (MPH)
  HIGHEST WIND SPEED    36   HIGHEST WIND DIRECTION     W (280)
  HIGHEST GUST SPEED    45   HIGHEST GUST DIRECTION     W (270)
  AVERAGE WIND SPEED    18.4


SKY COVER
  AVERAGE SKY COVER 0.1


WEATHER CONDITIONS
 THE FOLLOWING WEATHER WAS RECORDED YESTERDAY.
  NO SIGNIFICANT WEATHER WAS OBSERVED.


RELATIVE HUMIDITY (PERCENT)
 HIGHEST    59          1100 PM
 LOWEST     21           100 PM
 AVERAGE    40

..........................................................


THE LARAMIE WY AIRPORT CLIMATE NORMALS FOR TODAY
                         NORMAL    RECORD    YEAR
 MAXIMUM TEMPERATURE (F)   50        69      1950
 MINIMUM TEMPERATURE (F)   24       -18      1993


SUNRISE AND SUNSET
OCTOBER 30 2014.......SUNRISE   732 AM MDT   SUNSET   600 PM MDT
OCTOBER 31 2014.......SUNRISE   733 AM MDT   SUNSET   559 PM MDT


-  INDICATES NEGATIVE NUMBERS.
R  INDICATES RECORD WAS SET OR TIED.
MM INDICATES DATA IS MISSING.
T  INDICATES TRACE AMOUNT.




$$
