000
CDUS45 KCYS 130731
CLILAR


CLIMATE REPORT
NATIONAL WEATHER SERVICE CHEYENNE WY
130 AM MDT SUN JUL 13 2014


...................................

...THE LARAMIE WY AIRPORT CLIMATE SUMMARY FOR JULY 12 2014...

CLIMATE NORMAL PERIOD 1981 TO 2010
CLIMATE RECORD PERIOD 1948 TO 2014


WEATHER ITEM   OBSERVED TIME   RECORD YEAR NORMAL DEPARTURE LAST
                VALUE   (LST)  VALUE       VALUE  FROM      YEAR
                                                  NORMAL
..................................................................
TEMPERATURE (F)
 YESTERDAY
  MAXIMUM         74    501 PM  93    1954  80     -6       80
  MINIMUM         55    547 AM  39    1987  48      7       56
  AVERAGE         65                        64      1       68

PRECIPITATION (IN)
  YESTERDAY        0.18          0.65 1957   0.04   0.14     0.17
  MONTH TO DATE    1.45                      0.49   0.96     0.46
  SINCE JAN 1      7.29                      5.98   1.31     3.87

DEGREE DAYS
 HEATING
  YESTERDAY        0                         2     -2        0
  MONTH TO DATE   20                        34    -14        6
  SINCE JUN 1    262                       275    -13      109
  SINCE JUL 1     20                        34    -14        6

 COOLING
  YESTERDAY        0                         1     -1        3
  MONTH TO DATE   23                        12     11       37
  SINCE JUN 1     26                        19      7       73
  SINCE JAN 1     26                        19      7       73
..................................................................


WIND (MPH)
  HIGHEST WIND SPEED    22   HIGHEST WIND DIRECTION    NE (30)
  HIGHEST GUST SPEED    27   HIGHEST GUST DIRECTION    NE (30)
  AVERAGE WIND SPEED     8.2


SKY COVER
  AVERAGE SKY COVER 0.4


WEATHER CONDITIONS
 THE FOLLOWING WEATHER WAS RECORDED YESTERDAY.
  THUNDERSTORM
  HEAVY RAIN
  RAIN
  LIGHT RAIN
  FOG
  FOG W/VISIBILITY <= 1/4 MILE


RELATIVE HUMIDITY (PERCENT)
 HIGHEST   100           500 AM
 LOWEST     41           400 PM
 AVERAGE    71

..........................................................


THE LARAMIE WY AIRPORT CLIMATE NORMALS FOR TODAY
                         NORMAL    RECORD    YEAR
 MAXIMUM TEMPERATURE (F)   80        90      2005
                                             2004
                                             2003
 MINIMUM TEMPERATURE (F)   48        36      1987


SUNRISE AND SUNSET
JULY 13 2014..........SUNRISE   541 AM MDT   SUNSET   836 PM MDT
JULY 14 2014..........SUNRISE   542 AM MDT   SUNSET   835 PM MDT


-  INDICATES NEGATIVE NUMBERS.
R  INDICATES RECORD WAS SET OR TIED.
MM INDICATES DATA IS MISSING.
T  INDICATES TRACE AMOUNT.




$$
