000
CDUS45 KVEF 280832
CLILAS


CLIMATE REPORT
NATIONAL WEATHER SERVICE LAS VEGAS, NV
1231 AM PST FRI NOV 28 2014


...................................

...THE LAS VEGAS NV CLIMATE SUMMARY FOR NOVEMBER 27 2014...

CLIMATE NORMAL PERIOD 1981 TO 2010
CLIMATE RECORD PERIOD 1937 TO 2014


WEATHER ITEM   OBSERVED TIME   RECORD YEAR NORMAL DEPARTURE LAST
                VALUE   (LST)  VALUE       VALUE  FROM      YEAR
                                                  NORMAL
..................................................................
TEMPERATURE (F)
 YESTERDAY
  MAXIMUM         65    229 PM  79    1954  61      4       63
  MINIMUM         45    559 AM  21    1952  42      3       47
                                      1938
  AVERAGE         55                        51      4       55

PRECIPITATION (IN)
  YESTERDAY        0.00          0.14 2008   0.01  -0.01     0.00
  MONTH TO DATE    T                         0.32  -0.32     1.37
  SINCE OCT 1      T                         0.59  -0.59     1.37
  SINCE JAN 1      1.51                      3.65  -2.14     2.91

SNOWFALL (IN)
  YESTERDAY        0.0           0.0  2013   0.0    0.0      0.0
  MONTH TO DATE    0.0                       0.0    0.0      0.0
  SINCE SEP 1      0.0                       0.0    0.0      0.0
  SINCE JUL 1      0.0                       0.0    0.0      0.0
  SNOW DEPTH       0

DEGREE DAYS
 HEATING
  YESTERDAY       10                        14     -4       10
  MONTH TO DATE  159                       227    -68      181
  SINCE SEP 1    159                       266   -107      228
  SINCE JUL 1    159                       266   -107      228

 COOLING
  YESTERDAY        0                         0      0        0
  MONTH TO DATE   16                        10      6        5
  SINCE SEP 1    945                       717    228      594
  SINCE JAN 1   3970                      3566    404     3766
..................................................................


WIND (MPH)
  RESULTANT WIND SPEED   7   RESULTANT WIND DIRECTION   S (200)
  HIGHEST WIND SPEED    12   HIGHEST WIND DIRECTION     S (200)
  HIGHEST GUST SPEED    13   HIGHEST GUST DIRECTION     S (200)
  AVERAGE WIND SPEED     6.8


SKY COVER
  POSSIBLE SUNSHINE  MM
  AVERAGE SKY COVER 0.5


WEATHER CONDITIONS
 THE FOLLOWING WEATHER WAS RECORDED YESTERDAY.
  NO SIGNIFICANT WEATHER WAS OBSERVED.


RELATIVE HUMIDITY (PERCENT)
 HIGHEST    37           600 AM
 LOWEST     18           100 PM
 AVERAGE    28

..........................................................


THE LAS VEGAS NV CLIMATE NORMALS FOR TODAY
                         NORMAL    RECORD    YEAR
 MAXIMUM TEMPERATURE (F)   60        73      1977
 MINIMUM TEMPERATURE (F)   42        19      1938


SUNRISE AND SUNSET
NOVEMBER 28 2014......SUNRISE   630 AM PST   SUNSET   427 PM PST
NOVEMBER 29 2014......SUNRISE   631 AM PST   SUNSET   427 PM PST


-  INDICATES NEGATIVE NUMBERS.
R  INDICATES RECORD WAS SET OR TIED.
MM INDICATES DATA IS MISSING.
T  INDICATES TRACE AMOUNT.




$$
