000
CDUS45 KVEF 050830
CLILAS


CLIMATE REPORT
NATIONAL WEATHER SERVICE LAS VEGAS, NV
128 AM PDT THU MAY 5 2016


...................................

...THE LAS VEGAS NV CLIMATE SUMMARY FOR MAY 4 2016...

CLIMATE NORMAL PERIOD 1981 TO 2010
CLIMATE RECORD PERIOD 1937 TO 2016


WEATHER ITEM   OBSERVED TIME   RECORD YEAR NORMAL DEPARTURE LAST
                VALUE   (LST)  VALUE       VALUE  FROM      YEAR
                                                  NORMAL
..................................................................
TEMPERATURE (F)
 YESTERDAY
  MAXIMUM         92    342 PM 108    1947  85      7       83
  MINIMUM         65    513 AM  40    1959  62      3       68
  AVERAGE         79                        73      6       76

PRECIPITATION (IN)
  YESTERDAY        0.00          0.03 1982   0.01  -0.01     0.01
  MONTH TO DATE    0.00                      0.02  -0.02     0.01
  SINCE OCT 1      4.22                      3.04   1.18     2.26
  SINCE JAN 1      2.81                      1.91   0.90     1.96

SNOWFALL (IN)
  YESTERDAY        0.0           0.0    MM   0.0    0.0      0.0
  MONTH TO DATE    0.0                       0.0    0.0      0.0
  SINCE MAR 1      0.0                       0.0    0.0      0.0
  SINCE JUL 1      T                         0.3   -0.3       T
  SNOW DEPTH       0

DEGREE DAYS
 HEATING
  YESTERDAY        0                         1     -1        0
  MONTH TO DATE    0                         4     -4        0
  SINCE MAR 1    114                       256   -142      102
  SINCE JUL 1   1693                      1947   -254     1209

 COOLING
  YESTERDAY       14                         9      5       11
  MONTH TO DATE   27                        34     -7       61
  SINCE MAR 1    224                       193     31      346
  SINCE JAN 1    233                       194     39      356
..................................................................


WIND (MPH)
  RESULTANT WIND SPEED   4   RESULTANT WIND DIRECTION   S (170)
  HIGHEST WIND SPEED    17   HIGHEST WIND DIRECTION    SE (150)
  HIGHEST GUST SPEED    25   HIGHEST GUST DIRECTION     S (170)
  AVERAGE WIND SPEED     5.7


SKY COVER
  POSSIBLE SUNSHINE  MM
  AVERAGE SKY COVER 0.5


WEATHER CONDITIONS
 THE FOLLOWING WEATHER WAS RECORDED YESTERDAY.
  NO SIGNIFICANT WEATHER WAS OBSERVED.


RELATIVE HUMIDITY (PERCENT)
 HIGHEST    40           500 AM
 LOWEST      8           200 PM
 AVERAGE    24

..........................................................


THE LAS VEGAS NV CLIMATE NORMALS FOR TODAY
                         NORMAL    RECORD    YEAR
 MAXIMUM TEMPERATURE (F)   85       108      1947
 MINIMUM TEMPERATURE (F)   63        40      1950


SUNRISE AND SUNSET
MAY  5 2016...........SUNRISE   543 AM PDT   SUNSET   732 PM PDT
MAY  6 2016...........SUNRISE   542 AM PDT   SUNSET   733 PM PDT


-  INDICATES NEGATIVE NUMBERS.
R  INDICATES RECORD WAS SET OR TIED.
MM INDICATES DATA IS MISSING.
T  INDICATES TRACE AMOUNT.




$$
