000
CDUS45 KVEF 270827
CLILAS


CLIMATE REPORT
NATIONAL WEATHER SERVICE LAS VEGAS, NV
127 AM PDT SAT MAY 27 2017


...................................

...THE LAS VEGAS NV CLIMATE SUMMARY FOR MAY 26 2017...

CLIMATE NORMAL PERIOD 1981 TO 2010
CLIMATE RECORD PERIOD 1937 TO 2017


WEATHER ITEM   OBSERVED TIME   RECORD YEAR NORMAL DEPARTURE LAST
                VALUE   (LST)  VALUE       VALUE  FROM      YEAR
                                                  NORMAL
..................................................................
TEMPERATURE (F)
 YESTERDAY
  MAXIMUM         91    400 PM 109    1951  92     -1       84
  MINIMUM         71    533 AM  50    1980  69      2       61
  AVERAGE         81                        80      1       73

PRECIPITATION (IN)
  YESTERDAY        0.00          0.11 1996   0.00   0.00     0.00
  MONTH TO DATE    0.08                      0.10  -0.02     0.04
  SINCE OCT 1      2.65                      3.12  -0.47     4.26
  SINCE JAN 1      1.59                      1.99  -0.40     2.85

SNOWFALL (IN)
  YESTERDAY        0.0           0.0    MM   0.0    0.0      0.0
  MONTH TO DATE    0.0                       0.0    0.0      0.0
  SINCE MAR 1      0.0                       0.0    0.0      0.0
  SINCE JUL 1      0.0                       0.3   -0.3       T
  SNOW DEPTH       0

DEGREE DAYS
 HEATING
  YESTERDAY        0                         0      0        0
  MONTH TO DATE    7                         4      3        3
  SINCE MAR 1     98                       256   -158      117
  SINCE JUL 1   1470                      1947   -477     1696

 COOLING
  YESTERDAY       16                        16      0        8
  MONTH TO DATE  298                       308    -10      243
  SINCE MAR 1    573                       467    106      440
  SINCE JAN 1    576                       468    108      449
..................................................................


WIND (MPH)
  RESULTANT WIND SPEED   9   RESULTANT WIND DIRECTION   S (190)
  HIGHEST WIND SPEED    21   HIGHEST WIND DIRECTION    SW (210)
  HIGHEST GUST SPEED    28   HIGHEST GUST DIRECTION    SW (210)
  AVERAGE WIND SPEED    10.9


SKY COVER
  POSSIBLE SUNSHINE  MM
  AVERAGE SKY COVER 0.1


WEATHER CONDITIONS
 THE FOLLOWING WEATHER WAS RECORDED YESTERDAY.
  NO SIGNIFICANT WEATHER WAS OBSERVED.


RELATIVE HUMIDITY (PERCENT)
 HIGHEST    18           800 AM
 LOWEST      7           300 PM
 AVERAGE    13

..........................................................


THE LAS VEGAS NV CLIMATE NORMALS FOR TODAY
                         NORMAL    RECORD    YEAR
 MAXIMUM TEMPERATURE (F)   93       108      1974
 MINIMUM TEMPERATURE (F)   69        44      1953


SUNRISE AND SUNSET
MAY 27 2017...........SUNRISE   527 AM PDT   SUNSET   749 PM PDT
MAY 28 2017...........SUNRISE   526 AM PDT   SUNSET   750 PM PDT


-  INDICATES NEGATIVE NUMBERS.
R  INDICATES RECORD WAS SET OR TIED.
MM INDICATES DATA IS MISSING.
T  INDICATES TRACE AMOUNT.




$$
