000
CDUS45 KVEF 200828
CLILAS


CLIMATE REPORT
NATIONAL WEATHER SERVICE LAS VEGAS, NV
127 AM PDT THU JUL 20 2017


...................................

...THE LAS VEGAS NV CLIMATE SUMMARY FOR JULY 19 2017...

CLIMATE NORMAL PERIOD 1981 TO 2010
CLIMATE RECORD PERIOD 1937 TO 2017


WEATHER ITEM   OBSERVED TIME   RECORD YEAR NORMAL DEPARTURE LAST
                VALUE   (LST)  VALUE       VALUE  FROM      YEAR
                                                  NORMAL
..................................................................
TEMPERATURE (F)
 YESTERDAY
  MAXIMUM         93    104 AM 117    2005 105    -12      108
  MINIMUM         74    724 AM  56    1937  82     -8       85
  AVERAGE         84                        93     -9       97

PRECIPITATION (IN)
  YESTERDAY        0.09          0.22 2013   0.02   0.07     0.00
  MONTH TO DATE    0.09                      0.21  -0.12     0.17
  SINCE OCT 1      2.74                      3.42  -0.68     4.92
  SINCE JAN 1      1.68                      2.29  -0.61     3.51

SNOWFALL (IN)
  YESTERDAY        0.0           0.0    MM   0.0    0.0      0.0
  MONTH TO DATE    0.0                       0.0    0.0      0.0
  SINCE JUN 1      0.0                       0.0    0.0      0.0
  SINCE JUL 1      0.0                       0.0    0.0      0.0
  SNOW DEPTH       0

DEGREE DAYS
 HEATING
  YESTERDAY        0                         0      0        0
  MONTH TO DATE    0                         0      0        0
  SINCE JUN 1      0                         1     -1        0
  SINCE JUL 1      0                         0      0        0

 COOLING
  YESTERDAY       19                        28     -9       32
  MONTH TO DATE  615                       519     96      532
  SINCE JUN 1   1427                      1169    258     1375
  SINCE JAN 1   2104                      1719    385     1911
..................................................................


WIND (MPH)
  RESULTANT WIND SPEED   5   RESULTANT WIND DIRECTION  SE (140)
  HIGHEST WIND SPEED    24   HIGHEST WIND DIRECTION     E (70)
  HIGHEST GUST SPEED    31   HIGHEST GUST DIRECTION     E (70)
  AVERAGE WIND SPEED     7.2


SKY COVER
  POSSIBLE SUNSHINE  MM
  AVERAGE SKY COVER 0.9


WEATHER CONDITIONS
 THE FOLLOWING WEATHER WAS RECORDED YESTERDAY.
  THUNDERSTORM
  LIGHT RAIN
  FOG


RELATIVE HUMIDITY (PERCENT)
 HIGHEST    87          1000 AM
 LOWEST     33          1200 AM
 AVERAGE    60

..........................................................


THE LAS VEGAS NV CLIMATE NORMALS FOR TODAY
                         NORMAL    RECORD    YEAR
 MAXIMUM TEMPERATURE (F)  105       113      1959
                                             1938
 MINIMUM TEMPERATURE (F)   82        58      1940


SUNRISE AND SUNSET
JULY 20 2017..........SUNRISE   539 AM PDT   SUNSET   755 PM PDT
JULY 21 2017..........SUNRISE   540 AM PDT   SUNSET   754 PM PDT


-  INDICATES NEGATIVE NUMBERS.
R  INDICATES RECORD WAS SET OR TIED.
MM INDICATES DATA IS MISSING.
T  INDICATES TRACE AMOUNT.




$$
