000
CDUS45 KVEF 260026
CLILAS


CLIMATE REPORT
NATIONAL WEATHER SERVICE LAS VEGAS, NV
526 PM PDT SAT MAR 25 2017


...................................

...THE LAS VEGAS NV CLIMATE SUMMARY FOR MARCH 25 2017...
VALID TODAY AS OF 0500 PM LOCAL TIME.

CLIMATE NORMAL PERIOD 1981 TO 2010
CLIMATE RECORD PERIOD 1937 TO 2017


WEATHER ITEM   OBSERVED TIME   RECORD YEAR NORMAL DEPARTURE LAST
                VALUE   (LST)  VALUE       VALUE  FROM      YEAR
                                                  NORMAL
..................................................................
TEMPERATURE (F)
 TODAY
  MAXIMUM         71    144 PM  87    1981  73     -2       81
  MINIMUM         60    738 AM  31    1964  51      9       57
  AVERAGE         66                        62      4       69

PRECIPITATION (IN)
  TODAY            T             0.50 1998   0.01  -0.01     0.00
  MONTH TO DATE    T                         0.39  -0.39      T
  SINCE OCT 1      2.52                      2.82  -0.30     1.96
  SINCE JAN 1      1.46                      1.69  -0.23     0.55

SNOWFALL (IN)
  TODAY            0.0           0.0  2015   0.0    0.0      0.0
  MONTH TO DATE    0.0                       0.0    0.0      0.0
  SINCE MAR 1      0.0                       0.0    0.0      0.0
  SINCE JUL 1      0.0                       0.3   -0.3       T
  SNOW DEPTH       0

DEGREE DAYS
 HEATING
  TODAY            0                         5     -5        0
  MONTH TO DATE   70                       164    -94       46
  SINCE MAR 1     70                       164    -94       46
  SINCE JUL 1   1442                      1855   -413     1625

 COOLING
  TODAY            1                         1      0        4
  MONTH TO DATE  109                        17     92       55
  SINCE MAR 1    109                        17     92       55
  SINCE JAN 1    112                        18     94       64
..................................................................


WIND (MPH)
  RESULTANT WIND SPEED   6   RESULTANT WIND DIRECTION   W (280)
  HIGHEST WIND SPEED    26   HIGHEST WIND DIRECTION    NW (310)
  HIGHEST GUST SPEED    32   HIGHEST GUST DIRECTION    SW (230)
  AVERAGE WIND SPEED    13.5


SKY COVER
  POSSIBLE SUNSHINE  MM
  AVERAGE SKY COVER 0.8


WEATHER CONDITIONS
 THE FOLLOWING WEATHER WAS RECORDED TODAY.
  LIGHT RAIN


RELATIVE HUMIDITY (PERCENT)
 HIGHEST    39           800 AM
 LOWEST     18          1200 AM
 AVERAGE    29

..........................................................


THE LAS VEGAS NV CLIMATE NORMALS FOR TOMORROW
                         NORMAL    RECORD    YEAR
 MAXIMUM TEMPERATURE (F)   73        87      1947
 MINIMUM TEMPERATURE (F)   51        34      1948
                                             1937


SUNRISE AND SUNSET
MARCH 25 2017.........SUNRISE   637 AM PDT   SUNSET   657 PM PDT
MARCH 26 2017.........SUNRISE   635 AM PDT   SUNSET   658 PM PDT


-  INDICATES NEGATIVE NUMBERS.
R  INDICATES RECORD WAS SET OR TIED.
MM INDICATES DATA IS MISSING.
T  INDICATES TRACE AMOUNT.




$$
