186
CDUS45 KVEF 200828
CLILAS


CLIMATE REPORT
NATIONAL WEATHER SERVICE LAS VEGAS, NV
1227 AM PST MON NOV 20 2017


...................................

...THE LAS VEGAS NV CLIMATE SUMMARY FOR NOVEMBER 19 2017...

CLIMATE NORMAL PERIOD 1981 TO 2010
CLIMATE RECORD PERIOD 1937 TO 2017


WEATHER ITEM   OBSERVED TIME   RECORD YEAR NORMAL DEPARTURE LAST
                VALUE   (LST)  VALUE       VALUE  FROM      YEAR
                                                  NORMAL
..................................................................
TEMPERATURE (F)
 YESTERDAY
  MAXIMUM         64    238 PM  78    1976  65     -1       66
  MINIMUM         41    702 AM  24    1985  45     -4       44
                                      1938
  AVERAGE         53                        55     -2       55

PRECIPITATION (IN)
  YESTERDAY        0.00          0.20 1967   0.01  -0.01     0.00
  MONTH TO DATE    0.00                      0.22  -0.22     0.00
  SINCE OCT 1      0.00                      0.49  -0.49     0.23
  SINCE JAN 1      2.38                      3.55  -1.17     3.94

SNOWFALL (IN)
  YESTERDAY        0.0           0.0  2013   0.0    0.0      0.0
  MONTH TO DATE    0.0                       0.0    0.0      0.0
  SINCE SEP 1      0.0                       0.0    0.0      0.0
  SINCE JUL 1      0.0                       0.0    0.0      0.0
  SNOW DEPTH       0

DEGREE DAYS
 HEATING
  YESTERDAY       12                        10      2       10
  MONTH TO DATE   50                       129    -79       35
  SINCE SEP 1     50                       168   -118       35
  SINCE JUL 1     50                       168   -118       35

 COOLING
  YESTERDAY        0                         0      0        0
  MONTH TO DATE   16                        10      6       45
  SINCE SEP 1    745                       717     28      856
  SINCE JAN 1   4037                      3566    471     4002
..................................................................


WIND (MPH)
  RESULTANT WIND SPEED   2   RESULTANT WIND DIRECTION  SW (220)
  HIGHEST WIND SPEED     7   HIGHEST WIND DIRECTION    SW (210)
  HIGHEST GUST SPEED     9   HIGHEST GUST DIRECTION     N (20)
  AVERAGE WIND SPEED     2.9


SKY COVER
  POSSIBLE SUNSHINE  MM
  AVERAGE SKY COVER 0.6


WEATHER CONDITIONS
 THE FOLLOWING WEATHER WAS RECORDED YESTERDAY.
  NO SIGNIFICANT WEATHER WAS OBSERVED.


RELATIVE HUMIDITY (PERCENT)
 HIGHEST    30           700 AM
 LOWEST     11           200 PM
 AVERAGE    21

..........................................................


THE LAS VEGAS NV CLIMATE NORMALS FOR TODAY
                         NORMAL    RECORD    YEAR
 MAXIMUM TEMPERATURE (F)   64        76      2007
                                             1976
                                             1954
 MINIMUM TEMPERATURE (F)   45        23      1956


SUNRISE AND SUNSET
NOVEMBER 20 2017......SUNRISE   623 AM PST   SUNSET   430 PM PST
NOVEMBER 21 2017......SUNRISE   624 AM PST   SUNSET   429 PM PST


-  INDICATES NEGATIVE NUMBERS.
R  INDICATES RECORD WAS SET OR TIED.
MM INDICATES DATA IS MISSING.
T  INDICATES TRACE AMOUNT.




$$
