379
CDUS45 KVEF 290027
CLILAS


CLIMATE REPORT
NATIONAL WEATHER SERVICE LAS VEGAS, NV
526 PM PDT SAT MAY 28 2016


...................................

...THE LAS VEGAS NV CLIMATE SUMMARY FOR MAY 28 2016...
VALID TODAY AS OF 0500 PM LOCAL TIME.

CLIMATE NORMAL PERIOD 1981 TO 2010
CLIMATE RECORD PERIOD 1937 TO 2016


WEATHER ITEM   OBSERVED TIME   RECORD YEAR NORMAL DEPARTURE LAST
                VALUE   (LST)  VALUE       VALUE  FROM      YEAR
                                                  NORMAL
..................................................................
TEMPERATURE (F)
 TODAY
  MAXIMUM         92    333 PM 109    2003  93     -1       97
  MINIMUM         70    443 AM  50    1971  69      1       71
                                      1964
                                      1946
  AVERAGE         81                        81      0       84

PRECIPITATION (IN)
  TODAY            0.00          0.03 1971   0.01  -0.01     0.00
  MONTH TO DATE    0.04                      0.11  -0.07     0.24
  SINCE OCT 1      4.26                      3.13   1.13     2.49
  SINCE JAN 1      2.85                      2.00   0.85     2.19

SNOWFALL (IN)
  TODAY            0.0           0.0    MM   0.0    0.0      0.0
  MONTH TO DATE    0.0                       0.0    0.0      0.0
  SINCE MAR 1      0.0                       0.0    0.0      0.0
  SINCE JUL 1      T                         0.3   -0.3       T
  SNOW DEPTH       0

DEGREE DAYS
 HEATING
  TODAY            0                         0      0        0
  MONTH TO DATE    3                         4     -1       12
  SINCE MAR 1    117                       256   -139      114
  SINCE JUL 1   1696                      1947   -251     1221

 COOLING
  TODAY           16                        16      0       19
  MONTH TO DATE  273                       340    -67      238
  SINCE MAR 1    470                       499    -29      523
  SINCE JAN 1    479                       500    -21      533
..................................................................


WIND (MPH)
  RESULTANT WIND SPEED   1   RESULTANT WIND DIRECTION  SE (150)
  HIGHEST WIND SPEED    13   HIGHEST WIND DIRECTION     S (200)
  HIGHEST GUST SPEED    20   HIGHEST GUST DIRECTION     S (190)
  AVERAGE WIND SPEED     5.0


SKY COVER
  POSSIBLE SUNSHINE  MM
  AVERAGE SKY COVER 0.5


WEATHER CONDITIONS
 THE FOLLOWING WEATHER WAS RECORDED TODAY.
  NO SIGNIFICANT WEATHER WAS OBSERVED.


RELATIVE HUMIDITY (PERCENT)
 HIGHEST    25           400 AM
 LOWEST      9           300 PM
 AVERAGE    17

..........................................................


THE LAS VEGAS NV CLIMATE NORMALS FOR TOMORROW
                         NORMAL    RECORD    YEAR
 MAXIMUM TEMPERATURE (F)   93       108      1984
                                             1939
 MINIMUM TEMPERATURE (F)   70        46      1953


SUNRISE AND SUNSET
MAY 28 2016...........SUNRISE   526 AM PDT   SUNSET   750 PM PDT
MAY 29 2016...........SUNRISE   526 AM PDT   SUNSET   751 PM PDT


-  INDICATES NEGATIVE NUMBERS.
R  INDICATES RECORD WAS SET OR TIED.
MM INDICATES DATA IS MISSING.
T  INDICATES TRACE AMOUNT.




$$
