000
CDUS46 KLOX 160912
CLILAX


CLIMATE REPORT
NATIONAL WEATHER SERVICE LOS ANGELES/OXNARD CA
111 AM PST SAT DEC 16 2017


...................................

...THE LOS ANGELES INTL AIRPORT CA CLIMATE SUMMARY FOR DECEMBER 15 2017...

CLIMATE NORMAL PERIOD 1981 TO 2010
CLIMATE RECORD PERIOD 1944 TO 2017


WEATHER ITEM   OBSERVED TIME   RECORD YEAR NORMAL DEPARTURE LAST
                VALUE   (LST)  VALUE       VALUE  FROM      YEAR
                                                  NORMAL
..................................................................
TEMPERATURE (F)
 YESTERDAY
  MAXIMUM         81R  1152 AM  80    2013  64     17       64
                                      1998
  MINIMUM         51    357 AM  37    1948  49      2       54
  AVERAGE         66                        56     10       59

PRECIPITATION (IN)
  YESTERDAY        0.00          1.89 2008   0.06  -0.06     0.48
  MONTH TO DATE    0.00                      0.83  -0.83     0.53
  SINCE OCT 1      0.10                      2.50  -2.40     2.00
  SINCE JAN 1     12.25                     11.60   0.65     8.02

SNOWFALL (IN)
  YESTERDAY        0.0
  MONTH TO DATE    0.0
  SINCE DEC 1      0.0
  SINCE JUL 1      0.0

DEGREE DAYS
 HEATING
  YESTERDAY        0                         9     -9        6
  MONTH TO DATE   25                       120    -95       91
  SINCE DEC 1     25                       120    -95       91
  SINCE JUL 1     56                       302   -246      170

 COOLING
  YESTERDAY        1                         0      1        0
  MONTH TO DATE   17                         0     17        0
  SINCE DEC 1     17                         0     17        0
  SINCE JAN 1   1044                       550    494      962
..................................................................


WIND (MPH)
  HIGHEST WIND SPEED    13   HIGHEST WIND DIRECTION     W (270)
  HIGHEST GUST SPEED    16   HIGHEST GUST DIRECTION     W (290)
  AVERAGE WIND SPEED     4.8


SKY COVER
  POSSIBLE SUNSHINE  MM
  AVERAGE SKY COVER 0.2


WEATHER CONDITIONS
 THE FOLLOWING WEATHER WAS RECORDED YESTERDAY.
  HAZE


RELATIVE HUMIDITY (PERCENT)
 HIGHEST    69          1100 PM
 LOWEST      8          1200 PM
 AVERAGE    39

..........................................................


THE LOS ANGELES INTL AIRPORT CA CLIMATE NORMALS FOR TODAY
                         NORMAL    RECORD    YEAR
 MAXIMUM TEMPERATURE (F)   64        85      2013
                                             1980
 MINIMUM TEMPERATURE (F)   48        40      2015
                                             1971
                                             1948


SUNRISE AND SUNSET
DECEMBER 16 2017......SUNRISE   652 AM PST   SUNSET   447 PM PST
DECEMBER 17 2017......SUNRISE   653 AM PST   SUNSET   447 PM PST


-  INDICATES NEGATIVE NUMBERS.
R  INDICATES RECORD WAS SET OR TIED.
MM INDICATES DATA IS MISSING.
T  INDICATES TRACE AMOUNT.




$$
