827
CDUS46 KLOX 290114
CLILAX


CLIMATE REPORT
NATIONAL WEATHER SERVICE LOS ANGELES/OXNARD CA
614 PM PDT WED JUN 28 2017


...................................

...THE LOS ANGELES AIRPORT CLIMATE SUMMARY FOR JUNE 28 2017...
VALID TODAY AS OF 0600 PM LOCAL TIME.

CLIMATE NORMAL PERIOD 1981 TO 2010
CLIMATE RECORD PERIOD 1944 TO 2017


WEATHER ITEM   OBSERVED TIME   RECORD YEAR NORMAL DEPARTURE LAST
                VALUE   (LST)  VALUE       VALUE  FROM      YEAR
                                                  NORMAL
..................................................................
TEMPERATURE (F)
 TODAY
  MAXIMUM         72   1256 PM  98    1980  72      0       76
  MINIMUM         61    437 AM  54    1950  62     -1       66
  AVERAGE         67                        67      0       71

PRECIPITATION (IN)
  TODAY            0.00          T    1991   0.00   0.00     0.00
                                      1980
                                      1968
  MONTH TO DATE    T                         0.08  -0.08      T
  SINCE OCT 1     16.32                     12.53   3.79     7.25
  SINCE JAN 1     12.07                      8.81   3.26     6.01

SNOWFALL (IN)
  TODAY            0.0
  MONTH TO DATE    0.0
  SINCE JUN 1      0.0
  SINCE JUL 1      0.0

DEGREE DAYS
 HEATING
  TODAY            0                         0      0        0
  MONTH TO DATE    4                        24    -20       16
  SINCE JUN 1      4                        24    -20       16
  SINCE JUL 1   1025                      1418   -393      978

 COOLING
  TODAY            2                         2      0        6
  MONTH TO DATE   57                        38     19       82
  SINCE JUN 1     57                        38     19       82
  SINCE JAN 1    115                        78     37      175
..................................................................


WIND (MPH)
  HIGHEST WIND SPEED    15   HIGHEST WIND DIRECTION     W (260)
  HIGHEST GUST SPEED    20   HIGHEST GUST DIRECTION    SW (220)
  AVERAGE WIND SPEED     8.8


SKY COVER
  POSSIBLE SUNSHINE  MM
  AVERAGE SKY COVER 0.3


WEATHER CONDITIONS
 THE FOLLOWING WEATHER WAS RECORDED TODAY.
  NO SIGNIFICANT WEATHER WAS OBSERVED.


RELATIVE HUMIDITY (PERCENT)
 HIGHEST    93           300 AM
 LOWEST     68          1000 AM
 AVERAGE    81

..........................................................


THE LOS ANGELES AIRPORT CLIMATE NORMALS FOR TOMORROW
                         NORMAL    RECORD    YEAR
 MAXIMUM TEMPERATURE (F)   73        85      1996
 MINIMUM TEMPERATURE (F)   62        54      1964


SUNRISE AND SUNSET
JUNE 28 2017..........SUNRISE   545 AM PDT   SUNSET   809 PM PDT
JUNE 29 2017..........SUNRISE   546 AM PDT   SUNSET   809 PM PDT


-  INDICATES NEGATIVE NUMBERS.
R  INDICATES RECORD WAS SET OR TIED.
MM INDICATES DATA IS MISSING.
T  INDICATES TRACE AMOUNT.




$$
