000
CDUS46 KLOX 020113
CLILAX


CLIMATE REPORT
NATIONAL WEATHER SERVICE LOS ANGELES/OXNARD CA
511 PM PST SUN FEB 1 2015


...................................

...THE LOS ANGELES AIRPORT CLIMATE SUMMARY FOR FEBRUARY 1 2015...
VALID TODAY AS OF 500 PM LOCAL TIME.

CLIMATE NORMAL PERIOD 1981 TO 2010
CLIMATE RECORD PERIOD 1944 TO 2015


WEATHER ITEM   OBSERVED TIME   RECORD YEAR NORMAL DEPARTURE LAST
                VALUE   (LST)  VALUE       VALUE  FROM      YEAR
                                                  NORMAL
..................................................................
TEMPERATURE (F)
 TODAY
  MAXIMUM         70    117 PM  79    1954  65      5       68
  MINIMUM         50    711 AM  37    1950  49      1       53
  AVERAGE         60                        57      3       61

PRECIPITATION (IN)
  TODAY            0.00          1.55 1960   0.10  -0.10     0.00
  MONTH TO DATE    0.00                      0.10  -0.10     0.00
  SINCE OCT 1      5.95                      6.53  -0.58     1.01
  SINCE JAN 1      1.25                      2.81  -1.56      T

SNOWFALL (IN)
  TODAY            0.0
  MONTH TO DATE    0.0
  SINCE DEC 1      0.0
  SINCE JUL 1      0.0

DEGREE DAYS
 HEATING
  TODAY            5                         8     -3        4
  MONTH TO DATE    5                         8     -3        4
  SINCE DEC 1    372                       530   -158      318
  SINCE JUL 1    414                       712   -298      418

 COOLING
  TODAY            0                         0      0        0
  MONTH TO DATE    0                         0      0        0
  SINCE DEC 1      9                         5      4       32
  SINCE JAN 1      7                         4      3       16
..................................................................


WIND (MPH)
  HIGHEST WIND SPEED    14   HIGHEST WIND DIRECTION     W (280)
  HIGHEST GUST SPEED    16   HIGHEST GUST DIRECTION     W (290)
  AVERAGE WIND SPEED     3.9


SKY COVER
  POSSIBLE SUNSHINE  MM
  AVERAGE SKY COVER 0.3


WEATHER CONDITIONS
 THE FOLLOWING WEATHER WAS RECORDED TODAY.
  FOG
  HAZE


RELATIVE HUMIDITY (PERCENT)
 HIGHEST   100           400 AM
 LOWEST     49          1200 PM
 AVERAGE    75

..........................................................


THE LOS ANGELES AIRPORT CLIMATE NORMALS FOR TOMORROW
                         NORMAL    RECORD    YEAR
 MAXIMUM TEMPERATURE (F)   65        88      1995
 MINIMUM TEMPERATURE (F)   49        39      1956


SUNRISE AND SUNSET
FEBRUARY  1 2015......SUNRISE   651 AM PST   SUNSET   524 PM PST
FEBRUARY  2 2015......SUNRISE   650 AM PST   SUNSET   525 PM PST


-  INDICATES NEGATIVE NUMBERS.
R  INDICATES RECORD WAS SET OR TIED.
MM INDICATES DATA IS MISSING.
T  INDICATES TRACE AMOUNT.




$$
