000
CDUS46 KLOX 290907
CLILAX


CLIMATE REPORT
NATIONAL WEATHER SERVICE LOS ANGELES/OXNARD CA
106 AM PST MON DEC 29 2014


...................................

...THE LOS ANGELES INTL AIRPORT CA CLIMATE SUMMARY FOR DECEMBER 28 2014...

CLIMATE NORMAL PERIOD 1981 TO 2010
CLIMATE RECORD PERIOD 1944 TO 2014


WEATHER ITEM   OBSERVED TIME   RECORD YEAR NORMAL DEPARTURE LAST
                VALUE   (LST)  VALUE       VALUE  FROM      YEAR
                                                  NORMAL
..................................................................
TEMPERATURE (F)
 YESTERDAY
  MAXIMUM         59    123 PM  82    1963  64     -5       71
  MINIMUM         42    430 AM  37    1954  48     -6       54
  AVERAGE         51                        56     -5       63

PRECIPITATION (IN)
  YESTERDAY        0.00          4.53 2004   0.09  -0.09     0.00
  MONTH TO DATE    3.73                      1.79   1.94     0.30
  SINCE JUL 1      4.58                      3.75   0.83     1.04
  SINCE JAN 1      7.99                     12.56  -4.57     3.65

SNOWFALL (IN)
  YESTERDAY        0.0
  MONTH TO DATE    0.0
  SINCE DEC 1      0.0
  SINCE JUL 1      0.0

DEGREE DAYS
 HEATING
  YESTERDAY       14                         9      5        2
  MONTH TO DATE  165                       237    -72      174
  SINCE DEC 1    165                       237    -72      174
  SINCE JUL 1    207                       419   -212      274

 COOLING
  YESTERDAY        0                         0      0        0
  MONTH TO DATE    2                         0      2       16
  SINCE DEC 1      2                         0      2       16
  SINCE JAN 1   1176                       550    626      718
..................................................................


WIND (MPH)
  HIGHEST WIND SPEED    13   HIGHEST WIND DIRECTION     W (260)
  HIGHEST GUST SPEED    15   HIGHEST GUST DIRECTION    SW (240)
  AVERAGE WIND SPEED     4.6


SKY COVER
  POSSIBLE SUNSHINE  MM
  AVERAGE SKY COVER 0.4


WEATHER CONDITIONS
 THE FOLLOWING WEATHER WAS RECORDED YESTERDAY.
  NO SIGNIFICANT WEATHER WAS OBSERVED.


RELATIVE HUMIDITY (PERCENT)
 HIGHEST    74          1000 PM
 LOWEST     26          1200 PM
 AVERAGE    50

..........................................................


THE LOS ANGELES INTL AIRPORT CA CLIMATE NORMALS FOR TODAY
                         NORMAL    RECORD    YEAR
 MAXIMUM TEMPERATURE (F)   64        85      1963
 MINIMUM TEMPERATURE (F)   48        37      1954


SUNRISE AND SUNSET
DECEMBER 29 2014......SUNRISE   658 AM PST   SUNSET   453 PM PST
DECEMBER 30 2014......SUNRISE   658 AM PST   SUNSET   454 PM PST


-  INDICATES NEGATIVE NUMBERS.
R  INDICATES RECORD WAS SET OR TIED.
MM INDICATES DATA IS MISSING.
T  INDICATES TRACE AMOUNT.




$$
