000
CDUS46 KLOX 190857
CLILAX


CLIMATE REPORT
NATIONAL WEATHER SERVICE LOS ANGELES/OXNARD CA
157 AM PDT THU OCT 19 2017


...................................

...THE LOS ANGELES INTL AIRPORT CA CLIMATE SUMMARY FOR OCTOBER 18 2017...

CLIMATE NORMAL PERIOD 1981 TO 2010
CLIMATE RECORD PERIOD 1944 TO 2017


WEATHER ITEM   OBSERVED TIME   RECORD YEAR NORMAL DEPARTURE LAST
                VALUE   (LST)  VALUE       VALUE  FROM      YEAR
                                                  NORMAL
..................................................................
TEMPERATURE (F)
 YESTERDAY
  MAXIMUM         80   1258 PM  89    1967  72      8       72
  MINIMUM         65   1159 PM  49    1946  59      6       59
  AVERAGE         73                        66      7       66

PRECIPITATION (IN)
  YESTERDAY        0.00          1.75 1972   0.02  -0.02     0.00
  MONTH TO DATE    0.00                      0.26  -0.26     0.26
  SINCE OCT 1      0.00                      0.26  -0.26     0.26
  SINCE JAN 1     12.15                      9.36   2.79     6.28

SNOWFALL (IN)
  YESTERDAY        0.0
  MONTH TO DATE    0.0
  SINCE SEP 1      0.0
  SINCE JUL 1      0.0

DEGREE DAYS
 HEATING
  YESTERDAY        0                         1     -1        0
  MONTH TO DATE    0                        15    -15        1
  SINCE SEP 1      1                        20    -19        1
  SINCE JUL 1      1                        24    -23        1

 COOLING
  YESTERDAY        8                         2      6        1
  MONTH TO DATE  106                        43     63       49
  SINCE SEP 1    310                       165    145      239
  SINCE JAN 1    875                       511    364      821
..................................................................


WIND (MPH)
  HIGHEST WIND SPEED    18   HIGHEST WIND DIRECTION     W (270)
  HIGHEST GUST SPEED    22   HIGHEST GUST DIRECTION     W (270)
  AVERAGE WIND SPEED     7.2


SKY COVER
  POSSIBLE SUNSHINE  MM
  AVERAGE SKY COVER 0.2


WEATHER CONDITIONS
 THE FOLLOWING WEATHER WAS RECORDED YESTERDAY.
  HAZE


RELATIVE HUMIDITY (PERCENT)
 HIGHEST    87           400 AM
 LOWEST     42           100 PM
 AVERAGE    65

..........................................................


THE LOS ANGELES INTL AIRPORT CA CLIMATE NORMALS FOR TODAY
                         NORMAL    RECORD    YEAR
 MAXIMUM TEMPERATURE (F)   72        93      1981
 MINIMUM TEMPERATURE (F)   59        47      1949


SUNRISE AND SUNSET
OCTOBER 19 2017.......SUNRISE   702 AM PDT   SUNSET   614 PM PDT
OCTOBER 20 2017.......SUNRISE   703 AM PDT   SUNSET   613 PM PDT


-  INDICATES NEGATIVE NUMBERS.
R  INDICATES RECORD WAS SET OR TIED.
MM INDICATES DATA IS MISSING.
T  INDICATES TRACE AMOUNT.




$$
