000
CDUS46 KLOX 080913
CLILAX


CLIMATE REPORT
NATIONAL WEATHER SERVICE LOS ANGELES/OXNARD CA
112 AM PST MON FEB 8 2016


...................................

...THE LOS ANGELES INTL AIRPORT CA CLIMATE SUMMARY FOR FEBRUARY 7 2016...

CLIMATE NORMAL PERIOD 1981 TO 2010
CLIMATE RECORD PERIOD 1944 TO 2016


WEATHER ITEM   OBSERVED TIME   RECORD YEAR NORMAL DEPARTURE LAST
                VALUE   (LST)  VALUE       VALUE  FROM      YEAR
                                                  NORMAL
..................................................................
TEMPERATURE (F)
 YESTERDAY
  MAXIMUM         82    102 PM  91    1954  64     18       64
  MINIMUM         51    600 AM  37    1948  50      1       51
  AVERAGE         67                        57     10       58

PRECIPITATION (IN)
  YESTERDAY        0.00          2.42 1993   0.11  -0.11      T
  MONTH TO DATE    0.00                      0.75  -0.75      T
  SINCE OCT 1      4.18                      7.18  -3.00     5.95
  SINCE JAN 1      2.94                      3.46  -0.52     1.25

SNOWFALL (IN)
  YESTERDAY        0.0
  MONTH TO DATE    0.0
  SINCE DEC 1      0.0
  SINCE JUL 1      0.0

DEGREE DAYS
 HEATING
  YESTERDAY        0                         8     -8        7
  MONTH TO DATE   48                        56     -8       42
  SINCE DEC 1    527                       578    -51      409
  SINCE JUL 1    638                       760   -122      451

 COOLING
  YESTERDAY        2                         0      2        0
  MONTH TO DATE    2                         0      2        0
  SINCE DEC 1      8                         5      3        9
  SINCE JAN 1      2                         4     -2        7
..................................................................


WIND (MPH)
  HIGHEST WIND SPEED    14   HIGHEST WIND DIRECTION     W (260)
  HIGHEST GUST SPEED    17   HIGHEST GUST DIRECTION     W (270)
  AVERAGE WIND SPEED     3.7


SKY COVER
  POSSIBLE SUNSHINE  MM
  AVERAGE SKY COVER 0.0


WEATHER CONDITIONS
 THE FOLLOWING WEATHER WAS RECORDED YESTERDAY.
  NO SIGNIFICANT WEATHER WAS OBSERVED.


RELATIVE HUMIDITY (PERCENT)
 HIGHEST    41           600 AM
 LOWEST      9           100 PM
 AVERAGE    25

..........................................................


THE LOS ANGELES INTL AIRPORT CA CLIMATE NORMALS FOR TODAY
                         NORMAL    RECORD    YEAR
 MAXIMUM TEMPERATURE (F)   64        87      2006
 MINIMUM TEMPERATURE (F)   50        38      1948
                                             1946


SUNRISE AND SUNSET
FEBRUARY  8 2016......SUNRISE   645 AM PST   SUNSET   531 PM PST
FEBRUARY  9 2016......SUNRISE   644 AM PST   SUNSET   532 PM PST


-  INDICATES NEGATIVE NUMBERS.
R  INDICATES RECORD WAS SET OR TIED.
MM INDICATES DATA IS MISSING.
T  INDICATES TRACE AMOUNT.




$$
