071
CDUS44 KLUB 220627
CLILBB


CLIMATE REPORT
NATIONAL WEATHER SERVICE LUBBOCK, TX
1227 AM CST MON JAN 22 2018


...................................

...THE LUBBOCK CLIMATE SUMMARY FOR JANUARY 21 2018...

CLIMATE NORMAL PERIOD 1981 TO 2010
CLIMATE RECORD PERIOD 1911 TO 2018


WEATHER ITEM   OBSERVED TIME   RECORD YEAR NORMAL DEPARTURE LAST
                VALUE   (LST)  VALUE       VALUE  FROM      YEAR
                                                  NORMAL
..................................................................
TEMPERATURE (F)
 YESTERDAY
  MAXIMUM         59    108 PM  81    1950  55      4       62
  MINIMUM         32   1159 PM  -4    1918  27      5       42
  AVERAGE         46                        40      6       52

PRECIPITATION (IN)
  YESTERDAY        0.00          0.51 1983   0.02  -0.02     0.01
  MONTH TO DATE    T                         0.40  -0.40     2.03
  SINCE DEC 1      T                         1.16  -1.16     2.52
  SINCE JAN 1      T                         0.40  -0.40     2.03

SNOWFALL (IN)
  YESTERDAY        0.0           5.5  1983   0.1   -0.1      0.0
  MONTH TO DATE    T                         1.7   -1.7      0.2
  SINCE DEC 1      0.3                       4.0   -3.7      0.2
  SINCE JUL 1      0.3                       4.9   -4.6      0.2
  SNOW DEPTH       0

DEGREE DAYS
 HEATING
  YESTERDAY       19                        24     -5       13
  MONTH TO DATE  565                       528     37      450
  SINCE DEC 1   1271                      1284    -13     1156
  SINCE JUL 1   1777                      1926   -149     1520

 COOLING
  YESTERDAY        0                         0      0        0
  MONTH TO DATE    0                         0      0        0
  SINCE DEC 1      0                         0      0        0
  SINCE JAN 1      0                         0      0        0
..................................................................


WIND (MPH)
  RESULTANT WIND SPEED  17   RESULTANT WIND DIRECTION   W (250)
  HIGHEST WIND SPEED    39   HIGHEST WIND DIRECTION     W (250)
  HIGHEST GUST SPEED    49   HIGHEST GUST DIRECTION    SW (230)
  AVERAGE WIND SPEED    18.9


SKY COVER
  AVERAGE SKY COVER 0.3


WEATHER CONDITIONS
 THE FOLLOWING WEATHER WAS RECORDED YESTERDAY.
  HAZE


RELATIVE HUMIDITY (PERCENT)
 HIGHEST    70           800 AM
 LOWEST     10           200 PM
 AVERAGE    40

..........................................................


THE LUBBOCK CLIMATE NORMALS FOR TODAY
                         NORMAL    RECORD    YEAR
 MAXIMUM TEMPERATURE (F)   55        79      2009
                                             1943
 MINIMUM TEMPERATURE (F)   27        -6      1918


SUNRISE AND SUNSET
JANUARY 22 2018.......SUNRISE   749 AM CST   SUNSET   609 PM CST
JANUARY 23 2018.......SUNRISE   749 AM CST   SUNSET   610 PM CST


-  INDICATES NEGATIVE NUMBERS.
R  INDICATES RECORD WAS SET OR TIED.
MM INDICATES DATA IS MISSING.
T  INDICATES TRACE AMOUNT.




$$
