000
CDUS44 KLUB 030635
CLILBB


CLIMATE REPORT
NATIONAL WEATHER SERVICE LUBBOCK, TX
134 AM CDT TUE MAY 3 2016


...................................

...THE LUBBOCK CLIMATE SUMMARY FOR MAY 2 2016...

CLIMATE NORMAL PERIOD 1981 TO 2010
CLIMATE RECORD PERIOD 1911 TO 2016


WEATHER ITEM   OBSERVED TIME   RECORD YEAR NORMAL DEPARTURE LAST
                VALUE   (LST)  VALUE       VALUE  FROM      YEAR
                                                  NORMAL
..................................................................
TEMPERATURE (F)
 YESTERDAY
  MAXIMUM         69    433 PM  97    2012  80    -11       86
                                      1943
  MINIMUM         39    626 AM  30    1967  51    -12       52
  AVERAGE         54                        66    -12       69

PRECIPITATION (IN)
  YESTERDAY        0.00          1.91 1941   0.06  -0.06     0.00
  MONTH TO DATE    T                         0.11  -0.11     0.00
  SINCE MAR 1      1.22                      2.62  -1.40     1.54
  SINCE JAN 1      1.61                      4.02  -2.41     3.81

SNOWFALL (IN)
  YESTERDAY        0.0           T    2001   0.0    0.0      0.0
  MONTH TO DATE    0.0                       0.0    0.0      0.0
  SINCE MAR 1      T                         0.8   -0.8      1.1
  SINCE JUL 1     13.3                       8.2    5.1     14.7
  SNOW DEPTH       0

DEGREE DAYS
 HEATING
  YESTERDAY       11                         3      8        0
  MONTH TO DATE   26                         6     20        0
  SINCE MAR 1    397                       604   -207      512
  SINCE JUL 1   2797                      3343   -546     3231

 COOLING
  YESTERDAY        0                         3     -3        4
  MONTH TO DATE    0                         6     -6        4
  SINCE MAR 1     47                        62    -15       59
  SINCE JAN 1     51                        62    -11       59
..................................................................


WIND (MPH)
  RESULTANT WIND SPEED   7   RESULTANT WIND DIRECTION   N (10)
  HIGHEST WIND SPEED    20   HIGHEST WIND DIRECTION     N (360)
  HIGHEST GUST SPEED    24   HIGHEST GUST DIRECTION     N (10)
  AVERAGE WIND SPEED     9.2


SKY COVER
  AVERAGE SKY COVER 0.3


WEATHER CONDITIONS
 THE FOLLOWING WEATHER WAS RECORDED YESTERDAY.
  NO SIGNIFICANT WEATHER WAS OBSERVED.


RELATIVE HUMIDITY (PERCENT)
 HIGHEST    85           600 AM
 LOWEST     28           600 PM
 AVERAGE    57

..........................................................


THE LUBBOCK CLIMATE NORMALS FOR TODAY
                         NORMAL    RECORD    YEAR
 MAXIMUM TEMPERATURE (F)   80        98      2012
                                             1996
                                             1940
 MINIMUM TEMPERATURE (F)   52        27      2013


SUNRISE AND SUNSET
MAY  3 2016...........SUNRISE   656 AM CDT   SUNSET   832 PM CDT
MAY  4 2016...........SUNRISE   655 AM CDT   SUNSET   833 PM CDT


-  INDICATES NEGATIVE NUMBERS.
R  INDICATES RECORD WAS SET OR TIED.
MM INDICATES DATA IS MISSING.
T  INDICATES TRACE AMOUNT.




$$
