000
CDUS44 KLUB 170629
CLILBB


CLIMATE REPORT
NATIONAL WEATHER SERVICE LUBBOCK, TX
1229 AM CST TUE JAN 17 2017


...................................

...THE LUBBOCK CLIMATE SUMMARY FOR JANUARY 16 2017...

CLIMATE NORMAL PERIOD 1981 TO 2010
CLIMATE RECORD PERIOD 1911 TO 2017


WEATHER ITEM   OBSERVED TIME   RECORD YEAR NORMAL DEPARTURE LAST
                VALUE   (LST)  VALUE       VALUE  FROM      YEAR
                                                  NORMAL
..................................................................
TEMPERATURE (F)
 YESTERDAY
  MAXIMUM         57    311 PM  80    1974  54      3       42
  MINIMUM         34    813 AM   6    1930  26      8       28
  AVERAGE         46                        40      6       35

PRECIPITATION (IN)
  YESTERDAY        0.00          0.27 2004   0.02  -0.02     0.01
  MONTH TO DATE    1.95                      0.29   1.66     0.30
  SINCE DEC 1      2.44                      1.05   1.39     1.87
  SINCE JAN 1      1.95                      0.29   1.66     0.30

SNOWFALL (IN)
  YESTERDAY        0.0           0.6  1960   0.1   -0.1       T
  MONTH TO DATE    0.2                       1.3   -1.1      2.1
  SINCE DEC 1      0.2                       3.6   -3.4     13.3
  SINCE JUL 1      0.2                       4.5   -4.3     13.3
  SNOW DEPTH       0

DEGREE DAYS
 HEATING
  YESTERDAY       19                        25     -6       30
  MONTH TO DATE  374                       404    -30      445
  SINCE DEC 1   1080                      1160    -80     1105
  SINCE JUL 1   1444                      1802   -358     1624

 COOLING
  YESTERDAY        0                         0      0        0
  MONTH TO DATE    0                         0      0        0
  SINCE DEC 1      0                         0      0        0
  SINCE JAN 1      0                         0      0        0
..................................................................


WIND (MPH)
  RESULTANT WIND SPEED   7   RESULTANT WIND DIRECTION  NW (320)
  HIGHEST WIND SPEED    21   HIGHEST WIND DIRECTION     N (10)
  HIGHEST GUST SPEED    25   HIGHEST GUST DIRECTION     N (20)
  AVERAGE WIND SPEED    10.0


SKY COVER
  AVERAGE SKY COVER 0.5


WEATHER CONDITIONS
 THE FOLLOWING WEATHER WAS RECORDED YESTERDAY.
  FOG


RELATIVE HUMIDITY (PERCENT)
 HIGHEST   100           100 AM
 LOWEST     55           300 PM
 AVERAGE    78

..........................................................


THE LUBBOCK CLIMATE NORMALS FOR TODAY
                         NORMAL    RECORD    YEAR
 MAXIMUM TEMPERATURE (F)   54        87      1914
 MINIMUM TEMPERATURE (F)   26        -2      1930


SUNRISE AND SUNSET
JANUARY 17 2017.......SUNRISE   751 AM CST   SUNSET   604 PM CST
JANUARY 18 2017.......SUNRISE   751 AM CST   SUNSET   605 PM CST


-  INDICATES NEGATIVE NUMBERS.
R  INDICATES RECORD WAS SET OR TIED.
MM INDICATES DATA IS MISSING.
T  INDICATES TRACE AMOUNT.




$$
