013
CDUS44 KLUB 210626
CLILBB


CLIMATE REPORT
NATIONAL WEATHER SERVICE LUBBOCK, TX
1226 AM CST TUE FEB 21 2017


...................................

...THE LUBBOCK CLIMATE SUMMARY FOR FEBRUARY 20 2017...

CLIMATE NORMAL PERIOD 1981 TO 2010
CLIMATE RECORD PERIOD 1911 TO 2017


WEATHER ITEM   OBSERVED TIME   RECORD YEAR NORMAL DEPARTURE LAST
                VALUE   (LST)  VALUE       VALUE  FROM      YEAR
                                                  NORMAL
..................................................................
TEMPERATURE (F)
 YESTERDAY
  MAXIMUM         71    335 PM  85    2016  60     11       85
  MINIMUM         40    545 AM   4    1918  31      9       42
  AVERAGE         56                        46     10       64

PRECIPITATION (IN)
  YESTERDAY        0.00          2.11 1961   0.03  -0.03     0.00
  MONTH TO DATE    0.89                      0.54   0.35     0.00
  SINCE DEC 1      3.41                      1.95   1.46     1.87
  SINCE JAN 1      2.92                      1.19   1.73     0.30

SNOWFALL (IN)
  YESTERDAY        0.0          12.1  1961   0.0    0.0      0.0
  MONTH TO DATE    T                         1.3   -1.3      0.0
  SINCE DEC 1      0.2                       6.2   -6.0     13.3
  SINCE JUL 1      0.2                       7.1   -6.9     13.3
  SNOW DEPTH       0

DEGREE DAYS
 HEATING
  YESTERDAY        9                        19    -10        1
  MONTH TO DATE  276                       429   -153      339
  SINCE DEC 1   1635                      1952   -317     1733
  SINCE JUL 1   1999                      2594   -595     2252

 COOLING
  YESTERDAY        0                         0      0        0
  MONTH TO DATE    4                         0      4        4
  SINCE DEC 1      4                         0      4        4
  SINCE JAN 1      4                         0      4        4
..................................................................


WIND (MPH)
  RESULTANT WIND SPEED  13   RESULTANT WIND DIRECTION  NW (320)
  HIGHEST WIND SPEED    32   HIGHEST WIND DIRECTION     N (340)
  HIGHEST GUST SPEED    42   HIGHEST GUST DIRECTION     N (350)
  AVERAGE WIND SPEED    15.8


SKY COVER
  AVERAGE SKY COVER 0.2


WEATHER CONDITIONS
 THE FOLLOWING WEATHER WAS RECORDED YESTERDAY.
  NO SIGNIFICANT WEATHER WAS OBSERVED.


RELATIVE HUMIDITY (PERCENT)
 HIGHEST    70           600 AM
 LOWEST      8           500 PM
 AVERAGE    39

..........................................................


THE LUBBOCK CLIMATE NORMALS FOR TODAY
                         NORMAL    RECORD    YEAR
 MAXIMUM TEMPERATURE (F)   60        84      1996
 MINIMUM TEMPERATURE (F)   31         6      1964


SUNRISE AND SUNSET
FEBRUARY 21 2017......SUNRISE   725 AM CST   SUNSET   637 PM CST
FEBRUARY 22 2017......SUNRISE   724 AM CST   SUNSET   638 PM CST


-  INDICATES NEGATIVE NUMBERS.
R  INDICATES RECORD WAS SET OR TIED.
MM INDICATES DATA IS MISSING.
T  INDICATES TRACE AMOUNT.




$$
