000
CDUS43 KLBF 201030
CLILBF

CLIMATE REPORT
NATIONAL WEATHER SERVICE NORTH PLATTE
430 AM CST SAT DEC 20 2014

...................................

...THE NORTH PLATTE NE CLIMATE SUMMARY FOR DECEMBER 19 2014...

CLIMATE NORMAL PERIOD 1981 TO 2010
CLIMATE RECORD PERIOD 1874 TO 2014


WEATHER ITEM   OBSERVED TIME   RECORD YEAR NORMAL DEPARTURE LAST
                VALUE   (LST)  VALUE       VALUE  FROM      YEAR
                                                  NORMAL
..................................................................
TEMPERATURE (F)
 YESTERDAY
  MAXIMUM         40    424 PM  62    1979  38      2       33
  MINIMUM         12    806 AM -22    1924  11      1       10
  AVERAGE         26                        24      2       22

PRECIPITATION (IN)
  YESTERDAY        0.00          0.38 1962   0.02  -0.02      T
  MONTH TO DATE    0.72                      0.26   0.46     0.06
  SINCE DEC 1      0.72                      0.26   0.46     0.06
  SINCE JAN 1     21.20                     20.08   1.12    21.67

SNOWFALL (IN)
  YESTERDAY        0.0           2.9  2012   0.1   -0.1       T
  MONTH TO DATE    2.3                       2.7   -0.4      1.5
  SINCE DEC 1      2.3                       2.7   -0.4      1.5
  SINCE JUL 1      2.7                       8.9   -6.2      4.6
  SNOW DEPTH       T

DEGREE DAYS
 HEATING
  YESTERDAY       39                        41     -2       43
  MONTH TO DATE  615                       740   -125      787
  SINCE DEC 1    615                       740   -125      787
  SINCE JUL 1   2135                      2291   -156     2272

 COOLING
  YESTERDAY        0                         0      0        0
  MONTH TO DATE    0                         0      0        0
  SINCE DEC 1      0                         0      0        0
  SINCE JAN 1    744                       768    -24      998
..................................................................


WIND (MPH)
  HIGHEST WIND SPEED    14   HIGHEST WIND DIRECTION     W (260)
  HIGHEST GUST SPEED    16   HIGHEST GUST DIRECTION     W (260)
  AVERAGE WIND SPEED     4.8


SKY COVER
  POSSIBLE SUNSHINE  MM
  AVERAGE SKY COVER 0.1


WEATHER CONDITIONS
 THE FOLLOWING WEATHER WAS RECORDED YESTERDAY.
  FOG
  FOG W/VISIBILITY <= 1/4 MILE
  HAZE


RELATIVE HUMIDITY (PERCENT)
 HIGHEST    92          1200 AM
 LOWEST     59           300 PM
 AVERAGE    76

..........................................................


THE NORTH PLATTE NE CLIMATE NORMALS FOR TODAY
                         NORMAL    RECORD    YEAR
 MAXIMUM TEMPERATURE (F)   38        66      1900
 MINIMUM TEMPERATURE (F)   11       -19      1924


SUNRISE AND SUNSET
DECEMBER 20 2014......SUNRISE   804 AM CST   SUNSET   517 PM CST
DECEMBER 21 2014......SUNRISE   805 AM CST   SUNSET   517 PM CST


-  INDICATES NEGATIVE NUMBERS.
R  INDICATES RECORD WAS SET OR TIED.
MM INDICATES DATA IS MISSING.
T  INDICATES TRACE AMOUNT.

$$
