000
CDUS43 KLBF 042240
CLILBF

CLIMATE REPORT
NATIONAL WEATHER SERVICE NORTH PLATTE
539 PM CDT SAT JUL 4 2015


...................................

...THE NORTH PLATTE NE CLIMATE SUMMARY FOR JULY 4 2015...
VALID TODAY AS OF 0500 PM LOCAL TIME.

CLIMATE NORMAL PERIOD 1981 TO 2010
CLIMATE RECORD PERIOD 1874 TO 2015


WEATHER ITEM   OBSERVED TIME   RECORD YEAR NORMAL DEPARTURE LAST
                VALUE   (LST)  VALUE       VALUE  FROM      YEAR
                                                  NORMAL
..................................................................
TEMPERATURE (F)
 TODAY
  MAXIMUM         91    414 PM 106    2012  88      3       88
                                      1936
  MINIMUM         61    527 AM  39    1997  59      2       64
  AVERAGE         76                        73      3       76

PRECIPITATION (IN)
  TODAY            0.00          1.71 1944   0.10  -0.10     0.00
  MONTH TO DATE    0.12                      0.37  -0.25     0.00
  SINCE JUN 1      2.85                      3.79  -0.94     8.75
  SINCE JAN 1     10.95                     11.23  -0.28    13.04

SNOWFALL (IN)
  TODAY            0.0           0.0  2002   0.0    0.0      0.0
                                      2001
  MONTH TO DATE    0.0                       0.0    0.0      0.0
  SINCE JUN 1      0.0                       0.0    0.0       T
  SINCE JUL 1      0.0                       0.0    0.0      0.0
  SNOW DEPTH       0

DEGREE DAYS
 HEATING
  TODAY            0                         0      0        0
  MONTH TO DATE    0                         0      0        3
  SINCE JUN 1      5                        51    -46       42
  SINCE JUL 1      0                         0      0        3

 COOLING
  TODAY           11                         9      2       11
  MONTH TO DATE   39                        33      6       15
  SINCE JUN 1    217                       171     46      146
  SINCE JAN 1    219                       199     20      195
..................................................................


WIND (MPH)
  HIGHEST WIND SPEED    20   HIGHEST WIND DIRECTION     S (160)
  HIGHEST GUST SPEED    26   HIGHEST GUST DIRECTION     S (160)
  AVERAGE WIND SPEED     9.5


SKY COVER
  POSSIBLE SUNSHINE  MM
  AVERAGE SKY COVER 0.0


WEATHER CONDITIONS
 THE FOLLOWING WEATHER WAS RECORDED TODAY.
  NO SIGNIFICANT WEATHER WAS OBSERVED.


RELATIVE HUMIDITY (PERCENT)
 HIGHEST    90           500 AM
 LOWEST     41           400 PM
 AVERAGE    66

..........................................................


THE NORTH PLATTE NE CLIMATE NORMALS FOR TOMORROW
                         NORMAL    RECORD    YEAR
 MAXIMUM TEMPERATURE (F)   88       107      1877
 MINIMUM TEMPERATURE (F)   59        42      1972


SUNRISE AND SUNSET
JULY  4 2015..........SUNRISE   615 AM CDT   SUNSET   919 PM CDT
JULY  5 2015..........SUNRISE   616 AM CDT   SUNSET   918 PM CDT


-  INDICATES NEGATIVE NUMBERS.
R  INDICATES RECORD WAS SET OR TIED.
MM INDICATES DATA IS MISSING.
T  INDICATES TRACE AMOUNT.




$$
