000
CDUS43 KLBF 010928
CLILBF

CLIMATE REPORT
NATIONAL WEATHER SERVICE NORTH PLATTE
427 AM CDT WED OCT 1 2014

...................................

...THE NORTH PLATTE NE CLIMATE SUMMARY FOR SEPTEMBER 30 2014...

CLIMATE NORMAL PERIOD 1981 TO 2010
CLIMATE RECORD PERIOD 1874 TO 2014


WEATHER ITEM   OBSERVED TIME   RECORD YEAR NORMAL DEPARTURE LAST
                VALUE   (LST)  VALUE       VALUE  FROM      YEAR
                                                  NORMAL
..................................................................
TEMPERATURE (F)
 YESTERDAY
  MAXIMUM         79    220 PM  92    1942  71      8       84
  MINIMUM         52    722 AM  18    1984  40     12       44
  AVERAGE         66                        56     10       64

PRECIPITATION (IN)
  YESTERDAY        0.00          1.38 1904   0.05  -0.05     0.00
  MONTH TO DATE    1.39                      1.41  -0.02     5.08
  SINCE SEP 1      1.39                      1.41  -0.02     5.08
  SINCE JAN 1     19.67                     17.63   2.04    19.44

SNOWFALL (IN)
  YESTERDAY        0.0           T    1985   0.0    0.0      0.0
                                      1965
                                      1961
  MONTH TO DATE    T                         0.2   -0.2      0.0
  SINCE SEP 1      T                         0.2   -0.2      0.0
  SINCE JUL 1      T                         0.2   -0.2      0.0
  SNOW DEPTH       0

DEGREE DAYS
 HEATING
  YESTERDAY        0                        10    -10        1
  MONTH TO DATE  123                       152    -29       70
  SINCE SEP 1    123                       151    -28       70
  SINCE JUL 1    140                       171    -31       83

 COOLING
  YESTERDAY        1                         0      1        0
  MONTH TO DATE   75                        70      5      161
  SINCE SEP 1     75                        70      5      161
  SINCE JAN 1    744                       765    -21      998
..................................................................


WIND (MPH)
  HIGHEST WIND SPEED    24   HIGHEST WIND DIRECTION     W (260)
  HIGHEST GUST SPEED    31   HIGHEST GUST DIRECTION     W (250)
  AVERAGE WIND SPEED    10.4


SKY COVER
  POSSIBLE SUNSHINE  MM
  AVERAGE SKY COVER 0.3


WEATHER CONDITIONS
 THE FOLLOWING WEATHER WAS RECORDED YESTERDAY.
  LIGHT RAIN


RELATIVE HUMIDITY (PERCENT)
 HIGHEST    93           200 AM
 LOWEST     29           100 PM
 AVERAGE    61

..........................................................


THE NORTH PLATTE NE CLIMATE NORMALS FOR TODAY
                         NORMAL    RECORD    YEAR
 MAXIMUM TEMPERATURE (F)   71        94      1899
 MINIMUM TEMPERATURE (F)   40        21      1985


SUNRISE AND SUNSET
OCTOBER  1 2014.......SUNRISE   739 AM CDT   SUNSET   725 PM CDT
OCTOBER  2 2014.......SUNRISE   740 AM CDT   SUNSET   723 PM CDT


-  INDICATES NEGATIVE NUMBERS.
R  INDICATES RECORD WAS SET OR TIED.
MM INDICATES DATA IS MISSING.
T  INDICATES TRACE AMOUNT.

$$
