000
CDUS43 KLBF 050937
CLILBF

CLIMATE REPORT
NATIONAL WEATHER SERVICE NORTH PLATTE
435 AM CDT SAT SEP 5 2015


...................................

...THE NORTH PLATTE NE CLIMATE SUMMARY FOR SEPTEMBER 4 2015...

CLIMATE NORMAL PERIOD 1981 TO 2010
CLIMATE RECORD PERIOD 1874 TO 2015


WEATHER ITEM   OBSERVED TIME   RECORD YEAR NORMAL DEPARTURE LAST
                VALUE   (LST)  VALUE       VALUE  FROM      YEAR
                                                  NORMAL
..................................................................
TEMPERATURE (F)
 YESTERDAY
  MAXIMUM         93    401 PM 101    1946  83     10       78
                                      1881
  MINIMUM         61    644 AM  36    1974  52      9       61
  AVERAGE         77                        67     10       70

PRECIPITATION (IN)
  YESTERDAY        T             2.49 1938   0.05  -0.05     0.00
  MONTH TO DATE    0.03                      0.19  -0.16     0.08
  SINCE SEP 1      0.03                      0.19  -0.16     0.08
  SINCE JAN 1     16.60                     16.41   0.19    18.36

SNOWFALL (IN)
  YESTERDAY        0.0           0.0  2002   0.0    0.0      0.0
                                      2001
  MONTH TO DATE    0.0                       0.0    0.0      0.0
  SINCE SEP 1      0.0                       0.0    0.0      0.0
  SINCE JUL 1      0.0                       0.0    0.0      0.0
  SNOW DEPTH       0

DEGREE DAYS
 HEATING
  YESTERDAY        0                         2     -2        0
  MONTH TO DATE    0                         8     -8        3
  SINCE SEP 1      0                         8     -8        3
  SINCE JUL 1     29                        28      1       20

 COOLING
  YESTERDAY       12                         4      8        5
  MONTH TO DATE   50                        19     31       18
  SINCE SEP 1     50                        19     31       18
  SINCE JAN 1    718                       714      4      687
..................................................................


WIND (MPH)
  HIGHEST WIND SPEED    12   HIGHEST WIND DIRECTION     S (170)
  HIGHEST GUST SPEED    16   HIGHEST GUST DIRECTION    SE (150)
  AVERAGE WIND SPEED     5.2


SKY COVER
  POSSIBLE SUNSHINE  MM
  AVERAGE SKY COVER 0.0


WEATHER CONDITIONS
 THE FOLLOWING WEATHER WAS RECORDED YESTERDAY.
  NO SIGNIFICANT WEATHER WAS OBSERVED.


RELATIVE HUMIDITY (PERCENT)
 HIGHEST    93           600 AM
 LOWEST     26           400 PM
 AVERAGE    60

..........................................................


THE NORTH PLATTE NE CLIMATE NORMALS FOR TODAY
                         NORMAL    RECORD    YEAR
 MAXIMUM TEMPERATURE (F)   82       105      1931
 MINIMUM TEMPERATURE (F)   52        32      1956


SUNRISE AND SUNSET
SEPTEMBER  5 2015.....SUNRISE   713 AM CDT   SUNSET   809 PM CDT
SEPTEMBER  6 2015.....SUNRISE   714 AM CDT   SUNSET   807 PM CDT


-  INDICATES NEGATIVE NUMBERS.
R  INDICATES RECORD WAS SET OR TIED.
MM INDICATES DATA IS MISSING.
T  INDICATES TRACE AMOUNT.

$$
