000
CDUS43 KLBF 240933
CLILBF

CLIMATE REPORT
NATIONAL WEATHER SERVICE NORTH PLATTE
433 AM CDT THU APR 24 2014

...................................

...THE NORTH PLATTE NE CLIMATE SUMMARY FOR APRIL 23 2014...

CLIMATE NORMAL PERIOD 1981 TO 2010
CLIMATE RECORD PERIOD 1874 TO 2014


WEATHER ITEM   OBSERVED TIME   RECORD YEAR NORMAL DEPARTURE LAST
                VALUE   (LST)  VALUE       VALUE  FROM      YEAR
                                                  NORMAL
..................................................................
TEMPERATURE (F)
 YESTERDAY
  MAXIMUM         79    347 PM  91    1939  65     14       43
  MINIMUM         55    634 AM  18    2013  36     19       18
  AVERAGE         67                        50     17       31

PRECIPITATION (IN)
  YESTERDAY        0.00          2.09 1929   0.09  -0.09     0.00
  MONTH TO DATE    0.18                      1.65  -1.47     1.27
  SINCE MAR 1      0.97                      2.70  -1.73     1.76
  SINCE JAN 1      2.02                      3.54  -1.52     3.04

SNOWFALL (IN)
  YESTERDAY        0.0           4.0  1937   0.1   -0.1      0.0
  MONTH TO DATE    1.1                       2.9   -1.8      6.7
  SINCE MAR 1      7.4                       7.3    0.1      9.4
  SINCE JUL 1     29.8                      28.2    1.6     29.3
  SNOW DEPTH       0

DEGREE DAYS
 HEATING
  YESTERDAY        0                        15    -15       34
  MONTH TO DATE  398                       429    -31      576
  SINCE MAR 1   1272                      1266      6     1449
  SINCE JUL 1   6463                      6294    169     6409

 COOLING
  YESTERDAY        2                         0      2        0
  MONTH TO DATE    2                         0      2        0
  SINCE MAR 1      2                         0      2        0
  SINCE JAN 1      2                         0      2        0
..................................................................


WIND (MPH)
  HIGHEST WIND SPEED    29   HIGHEST WIND DIRECTION    NW (320)
  HIGHEST GUST SPEED    38   HIGHEST GUST DIRECTION    NW (310)
  AVERAGE WIND SPEED    15.6


SKY COVER
  POSSIBLE SUNSHINE  MM
  AVERAGE SKY COVER 0.1


WEATHER CONDITIONS
 THE FOLLOWING WEATHER WAS RECORDED YESTERDAY.
  NO SIGNIFICANT WEATHER WAS OBSERVED.


RELATIVE HUMIDITY (PERCENT)
 HIGHEST    59           700 AM
 LOWEST     20           700 PM
 AVERAGE    40

..........................................................


THE NORTH PLATTE NE CLIMATE NORMALS FOR TODAY
                         NORMAL    RECORD    YEAR
 MAXIMUM TEMPERATURE (F)   65        93      2012
 MINIMUM TEMPERATURE (F)   36        14      2013


SUNRISE AND SUNSET
APRIL 24 2014.........SUNRISE   650 AM CDT   SUNSET   832 PM CDT
APRIL 25 2014.........SUNRISE   649 AM CDT   SUNSET   833 PM CDT


-  INDICATES NEGATIVE NUMBERS.
R  INDICATES RECORD WAS SET OR TIED.
MM INDICATES DATA IS MISSING.
T  INDICATES TRACE AMOUNT.

$$
