000
CDUS42 KILM 230841
CLILBT


CLIMATE REPORT
NATIONAL WEATHER SERVICE WILMINGTON NC
440 AM EDT TUE SEP 23 2014


...................................

...THE LUMBERTON NC CLIMATE SUMMARY FOR SEPTEMBER 22 2014...

CLIMATE NORMAL PERIOD 1981 TO 2010
CLIMATE RECORD PERIOD 9999 TO 9999


WEATHER ITEM   OBSERVED TIME   NORMAL DEPARTURE LAST
                VALUE   (LST)  VALUE  FROM      YEAR
                                      NORMAL
......................................................
TEMPERATURE (F)
 YESTERDAY
  MAXIMUM         82    223 PM  82      0       78
  MINIMUM         64   1154 PM  60      4       63
  AVERAGE         73            71      2       71

PRECIPITATION (IN)
  YESTERDAY        0.08          0.15  -0.07     0.27
  MONTH TO DATE    3.27          3.55  -0.28     1.14
  SINCE SEP 1      3.27          3.55  -0.28     1.14
  SINCE JAN 1     35.43         33.94   1.49    37.12

DEGREE DAYS
 HEATING
  YESTERDAY        0             0      0        0
  MONTH TO DATE    0             0      0        0
  SINCE SEP 1      0             0      0        0
  SINCE JUL 1      0             0      0        0

 COOLING
  YESTERDAY        8             7      1        6
  MONTH TO DATE  275           203     72      241
  SINCE SEP 1    275           203     72      241
  SINCE JAN 1   1932          1775    157     1752
......................................................


WIND (MPH)
  HIGHEST WIND SPEED    15   HIGHEST WIND DIRECTION    NE (40)
  HIGHEST GUST SPEED    19   HIGHEST GUST DIRECTION    NE (30)
  AVERAGE WIND SPEED     5.1


SKY COVER
  POSSIBLE SUNSHINE  MM
  AVERAGE SKY COVER 0.7


WEATHER CONDITIONS
 THE FOLLOWING WEATHER WAS RECORDED YESTERDAY.
  LIGHT RAIN
  FOG


RELATIVE HUMIDITY (PERCENT)
 HIGHEST    90           600 AM
 LOWEST     39           100 PM
 AVERAGE    65

..........................................................


THE LUMBERTON NC CLIMATE NORMALS FOR TODAY
                         NORMAL
 MAXIMUM TEMPERATURE (F)   82
 MINIMUM TEMPERATURE (F)   60


SUNRISE AND SUNSET
SEPTEMBER 23 2014.....SUNRISE   705 AM EDT   SUNSET   712 PM EDT
SEPTEMBER 24 2014.....SUNRISE   706 AM EDT   SUNSET   710 PM EDT


-  INDICATES NEGATIVE NUMBERS.
R  INDICATES RECORD WAS SET OR TIED.
MM INDICATES DATA IS MISSING.
T  INDICATES TRACE AMOUNT.




$$
