000
CDUS42 KILM 010841
CLILBT


CLIMATE REPORT
NATIONAL WEATHER SERVICE WILMINGTON NC
441 AM EDT WED OCT 1 2014


...................................

...THE LUMBERTON NC CLIMATE SUMMARY FOR SEPTEMBER 30 2014...

CLIMATE NORMAL PERIOD 1981 TO 2010
CLIMATE RECORD PERIOD 9999 TO 9999


WEATHER ITEM   OBSERVED TIME   NORMAL DEPARTURE LAST
                VALUE   (LST)  VALUE  FROM      YEAR
                                      NORMAL
......................................................
TEMPERATURE (F)
 YESTERDAY
  MAXIMUM         83    256 PM  80      3       78
  MINIMUM         57    545 AM  57      0       53
  AVERAGE         70            69      1       66

PRECIPITATION (IN)
  YESTERDAY        0.00          0.15  -0.15     0.00
  MONTH TO DATE    3.92          4.80  -0.88     1.40
  SINCE SEP 1      3.92          4.80  -0.88     1.40
  SINCE JAN 1     36.08         35.19   0.89    37.38

DEGREE DAYS
 HEATING
  YESTERDAY        0             1     -1        0
  MONTH TO DATE    6             8     -2        0
  SINCE SEP 1      6             9     -3        0
  SINCE JUL 1      6             9     -3        0

 COOLING
  YESTERDAY        5             5      0        1
  MONTH TO DATE  298           249     49      256
  SINCE SEP 1    298           249     49      256
  SINCE JAN 1   1955          1821    134     1767
......................................................


WIND (MPH)
  HIGHEST WIND SPEED     9   HIGHEST WIND DIRECTION    NE (30)
  HIGHEST GUST SPEED    18   HIGHEST GUST DIRECTION     N (10)
  AVERAGE WIND SPEED     2.7


SKY COVER
  POSSIBLE SUNSHINE  MM
  AVERAGE SKY COVER 0.2


WEATHER CONDITIONS
 THE FOLLOWING WEATHER WAS RECORDED YESTERDAY.
  FOG
  FOG W/VISIBILITY <= 1/4 MILE


RELATIVE HUMIDITY (PERCENT)
 HIGHEST   100          1200 AM
 LOWEST     51           300 PM
 AVERAGE    76

..........................................................


THE LUMBERTON NC CLIMATE NORMALS FOR TODAY
                         NORMAL
 MAXIMUM TEMPERATURE (F)   80
 MINIMUM TEMPERATURE (F)   57


SUNRISE AND SUNSET
OCTOBER  1 2014.......SUNRISE   711 AM EDT   SUNSET   700 PM EDT
OCTOBER  2 2014.......SUNRISE   712 AM EDT   SUNSET   659 PM EDT


-  INDICATES NEGATIVE NUMBERS.
R  INDICATES RECORD WAS SET OR TIED.
MM INDICATES DATA IS MISSING.
T  INDICATES TRACE AMOUNT.




$$
