000
CDUS42 KILM 210941
CLILBT


CLIMATE REPORT
NATIONAL WEATHER SERVICE WILMINGTON NC
440 AM EST TUE FEB 21 2017


...................................

...THE LUMBERTON NC CLIMATE SUMMARY FOR FEBRUARY 20 2017...

CLIMATE NORMAL PERIOD 1981 TO 2010
CLIMATE RECORD PERIOD 9999 TO 9999


WEATHER ITEM   OBSERVED TIME   NORMAL DEPARTURE LAST
                VALUE   (LST)  VALUE  FROM      YEAR
                                      NORMAL
......................................................
TEMPERATURE (F)
 YESTERDAY
  MAXIMUM         75    400 PM  59     16       64
  MINIMUM         41    659 AM  36      5       37
  AVERAGE         58            48     10       51

PRECIPITATION (IN)
  YESTERDAY        0.00          0.12  -0.12     0.00
  MONTH TO DATE    1.09          2.00  -0.91     5.19
  SINCE DEC 1      7.79          7.86  -0.07    13.71
  SINCE JAN 1      3.49          4.97  -1.48     6.82

SNOWFALL (IN)
  YESTERDAY       MM
  MONTH TO DATE   MM
  SINCE DEC 1     MM
  SINCE JUL 1     MM
  SNOW DEPTH      MM

DEGREE DAYS
 HEATING
  YESTERDAY        7            17    -10       14
  MONTH TO DATE  235           382   -147      400
  SINCE DEC 1   1246          1635   -389     1296
  SINCE JUL 1   1608          2101   -493     1577

 COOLING
  YESTERDAY        0             0      0        0
  MONTH TO DATE    7             0      7        1
  SINCE DEC 1      7             3      4       51
  SINCE JAN 1      7             1      6        1
......................................................


WIND (MPH)
  HIGHEST WIND SPEED    10   HIGHEST WIND DIRECTION     S (160)
  HIGHEST GUST SPEED    14   HIGHEST GUST DIRECTION    NE (60)
  AVERAGE WIND SPEED     3.1


SKY COVER
  POSSIBLE SUNSHINE  MM
  AVERAGE SKY COVER 0.0


WEATHER CONDITIONS
 THE FOLLOWING WEATHER WAS RECORDED YESTERDAY.
  NO SIGNIFICANT WEATHER WAS OBSERVED.


RELATIVE HUMIDITY (PERCENT)
 HIGHEST   100           700 AM
 LOWEST     31           400 PM
 AVERAGE    66

..........................................................


THE LUMBERTON NC CLIMATE NORMALS FOR TODAY
                         NORMAL
 MAXIMUM TEMPERATURE (F)   60
 MINIMUM TEMPERATURE (F)   37


SUNRISE AND SUNSET
FEBRUARY 21 2017......SUNRISE   655 AM EST   SUNSET   605 PM EST
FEBRUARY 22 2017......SUNRISE   654 AM EST   SUNSET   606 PM EST


-  INDICATES NEGATIVE NUMBERS.
R  INDICATES RECORD WAS SET OR TIED.
MM INDICATES DATA IS MISSING.
T  INDICATES TRACE AMOUNT.




$$
