184
CDUS42 KILM 290845
CLILBT


CLIMATE REPORT
NATIONAL WEATHER SERVICE WILMINGTON NC
445 AM EDT SAT JUL 29 2017


...................................

...THE LUMBERTON NC CLIMATE SUMMARY FOR JULY 28 2017...

CLIMATE NORMAL PERIOD 1981 TO 2010
CLIMATE RECORD PERIOD 9999 TO 9999


WEATHER ITEM   OBSERVED TIME   NORMAL DEPARTURE LAST
                VALUE   (LST)  VALUE  FROM      YEAR
                                      NORMAL
......................................................
TEMPERATURE (F)
 YESTERDAY
  MAXIMUM         91    339 PM  90      1       96
  MINIMUM         73    603 AM  72      1       77
  AVERAGE         82            81      1       87

PRECIPITATION (IN)
  YESTERDAY        0.01          0.19  -0.18     0.00
  MONTH TO DATE    3.16          4.89  -1.73     7.51
  SINCE JUN 1      6.89          9.23  -2.34     9.39
  SINCE JAN 1     24.21         24.30  -0.09    28.33

DEGREE DAYS
 HEATING
  YESTERDAY        0             0      0        0
  MONTH TO DATE    0             0      0        0
  SINCE JUN 1      0             0      0        0
  SINCE JUL 1      0             0      0        0

 COOLING
  YESTERDAY       17            16      1       22
  MONTH TO DATE  466           448     18      507
  SINCE JUN 1    850           836     14      978
  SINCE JAN 1   1256          1086    170     1301
......................................................


WIND (MPH)
  HIGHEST WIND SPEED    13   HIGHEST WIND DIRECTION    SW (210)
  HIGHEST GUST SPEED    18   HIGHEST GUST DIRECTION    SW (230)
  AVERAGE WIND SPEED     5.6


SKY COVER
  POSSIBLE SUNSHINE  MM
  AVERAGE SKY COVER 0.1


WEATHER CONDITIONS
 THE FOLLOWING WEATHER WAS RECORDED YESTERDAY.
  LIGHT RAIN
  FOG


RELATIVE HUMIDITY (PERCENT)
 HIGHEST   100           200 AM
 LOWEST     59           400 PM
 AVERAGE    80

..........................................................


THE LUMBERTON NC CLIMATE NORMALS FOR TODAY
                         NORMAL
 MAXIMUM TEMPERATURE (F)   90
 MINIMUM TEMPERATURE (F)   72


SUNRISE AND SUNSET
JULY 29 2017..........SUNRISE   625 AM EDT   SUNSET   821 PM EDT
JULY 30 2017..........SUNRISE   625 AM EDT   SUNSET   820 PM EDT


-  INDICATES NEGATIVE NUMBERS.
R  INDICATES RECORD WAS SET OR TIED.
MM INDICATES DATA IS MISSING.
T  INDICATES TRACE AMOUNT.




$$
