000
CDUS42 KILM 040840
CLILBT


CLIMATE REPORT
NATIONAL WEATHER SERVICE WILMINGTON NC
440 AM EDT TUE AUG 4 2015


...................................

...THE LUMBERTON NC CLIMATE SUMMARY FOR AUGUST 3 2015...

CLIMATE NORMAL PERIOD 1981 TO 2010
CLIMATE RECORD PERIOD 9999 TO 9999


WEATHER ITEM   OBSERVED TIME   NORMAL DEPARTURE LAST
                VALUE   (LST)  VALUE  FROM      YEAR
                                      NORMAL
......................................................
TEMPERATURE (F)
 YESTERDAY
  MAXIMUM         93    357 PM  90      3       76
  MINIMUM         73    137 AM  71      2       70
  AVERAGE         83            80      3       73

PRECIPITATION (IN)
  YESTERDAY        0.00          0.18  -0.18     0.04
  MONTH TO DATE    0.00          0.54  -0.54     0.20
  SINCE JUN 1      7.54         10.36  -2.82    12.21
  SINCE JAN 1     25.00         25.43  -0.43    29.47

DEGREE DAYS
 HEATING
  YESTERDAY        0             0      0        0
  MONTH TO DATE    0             0      0        0
  SINCE JUN 1      0             0      0        0
  SINCE JUL 1      0             0      0        0

 COOLING
  YESTERDAY       18            15      3        8
  MONTH TO DATE   56            47      9       25
  SINCE JUN 1   1170           935    235      966
  SINCE JAN 1   1509          1185    324     1254
......................................................


WIND (MPH)
  HIGHEST WIND SPEED    18   HIGHEST WIND DIRECTION     S (190)
  HIGHEST GUST SPEED    23   HIGHEST GUST DIRECTION     S (190)
  AVERAGE WIND SPEED     5.5


SKY COVER
  POSSIBLE SUNSHINE  MM
  AVERAGE SKY COVER 0.3


WEATHER CONDITIONS
 THE FOLLOWING WEATHER WAS RECORDED YESTERDAY.
  FOG


RELATIVE HUMIDITY (PERCENT)
 HIGHEST    93           600 AM
 LOWEST     41           400 PM
 AVERAGE    67

..........................................................


THE LUMBERTON NC CLIMATE NORMALS FOR TODAY
                         NORMAL
 MAXIMUM TEMPERATURE (F)   90
 MINIMUM TEMPERATURE (F)   71


SUNRISE AND SUNSET
AUGUST  4 2015........SUNRISE   629 AM EDT   SUNSET   816 PM EDT
AUGUST  5 2015........SUNRISE   629 AM EDT   SUNSET   815 PM EDT


-  INDICATES NEGATIVE NUMBERS.
R  INDICATES RECORD WAS SET OR TIED.
MM INDICATES DATA IS MISSING.
T  INDICATES TRACE AMOUNT.




$$
