000
CDUS42 KILM 280846
CLILBT


CLIMATE REPORT
NATIONAL WEATHER SERVICE WILMINGTON NC
444 AM EDT SAT MAR 28 2015


...................................

...THE LUMBERTON NC CLIMATE SUMMARY FOR MARCH 27 2015...

CLIMATE NORMAL PERIOD 1981 TO 2010
CLIMATE RECORD PERIOD 9999 TO 9999


WEATHER ITEM   OBSERVED TIME   NORMAL DEPARTURE LAST
                VALUE   (LST)  VALUE  FROM      YEAR
                                      NORMAL
......................................................
TEMPERATURE (F)
 YESTERDAY
  MAXIMUM         67    946 AM  70     -3       61
  MINIMUM         45   1159 PM  45      0       25
  AVERAGE         56            57     -1       43

PRECIPITATION (IN)
  YESTERDAY        0.62          0.11   0.51     0.00
  MONTH TO DATE    3.40          2.86   0.54     2.31
  SINCE MAR 1      3.40          2.86   0.54     2.31
  SINCE JAN 1     12.86          8.73   4.13     8.38

SNOWFALL (IN)
  YESTERDAY       MM
  MONTH TO DATE   MM
  SINCE MAR 1     MM
  SINCE JUL 1     MM
  SNOW DEPTH      MM

DEGREE DAYS
 HEATING
  YESTERDAY        9             8      1       22
  MONTH TO DATE  240           316    -76      483
  SINCE MAR 1    240           316    -76      483
  SINCE JUL 1   2604          2546     58     2779

 COOLING
  YESTERDAY        0             0      0        0
  MONTH TO DATE   15             0     15        0
  SINCE MAR 1     15             0     15        0
  SINCE JAN 1     15             3     12        1
......................................................


WIND (MPH)
  HIGHEST WIND SPEED    25   HIGHEST WIND DIRECTION    NW (320)
  HIGHEST GUST SPEED    32   HIGHEST GUST DIRECTION    NW (310)
  AVERAGE WIND SPEED     9.5


SKY COVER
  POSSIBLE SUNSHINE  MM
  AVERAGE SKY COVER 0.8


WEATHER CONDITIONS
 THE FOLLOWING WEATHER WAS RECORDED YESTERDAY.
  THUNDERSTORM
  HEAVY RAIN
  RAIN
  LIGHT RAIN
  FOG


RELATIVE HUMIDITY (PERCENT)
 HIGHEST    93           300 PM
 LOWEST     73          1200 AM
 AVERAGE    83

..........................................................


THE LUMBERTON NC CLIMATE NORMALS FOR TODAY
                         NORMAL
 MAXIMUM TEMPERATURE (F)   70
 MINIMUM TEMPERATURE (F)   45


SUNRISE AND SUNSET
MARCH 28 2015.........SUNRISE   709 AM EDT   SUNSET   734 PM EDT
MARCH 29 2015.........SUNRISE   708 AM EDT   SUNSET   735 PM EDT


-  INDICATES NEGATIVE NUMBERS.
R  INDICATES RECORD WAS SET OR TIED.
MM INDICATES DATA IS MISSING.
T  INDICATES TRACE AMOUNT.




$$
