000
CDUS44 KLCH 292205
CLILCH


CLIMATE REPORT
NATIONAL WEATHER SERVICE LAKE CHARLES, LA
505 PM CDT SUN MAR 29 2015


...................................

...THE LAKE CHARLES CLIMATE SUMMARY FOR MARCH 29 2015...
VALID TODAY AS OF 0500 PM LOCAL TIME.

CLIMATE NORMAL PERIOD 1981 TO 2010
CLIMATE RECORD PERIOD 1895 TO 2015


WEATHER ITEM   OBSERVED TIME   RECORD YEAR NORMAL DEPARTURE LAST
                VALUE   (LST)  VALUE       VALUE  FROM      YEAR
                                                  NORMAL
..................................................................
TEMPERATURE (F)
 TODAY
  MAXIMUM         78    145 PM  89    1909  74      4       78
  MINIMUM         55    606 AM  34    1930  54      1       54
  AVERAGE         67                        64      3       66

PRECIPITATION (IN)
  TODAY            0.00          3.33 1949   0.12  -0.12     0.00
  MONTH TO DATE    6.21                      3.44   2.77     2.07
  SINCE MAR 1      6.21                      3.44   2.77     2.07
  SINCE JAN 1     14.69                     12.13   2.56     8.86

SNOWFALL (IN)
  TODAY            0.0           0.0    MM   0.0    0.0      0.0
  MONTH TO DATE    T                         0.0    0.0      0.0
  SINCE MAR 1      T                         0.0    0.0      0.0
  SINCE JUL 1      T                         0.1   -0.1      0.1
  SNOW DEPTH       0

DEGREE DAYS
 HEATING
  TODAY            0                         3     -3        0
  MONTH TO DATE  101                       156    -55      239
  SINCE MAR 1    101                       156    -55      239
  SINCE JUL 1   1539                      1438    101     1890

 COOLING
  TODAY            2                         2      0        1
  MONTH TO DATE   49                        45      4       13
  SINCE MAR 1     49                        45      4       13
  SINCE JAN 1     55                        68    -13       28
..................................................................


WIND (MPH)
  HIGHEST WIND SPEED    21   HIGHEST WIND DIRECTION    SW (210)
  HIGHEST GUST SPEED    29   HIGHEST GUST DIRECTION    SW (230)
  AVERAGE WIND SPEED     9.7


SKY COVER
  POSSIBLE SUNSHINE  MM
  AVERAGE SKY COVER 0.1


WEATHER CONDITIONS
 THE FOLLOWING WEATHER WAS RECORDED TODAY.
  FOG


RELATIVE HUMIDITY (PERCENT)
 HIGHEST   100          1200 AM
 LOWEST     56           100 PM
 AVERAGE    78

..........................................................


THE LAKE CHARLES CLIMATE NORMALS FOR TOMORROW
                         NORMAL    RECORD    YEAR
 MAXIMUM TEMPERATURE (F)   75        94      1946
 MINIMUM TEMPERATURE (F)   54        34      1913


SUNRISE AND SUNSET
MARCH 29 2015.........SUNRISE   706 AM CDT   SUNSET   730 PM CDT
MARCH 30 2015.........SUNRISE   705 AM CDT   SUNSET   730 PM CDT


-  INDICATES NEGATIVE NUMBERS.
R  INDICATES RECORD WAS SET OR TIED.
MM INDICATES DATA IS MISSING.
T  INDICATES TRACE AMOUNT.




$$
