000
CDUS44 KLCH 232256
CLILCH


CLIMATE REPORT
NATIONAL WEATHER SERVICE LAKE CHARLES, LA
456 PM CST THU FEB 23 2017


...................................

...THE LAKE CHARLES CLIMATE SUMMARY FOR FEBRUARY 23 2017...
VALID TODAY AS OF 0400 PM LOCAL TIME.

CLIMATE NORMAL PERIOD 1981 TO 2010
CLIMATE RECORD PERIOD 1895 TO 2017


WEATHER ITEM   OBSERVED TIME   RECORD YEAR NORMAL DEPARTURE LAST
                VALUE   (LST)  VALUE       VALUE  FROM      YEAR
                                                  NORMAL
..................................................................
TEMPERATURE (F)
 TODAY
  MAXIMUM         74    156 PM  83    1913  66      8       71
  MINIMUM         52    654 AM  22    1912  47      5       49
  AVERAGE         63                        57      6       60

PRECIPITATION (IN)
  TODAY            0.00          1.87 1985   0.12  -0.12     0.91
  MONTH TO DATE    2.04                      2.90  -0.86     1.07
  SINCE DEC 1     19.00                     12.81   6.19     8.41
  SINCE JAN 1      6.95                      8.13  -1.18     5.17

SNOWFALL (IN)
  TODAY            0.0           0.3  1968   0.0    0.0     MM
  MONTH TO DATE    0.0                       0.1   -0.1      0.0
  SINCE DEC 1      T                         0.1   -0.1      0.0
  SINCE JUL 1      T                         0.1   -0.1      0.0
  SNOW DEPTH       0

DEGREE DAYS
 HEATING
  TODAY            2                         9     -7        5
  MONTH TO DATE   80                       250   -170      183
  SINCE DEC 1    552                      1034   -482      814
  SINCE JUL 1    646                      1241   -595      890

 COOLING
  TODAY            0                         1     -1        0
  MONTH TO DATE   52                         1     51       12
  SINCE DEC 1    165                        31    134       72
  SINCE JAN 1    109                        11     98       15
..................................................................


WIND (MPH)
  HIGHEST WIND SPEED    15   HIGHEST WIND DIRECTION    SW (210)
  HIGHEST GUST SPEED    21   HIGHEST GUST DIRECTION    SW (210)
  AVERAGE WIND SPEED     5.3


SKY COVER
  POSSIBLE SUNSHINE  MM
  AVERAGE SKY COVER 0.5


WEATHER CONDITIONS
 THE FOLLOWING WEATHER WAS RECORDED TODAY.
  FOG
  FOG W/VISIBILITY <= 1/4 MILE


RELATIVE HUMIDITY (PERCENT)
 HIGHEST   100           100 AM
 LOWEST     57          1100 AM
 AVERAGE    79

..........................................................


THE LAKE CHARLES CLIMATE NORMALS FOR TOMORROW
                         NORMAL    RECORD    YEAR
 MAXIMUM TEMPERATURE (F)   67        84      1906
 MINIMUM TEMPERATURE (F)   47        21      1914


SUNRISE AND SUNSET
FEBRUARY 23 2017......SUNRISE   645 AM CST   SUNSET   608 PM CST
FEBRUARY 24 2017......SUNRISE   644 AM CST   SUNSET   609 PM CST


-  INDICATES NEGATIVE NUMBERS.
R  INDICATES RECORD WAS SET OR TIED.
MM INDICATES DATA IS MISSING.
T  INDICATES TRACE AMOUNT.




$$
