000
CDUS44 KLCH 090816
CLILCH


CLIMATE REPORT
NATIONAL WEATHER SERVICE LAKE CHARLES, LA
216 AM CST TUE FEB 9 2016


...................................

...THE LAKE CHARLES CLIMATE SUMMARY FOR FEBRUARY 8 2016...

CLIMATE NORMAL PERIOD 1981 TO 2010
CLIMATE RECORD PERIOD 1895 TO 2016


WEATHER ITEM   OBSERVED TIME   RECORD YEAR NORMAL DEPARTURE LAST
                VALUE   (LST)  VALUE       VALUE  FROM      YEAR
                                                  NORMAL
..................................................................
TEMPERATURE (F)
 YESTERDAY
  MAXIMUM         62    136 PM  83    1911  63     -1       73
  MINIMUM         38    242 AM  19    1933  44     -6       50
  AVERAGE         50                        54     -4       62

PRECIPITATION (IN)
  YESTERDAY        0.00          2.30 1908   0.13  -0.13     0.00
  MONTH TO DATE    0.07                      1.04  -0.97     0.38
  SINCE DEC 1      7.41                     10.95  -3.54     9.31
  SINCE JAN 1      4.17                      6.27  -2.10     7.28

SNOWFALL (IN)
  YESTERDAY        0.0           0.0    MM   0.0    0.0      0.0
  MONTH TO DATE    0.0                       0.0    0.0      0.0
  SINCE DEC 1      0.0                       T      0.0      0.0
  SINCE JUL 1      0.0                       T      0.0      0.0
  SNOW DEPTH       0

DEGREE DAYS
 HEATING
  YESTERDAY       15                        12      3        3
  MONTH TO DATE  105                        97      8      112
  SINCE DEC 1    736                       881   -145      886
  SINCE JUL 1    812                      1088   -276     1162

 COOLING
  YESTERDAY        0                         0      0        0
  MONTH TO DATE    5                         0      5        0
  SINCE DEC 1     65                        30     35       17
  SINCE JAN 1      8                        10     -2        0
..................................................................


WIND (MPH)
  HIGHEST WIND SPEED    28   HIGHEST WIND DIRECTION    NW (320)
  HIGHEST GUST SPEED    39   HIGHEST GUST DIRECTION    NW (300)
  AVERAGE WIND SPEED    11.3


SKY COVER
  POSSIBLE SUNSHINE  MM
  AVERAGE SKY COVER 0.0


WEATHER CONDITIONS
 THE FOLLOWING WEATHER WAS RECORDED YESTERDAY.
  FOG


RELATIVE HUMIDITY (PERCENT)
 HIGHEST   100          1200 AM
 LOWEST     14           200 PM
 AVERAGE    57

..........................................................


THE LAKE CHARLES CLIMATE NORMALS FOR TODAY
                         NORMAL    RECORD    YEAR
 MAXIMUM TEMPERATURE (F)   63        80      2015
                                             1965
 MINIMUM TEMPERATURE (F)   44        17      1933


SUNRISE AND SUNSET
FEBRUARY  9 2016......SUNRISE   658 AM CST   SUNSET   556 PM CST
FEBRUARY 10 2016......SUNRISE   657 AM CST   SUNSET   557 PM CST


-  INDICATES NEGATIVE NUMBERS.
R  INDICATES RECORD WAS SET OR TIED.
MM INDICATES DATA IS MISSING.
T  INDICATES TRACE AMOUNT.




$$
