000
CDUS44 KLCH 202232
CLILCH


CLIMATE REPORT
NATIONAL WEATHER SERVICE LAKE CHARLES, LA
531 PM CDT SUN APR 20 2014


...................................

...THE LAKE CHARLES CLIMATE SUMMARY FOR APRIL 20 2014...
VALID TODAY AS OF 0500 PM LOCAL TIME.

CLIMATE NORMAL PERIOD 1981 TO 2010
CLIMATE RECORD PERIOD 1895 TO 2014


WEATHER ITEM   OBSERVED TIME   RECORD YEAR NORMAL DEPARTURE LAST
                VALUE   (LST)  VALUE       VALUE  FROM      YEAR
                                                  NORMAL
..................................................................
TEMPERATURE (F)
 TODAY
  MAXIMUM         82    222 PM  89    1987  79      3       71
                                      1908
  MINIMUM         55    555 AM  40    1910  59     -4       42
  AVERAGE         69                        69      0       57

PRECIPITATION (IN)
  TODAY            0.00          3.79 1979   0.11  -0.11     0.00
  MONTH TO DATE    0.81                      2.17  -1.36     4.38
  SINCE MAR 1      2.88                      5.83  -2.95     6.55
  SINCE JAN 1      9.67                     14.52  -4.85    23.14

SNOWFALL (IN)
  TODAY            0.0           0.0    MM   0.0    0.0      0.0
  MONTH TO DATE    0.0                       0.0    0.0      0.0
  SINCE MAR 1      0.0                       0.0    0.0      0.0
  SINCE JUL 1      0.1                       0.1    0.0      0.0
  SNOW DEPTH       0

DEGREE DAYS
 HEATING
  TODAY            0                         1     -1        8
  MONTH TO DATE   49                        39     10       54
  SINCE MAR 1    299                       201     98      267
  SINCE JUL 1   1950                      1483    467     1236

 COOLING
  TODAY            4                         5     -1        0
  MONTH TO DATE   56                        77    -21       75
  SINCE MAR 1     69                       126    -57      106
  SINCE JAN 1     84                       149    -65      136
..................................................................


WIND (MPH)
  HIGHEST WIND SPEED    13   HIGHEST WIND DIRECTION    SW (220)
  HIGHEST GUST SPEED    17   HIGHEST GUST DIRECTION    SW (220)
  AVERAGE WIND SPEED     3.8


SKY COVER
  POSSIBLE SUNSHINE  MM
  AVERAGE SKY COVER 0.0


WEATHER CONDITIONS
 THE FOLLOWING WEATHER WAS RECORDED TODAY.
  FOG


RELATIVE HUMIDITY (PERCENT)
 HIGHEST   100           400 AM
 LOWEST     39           100 PM
 AVERAGE    70

..........................................................


THE LAKE CHARLES CLIMATE NORMALS FOR TOMORROW
                         NORMAL    RECORD    YEAR
 MAXIMUM TEMPERATURE (F)   79        91      1987
 MINIMUM TEMPERATURE (F)   60        41      1910


SUNRISE AND SUNSET
APRIL 20 2014.........SUNRISE   641 AM CDT   SUNSET   743 PM CDT
APRIL 21 2014.........SUNRISE   639 AM CDT   SUNSET   744 PM CDT


-  INDICATES NEGATIVE NUMBERS.
R  INDICATES RECORD WAS SET OR TIED.
MM INDICATES DATA IS MISSING.
T  INDICATES TRACE AMOUNT.




$$
