000
CDUS44 KLCH 260828
CLILCH


CLIMATE REPORT
NATIONAL WEATHER SERVICE LAKE CHARLES, LA
227 AM CST FRI DEC 26 2014


...................................

...THE LAKE CHARLES CLIMATE SUMMARY FOR DECEMBER 25 2014...

CLIMATE NORMAL PERIOD 1981 TO 2010
CLIMATE RECORD PERIOD 1895 TO 2014


WEATHER ITEM   OBSERVED TIME   RECORD YEAR NORMAL DEPARTURE LAST
                VALUE   (LST)  VALUE       VALUE  FROM      YEAR
                                                  NORMAL
..................................................................
TEMPERATURE (F)
 YESTERDAY
  MAXIMUM         60    225 PM  79    1982  62     -2       56
  MINIMUM         34    719 AM  13    1983  43     -9       32
  AVERAGE         47                        52     -5       44

PRECIPITATION (IN)
  YESTERDAY        0.00          2.00 1913   0.17  -0.17     0.00
  MONTH TO DATE    1.53                      3.70  -2.17     2.05
  SINCE DEC 1      1.53                      3.70  -2.17     2.05
  SINCE JAN 1     68.13                     56.51  11.62    57.46

SNOWFALL (IN)
  YESTERDAY        0.0           T    1953   0.0    0.0      0.0
  MONTH TO DATE    0.0                       0.0    0.0      0.0
  SINCE DEC 1      0.0                       0.0    0.0      0.0
  SINCE JUL 1      0.0                       0.0    0.0      0.0
  SNOW DEPTH       0

DEGREE DAYS
 HEATING
  YESTERDAY       18                        13      5       21
  MONTH TO DATE  207                       286    -79      337
  SINCE DEC 1    207                       286    -79      337
  SINCE JUL 1    483                       493    -10      611

 COOLING
  YESTERDAY        0                         1     -1        0
  MONTH TO DATE   17                        25     -8       25
  SINCE DEC 1     17                        25     -8       25
  SINCE JAN 1   2704                      2814   -110     2972
..................................................................


WIND (MPH)
  HIGHEST WIND SPEED    17   HIGHEST WIND DIRECTION    SE (150)
  HIGHEST GUST SPEED    22   HIGHEST GUST DIRECTION     S (160)
  AVERAGE WIND SPEED     7.5


SKY COVER
  POSSIBLE SUNSHINE  MM
  AVERAGE SKY COVER 0.1


WEATHER CONDITIONS
 THE FOLLOWING WEATHER WAS RECORDED YESTERDAY.
  NO SIGNIFICANT WEATHER WAS OBSERVED.


RELATIVE HUMIDITY (PERCENT)
 HIGHEST   100          1200 AM
 LOWEST     51          1200 PM
 AVERAGE    76

..........................................................


THE LAKE CHARLES CLIMATE NORMALS FOR TODAY
                         NORMAL    RECORD    YEAR
 MAXIMUM TEMPERATURE (F)   62        79      1942
 MINIMUM TEMPERATURE (F)   43        21      1983


SUNRISE AND SUNSET
DECEMBER 26 2014......SUNRISE   707 AM CST   SUNSET   520 PM CST
DECEMBER 27 2014......SUNRISE   707 AM CST   SUNSET   521 PM CST


-  INDICATES NEGATIVE NUMBERS.
R  INDICATES RECORD WAS SET OR TIED.
MM INDICATES DATA IS MISSING.
T  INDICATES TRACE AMOUNT.




$$
