000
CDUS44 KLCH 300842
CLILCH


CLIMATE REPORT
NATIONAL WEATHER SERVICE LAKE CHARLES, LA
341 AM CDT THU MAR 30 2017


...................................

...THE LAKE CHARLES CLIMATE SUMMARY FOR MARCH 29 2017...

CLIMATE NORMAL PERIOD 1981 TO 2010
CLIMATE RECORD PERIOD 1895 TO 2017


WEATHER ITEM   OBSERVED TIME   RECORD YEAR NORMAL DEPARTURE LAST
                VALUE   (LST)  VALUE       VALUE  FROM      YEAR
                                                  NORMAL
..................................................................
TEMPERATURE (F)
 YESTERDAY
  MAXIMUM         81    155 PM  89    1909  74      7       74
  MINIMUM         66    729 PM  34    1930  54     12       60
  AVERAGE         74                        64     10       67

PRECIPITATION (IN)
  YESTERDAY        2.61          3.33 1949   0.12   2.49     0.00
  MONTH TO DATE    4.11                      3.44   0.67     2.88
  SINCE MAR 1      4.11                      3.44   0.67     2.88
  SINCE JAN 1     11.06                     12.13  -1.07     8.05

SNOWFALL (IN)
  YESTERDAY        0.0           0.0    MM   0.0    0.0      0.0
  MONTH TO DATE    0.0                       0.0    0.0      0.0
  SINCE MAR 1      0.0                       0.0    0.0      0.0
  SINCE JUL 1      T                         0.1   -0.1      0.0
  SNOW DEPTH       0

DEGREE DAYS
 HEATING
  YESTERDAY        0                         3     -3        0
  MONTH TO DATE   77                       156    -79       68
  SINCE MAR 1     77                       156    -79       68
  SINCE JUL 1    735                      1438   -703     1017

 COOLING
  YESTERDAY        9                         2      7        2
  MONTH TO DATE  104                        45     59       92
  SINCE MAR 1    104                        45     59       92
  SINCE JAN 1    235                        68    167      107
..................................................................


WIND (MPH)
  HIGHEST WIND SPEED    30   HIGHEST WIND DIRECTION    SE (150)
  HIGHEST GUST SPEED    38   HIGHEST GUST DIRECTION    SE (130)
  AVERAGE WIND SPEED    13.4


SKY COVER
  POSSIBLE SUNSHINE  MM
  AVERAGE SKY COVER 0.9


WEATHER CONDITIONS
 THE FOLLOWING WEATHER WAS RECORDED YESTERDAY.
  THUNDERSTORM
  HEAVY RAIN
  RAIN
  LIGHT RAIN
  FOG
  FOG W/VISIBILITY <= 1/4 MILE
  HAZE


RELATIVE HUMIDITY (PERCENT)
 HIGHEST   100           700 PM
 LOWEST     62          1100 AM
 AVERAGE    81

..........................................................


THE LAKE CHARLES CLIMATE NORMALS FOR TODAY
                         NORMAL    RECORD    YEAR
 MAXIMUM TEMPERATURE (F)   75        94      1946
 MINIMUM TEMPERATURE (F)   54        34      1913


SUNRISE AND SUNSET
MARCH 30 2017.........SUNRISE   704 AM CDT   SUNSET   731 PM CDT
MARCH 31 2017.........SUNRISE   703 AM CDT   SUNSET   731 PM CDT


-  INDICATES NEGATIVE NUMBERS.
R  INDICATES RECORD WAS SET OR TIED.
MM INDICATES DATA IS MISSING.
T  INDICATES TRACE AMOUNT.




$$
