000
CDUS44 KLCH 240806
CLILCH


CLIMATE REPORT
NATIONAL WEATHER SERVICE LAKE CHARLES, LA
306 AM CDT SUN SEP 24 2017


...................................

...THE LAKE CHARLES CLIMATE SUMMARY FOR SEPTEMBER 23 2017...

CLIMATE NORMAL PERIOD 1981 TO 2010
CLIMATE RECORD PERIOD 1895 TO 2017


WEATHER ITEM   OBSERVED TIME   RECORD YEAR NORMAL DEPARTURE LAST
                VALUE   (LST)  VALUE       VALUE  FROM      YEAR
                                                  NORMAL
..................................................................
TEMPERATURE (F)
 YESTERDAY
  MAXIMUM         93    241 PM  97    1910  87      6       91
  MINIMUM         72    612 AM  49    1982  67      5       75
                                      1913
                                      1897
  AVERAGE         83                        77      6       83

PRECIPITATION (IN)
  YESTERDAY        0.02          2.54 2005   0.16  -0.14     0.00
  MONTH TO DATE    0.02                      4.19  -4.17     3.04
  SINCE SEP 1      0.02                      4.19  -4.17     3.04
  SINCE JAN 1     63.78                     42.41  21.37    58.95

SNOWFALL (IN)
  YESTERDAY        0.0           0.0    MM   0.0    0.0      0.0
  MONTH TO DATE    0.0                       0.0    0.0      0.0
  SINCE SEP 1      0.0                       0.0    0.0      0.0
  SINCE JUL 1      0.0                       0.0    0.0      0.0
  SNOW DEPTH       0

DEGREE DAYS
 HEATING
  YESTERDAY        0                         0      0        0
  MONTH TO DATE    0                         0      0        0
  SINCE SEP 1      0                         0      0        0
  SINCE JUL 1      0                         0      0        0

 COOLING
  YESTERDAY       18                        12      6       18
  MONTH TO DATE  329                       335     -6      422
  SINCE SEP 1    329                       335     -6      422
  SINCE JAN 1   2655                      2464    191     2749
..................................................................


WIND (MPH)
  HIGHEST WIND SPEED    18   HIGHEST WIND DIRECTION     E (110)
  HIGHEST GUST SPEED    22   HIGHEST GUST DIRECTION    SE (120)
  AVERAGE WIND SPEED     3.5


SKY COVER
  POSSIBLE SUNSHINE  MM
  AVERAGE SKY COVER 0.1


WEATHER CONDITIONS
 THE FOLLOWING WEATHER WAS RECORDED YESTERDAY.
  LIGHT RAIN
  FOG
  HAZE


RELATIVE HUMIDITY (PERCENT)
 HIGHEST   100           600 AM
 LOWEST     59          1100 AM
 AVERAGE    80

..........................................................


THE LAKE CHARLES CLIMATE NORMALS FOR TODAY
                         NORMAL    RECORD    YEAR
 MAXIMUM TEMPERATURE (F)   86        97      1931
 MINIMUM TEMPERATURE (F)   67        51      1975


SUNRISE AND SUNSET
SEPTEMBER 24 2017.....SUNRISE   702 AM CDT   SUNSET   707 PM CDT
SEPTEMBER 25 2017.....SUNRISE   703 AM CDT   SUNSET   705 PM CDT


-  INDICATES NEGATIVE NUMBERS.
R  INDICATES RECORD WAS SET OR TIED.
MM INDICATES DATA IS MISSING.
T  INDICATES TRACE AMOUNT.




$$
