000
CDUS44 KLCH 051245
CLILCH


CLIMATE REPORT
NATIONAL WEATHER SERVICE LAKE CHARLES, LA
645 AM CST MON DEC 5 2016


...................................

...THE LAKE CHARLES CLIMATE SUMMARY FOR DECEMBER 4 2016...

CLIMATE NORMAL PERIOD 1981 TO 2010
CLIMATE RECORD PERIOD 1895 TO 2016


WEATHER ITEM   OBSERVED TIME   RECORD YEAR NORMAL DEPARTURE LAST
                VALUE   (LST)  VALUE       VALUE  FROM      YEAR
                                                  NORMAL
..................................................................
TEMPERATURE (F)
 YESTERDAY
  MAXIMUM         57    231 AM  88    1912  66     -9       61
  MINIMUM         51   1159 PM  25    1929  46      5       38
  AVERAGE         54                        56     -2       50

PRECIPITATION (IN)
  YESTERDAY        0.75          4.66 1952   0.15   0.60     0.00
  MONTH TO DATE    7.36                      0.60   6.76     0.32
  SINCE DEC 1      7.36                      0.60   6.76     0.32
  SINCE JAN 1     70.18                     53.41  16.77    61.92

SNOWFALL (IN)
  YESTERDAY        0.0           0.2  2009   0.0    0.0      0.0
  MONTH TO DATE    0.0                       0.0    0.0      0.0
  SINCE DEC 1      0.0                       0.0    0.0      0.0
  SINCE JUL 1      0.0                       0.0    0.0      0.0
  SNOW DEPTH       0

DEGREE DAYS
 HEATING
  YESTERDAY       11                        10      1       15
  MONTH TO DATE   44                        38      6       43
  SINCE DEC 1     44                        38      6       43
  SINCE JUL 1    138                       245   -107      119

 COOLING
  YESTERDAY        0                         1     -1        0
  MONTH TO DATE    0                         4     -4        0
  SINCE DEC 1      0                         4     -4        0
  SINCE JAN 1   3199                      2793    406     3116
..................................................................


WIND (MPH)
  HIGHEST WIND SPEED    18   HIGHEST WIND DIRECTION    NE (40)
  HIGHEST GUST SPEED    23   HIGHEST GUST DIRECTION    NE (30)
  AVERAGE WIND SPEED    10.8


SKY COVER
  POSSIBLE SUNSHINE  MM
  AVERAGE SKY COVER 1.0


WEATHER CONDITIONS
 THE FOLLOWING WEATHER WAS RECORDED YESTERDAY.
  HEAVY RAIN
  RAIN
  LIGHT RAIN
  FOG


RELATIVE HUMIDITY (PERCENT)
 HIGHEST   100          1200 AM
 LOWEST     96           900 PM
 AVERAGE    98

..........................................................


THE LAKE CHARLES CLIMATE NORMALS FOR TODAY
                         NORMAL    RECORD    YEAR
 MAXIMUM TEMPERATURE (F)   66        82      1926
 MINIMUM TEMPERATURE (F)   46        24      1898


SUNRISE AND SUNSET
DECEMBER  5 2016......SUNRISE   655 AM CST   SUNSET   513 PM CST
DECEMBER  6 2016......SUNRISE   656 AM CST   SUNSET   513 PM CST


-  INDICATES NEGATIVE NUMBERS.
R  INDICATES RECORD WAS SET OR TIED.
MM INDICATES DATA IS MISSING.
T  INDICATES TRACE AMOUNT.




$$
