000
CDUS44 KLCH 171023
CLILCH


CLIMATE REPORT
NATIONAL WEATHER SERVICE LAKE CHARLES, LA
422 AM CST FRI NOV 17 2017


...................................

...THE LAKE CHARLES CLIMATE SUMMARY FOR NOVEMBER 16 2017...

CLIMATE NORMAL PERIOD 1981 TO 2010
CLIMATE RECORD PERIOD 1895 TO 2017


WEATHER ITEM   OBSERVED TIME   RECORD YEAR NORMAL DEPARTURE LAST
                VALUE   (LST)  VALUE       VALUE  FROM      YEAR
                                                  NORMAL
..................................................................
TEMPERATURE (F)
 YESTERDAY
  MAXIMUM         78    134 PM  88    1913  71      7       82
  MINIMUM         57    432 AM  23    1916  51      6       50
  AVERAGE         68                        61      7       66

PRECIPITATION (IN)
  YESTERDAY        0.00          1.58 1987   0.13  -0.13     0.00
  MONTH TO DATE    1.73                      2.46  -0.73     0.43
  SINCE SEP 1      6.51                     12.62  -6.11     4.14
  SINCE JAN 1     70.27                     50.84  19.43    60.05

SNOWFALL (IN)
  YESTERDAY        0.0           0.0    MM   0.0    0.0      0.0
  MONTH TO DATE    0.0                       0.0    0.0      0.0
  SINCE SEP 1      0.0                       0.0    0.0      0.0
  SINCE JUL 1      0.0                       0.0    0.0      0.0
  SNOW DEPTH       0

DEGREE DAYS
 HEATING
  YESTERDAY        0                         6     -6        0
  MONTH TO DATE   19                        66    -47       19
  SINCE SEP 1     56                       102    -46       25
  SINCE JUL 1     56                       102    -46       25

 COOLING
  YESTERDAY        3                         2      1        1
  MONTH TO DATE   92                        39     53       68
  SINCE SEP 1    819                       643    176      853
  SINCE JAN 1   3145                      2772    373     3180
..................................................................


WIND (MPH)
  HIGHEST WIND SPEED    12   HIGHEST WIND DIRECTION    SE (140)
  HIGHEST GUST SPEED    15   HIGHEST GUST DIRECTION    SE (150)
  AVERAGE WIND SPEED     3.5


SKY COVER
  POSSIBLE SUNSHINE  MM
  AVERAGE SKY COVER 0.6


WEATHER CONDITIONS
 THE FOLLOWING WEATHER WAS RECORDED YESTERDAY.
  FOG
  FOG W/VISIBILITY <= 1/4 MILE


RELATIVE HUMIDITY (PERCENT)
 HIGHEST   100          1200 AM
 LOWEST     56           100 PM
 AVERAGE    78

..........................................................


THE LAKE CHARLES CLIMATE NORMALS FOR TODAY
                         NORMAL    RECORD    YEAR
 MAXIMUM TEMPERATURE (F)   71        88      1917
                                             1914
 MINIMUM TEMPERATURE (F)   50        30      1916
                                             1908


SUNRISE AND SUNSET
NOVEMBER 17 2017......SUNRISE   640 AM CST   SUNSET   515 PM CST
NOVEMBER 18 2017......SUNRISE   641 AM CST   SUNSET   515 PM CST


-  INDICATES NEGATIVE NUMBERS.
R  INDICATES RECORD WAS SET OR TIED.
MM INDICATES DATA IS MISSING.
T  INDICATES TRACE AMOUNT.




$$
