000
CDUS43 KLMK 220628
CLILEX


CLIMATE REPORT
NATIONAL WEATHER SERVICE LOUISVILLE KY
228 AM EDT MON SEP 22 2014


...................................

...THE LEXINGTON KY CLIMATE SUMMARY FOR SEPTEMBER 21 2014...

CLIMATE NORMAL PERIOD 1981 TO 2010
CLIMATE RECORD PERIOD 1872 TO 2014


WEATHER ITEM   OBSERVED TIME   RECORD YEAR NORMAL DEPARTURE LAST
                VALUE   (LST)  VALUE       VALUE  FROM      YEAR
                                                  NORMAL
..................................................................
TEMPERATURE (F)
 YESTERDAY
  MAXIMUM         84    220 PM  97    1940  77      7       73
  MINIMUM         57   1159 PM  40    1918  55      2       56
                                      1897
                                      1875
  AVERAGE         71                        66      5       65

PRECIPITATION (IN)
  YESTERDAY        0.00          4.13 1979   0.10  -0.10     1.42
  MONTH TO DATE    4.35                      2.03   2.32     1.63
  SINCE SEP 1      4.35                      2.03   2.32     1.63
  SINCE JAN 1     44.08                     33.70  10.38    45.27

SNOWFALL (IN)
  YESTERDAY        0.0          MM      MM   0.0    0.0      0.0
  MONTH TO DATE    0.0                       0.0    0.0      0.0
  SINCE SEP 1      0.0                       0.0    0.0      0.0
  SINCE JUL 1      0.0                       0.0    0.0      0.0
  SNOW DEPTH       0

DEGREE DAYS
 HEATING
  YESTERDAY        0                         2     -2        0
  MONTH TO DATE   16                        18     -2        8
  SINCE SEP 1     16                        18     -2        8
  SINCE JUL 1     18                        20     -2       11

 COOLING
  YESTERDAY        6                         3      3        0
  MONTH TO DATE  136                       121     15      144
  SINCE SEP 1    136                       121     15      144
  SINCE JAN 1   1217                      1138     79     1182
..................................................................


WIND (MPH)
  HIGHEST WIND SPEED    22   HIGHEST WIND DIRECTION     W (260)
  HIGHEST GUST SPEED    29   HIGHEST GUST DIRECTION    SW (240)
  AVERAGE WIND SPEED    11.8


SKY COVER
  POSSIBLE SUNSHINE  MM
  AVERAGE SKY COVER 0.2


WEATHER CONDITIONS
 THE FOLLOWING WEATHER WAS RECORDED YESTERDAY.
  NO SIGNIFICANT WEATHER WAS OBSERVED.


RELATIVE HUMIDITY (PERCENT)
 HIGHEST    87           500 AM
 LOWEST     30           400 PM
 AVERAGE    59

..........................................................


THE LEXINGTON KY CLIMATE NORMALS FOR TODAY
                         NORMAL    RECORD    YEAR
 MAXIMUM TEMPERATURE (F)   76        97      1936
 MINIMUM TEMPERATURE (F)   55        38      1983
                                             1976


SUNRISE AND SUNSET
SEPTEMBER 22 2014.....SUNRISE   726 AM EDT   SUNSET   735 PM EDT
SEPTEMBER 23 2014.....SUNRISE   727 AM EDT   SUNSET   734 PM EDT


-  INDICATES NEGATIVE NUMBERS.
R  INDICATES RECORD WAS SET OR TIED.
MM INDICATES DATA IS MISSING.
T  INDICATES TRACE AMOUNT.




$$
