000
CDUS43 KLMK 212128
CLILEX


CLIMATE REPORT
NATIONAL WEATHER SERVICE LOUISVILLE KY
427 PM EST WED FEB 21 2018


...................................

...THE LEXINGTON KY CLIMATE SUMMARY FOR FEBRUARY 21 2018...
VALID TODAY AS OF 0400 PM LOCAL TIME.

CLIMATE NORMAL PERIOD 1981 TO 2010
CLIMATE RECORD PERIOD 1872 TO 2018


WEATHER ITEM   OBSERVED TIME   RECORD YEAR NORMAL DEPARTURE LAST
                VALUE   (LST)  VALUE       VALUE  FROM      YEAR
                                                  NORMAL
..................................................................
TEMPERATURE (F)
 TODAY
  MAXIMUM         70    808 AM  72    2017  47     23       72
  MINIMUM         57    944 AM  -2    1896  30     27       55
  AVERAGE         64                        38     26       64

PRECIPITATION (IN)
  TODAY            0.42          2.02 1993   0.12   0.30     0.05
  MONTH TO DATE    5.53                      2.38   3.15     1.53
  SINCE DEC 1      9.99                      9.51   0.48    12.42
  SINCE JAN 1      7.62                      5.58   2.04     6.24

SNOWFALL (IN)
  TODAY            0.0           6.2  1929   0.2   -0.2      0.0
  MONTH TO DATE    1.3                       3.8   -2.5       T
  SINCE DEC 1      7.6                      10.2   -2.6      3.4
  SINCE JUL 1      7.6                      10.5   -2.9      3.4
  SNOW DEPTH       0

DEGREE DAYS
 HEATING
  TODAY            1                        27    -26        1
  MONTH TO DATE  479                       610   -131      427
  SINCE DEC 1   2448                      2506    -58     2045
  SINCE JUL 1   3228                      3393   -165     2631

 COOLING
  TODAY            0                         0      0        0
  MONTH TO DATE    7                         0      7        0
  SINCE DEC 1      7                         0      7        0
  SINCE JAN 1      7                         0      7        0
..................................................................


WIND (MPH)
  HIGHEST WIND SPEED    25   HIGHEST WIND DIRECTION     S (170)
  HIGHEST GUST SPEED    36   HIGHEST GUST DIRECTION     S (180)
  AVERAGE WIND SPEED    15.1


SKY COVER
  POSSIBLE SUNSHINE  MM
  AVERAGE SKY COVER 0.6


WEATHER CONDITIONS
 THE FOLLOWING WEATHER WAS RECORDED TODAY.
  HEAVY RAIN
  RAIN
  LIGHT RAIN
  FOG


RELATIVE HUMIDITY (PERCENT)
 HIGHEST    93          1000 AM
 LOWEST     66          1200 AM
 AVERAGE    80

..........................................................


THE LEXINGTON KY CLIMATE NORMALS FOR TOMORROW
                         NORMAL    RECORD    YEAR
 MAXIMUM TEMPERATURE (F)   48        70      1922
 MINIMUM TEMPERATURE (F)   30        -7      1963


SUNRISE AND SUNSET
FEBRUARY 21 2018......SUNRISE   721 AM EST   SUNSET   624 PM EST
FEBRUARY 22 2018......SUNRISE   720 AM EST   SUNSET   625 PM EST


-  INDICATES NEGATIVE NUMBERS.
R  INDICATES RECORD WAS SET OR TIED.
MM INDICATES DATA IS MISSING.
T  INDICATES TRACE AMOUNT.




$$
