000
CDUS43 KLMK 190630
CLILEX


CLIMATE REPORT
NATIONAL WEATHER SERVICE LOUISVILLE KY
229 AM EDT TUE SEP 19 2017


...................................

...THE LEXINGTON KY CLIMATE SUMMARY FOR SEPTEMBER 18 2017...

CLIMATE NORMAL PERIOD 1981 TO 2010
CLIMATE RECORD PERIOD 1872 TO 2017


WEATHER ITEM   OBSERVED TIME   RECORD YEAR NORMAL DEPARTURE LAST
                VALUE   (LST)  VALUE       VALUE  FROM      YEAR
                                                  NORMAL
..................................................................
TEMPERATURE (F)
 YESTERDAY
  MAXIMUM         86    409 PM  96    1953  78      8       85
  MINIMUM         63    555 AM  39    1937  57      6       70
  AVERAGE         75                        67      8       78

PRECIPITATION (IN)
  YESTERDAY        0.00          1.10 1875   0.09  -0.09     0.00
  MONTH TO DATE    3.18                      1.75   1.43     0.65
  SINCE SEP 1      3.18                      1.75   1.43     0.65
  SINCE JAN 1     38.12                     33.42   4.70    35.02

SNOWFALL (IN)
  YESTERDAY        0.0          MM      MM   0.0    0.0      0.0
  MONTH TO DATE    0.0                       0.0    0.0      0.0
  SINCE SEP 1      0.0                       0.0    0.0      0.0
  SINCE JUL 1      0.0                       0.0    0.0      0.0
  SNOW DEPTH       0

DEGREE DAYS
 HEATING
  YESTERDAY        0                         2     -2        0
  MONTH TO DATE   31                        12     19        0
  SINCE SEP 1     31                        12     19        0
  SINCE JUL 1     31                        14     17        0

 COOLING
  YESTERDAY       10                         4      6       13
  MONTH TO DATE   47                       110    -63      192
  SINCE SEP 1     47                       110    -63      192
  SINCE JAN 1   1128                      1127      1     1468
..................................................................


WIND (MPH)
  HIGHEST WIND SPEED     7   HIGHEST WIND DIRECTION    SE (150)
  HIGHEST GUST SPEED     9   HIGHEST GUST DIRECTION    SE (130)
  AVERAGE WIND SPEED     3.6


SKY COVER
  POSSIBLE SUNSHINE  MM
  AVERAGE SKY COVER 0.1


WEATHER CONDITIONS
 THE FOLLOWING WEATHER WAS RECORDED YESTERDAY.
  FOG


RELATIVE HUMIDITY (PERCENT)
 HIGHEST    93           100 AM
 LOWEST     51           100 PM
 AVERAGE    72

..........................................................


THE LEXINGTON KY CLIMATE NORMALS FOR TODAY
                         NORMAL    RECORD    YEAR
 MAXIMUM TEMPERATURE (F)   78        95      1954
 MINIMUM TEMPERATURE (F)   56        38      1973


SUNRISE AND SUNSET
SEPTEMBER 19 2017.....SUNRISE   724 AM EDT   SUNSET   740 PM EDT
SEPTEMBER 20 2017.....SUNRISE   725 AM EDT   SUNSET   738 PM EDT


-  INDICATES NEGATIVE NUMBERS.
R  INDICATES RECORD WAS SET OR TIED.
MM INDICATES DATA IS MISSING.
T  INDICATES TRACE AMOUNT.




$$
