000
CDUS43 KLMK 290628
CLILEX


CLIMATE REPORT
NATIONAL WEATHER SERVICE LOUISVILLE KY
228 AM EDT FRI APR 29 2016


...................................

...THE LEXINGTON KY CLIMATE SUMMARY FOR APRIL 28 2016...

CLIMATE NORMAL PERIOD 1981 TO 2010
CLIMATE RECORD PERIOD 1872 TO 2016


WEATHER ITEM   OBSERVED TIME   RECORD YEAR NORMAL DEPARTURE LAST
                VALUE   (LST)  VALUE       VALUE  FROM      YEAR
                                                  NORMAL
..................................................................
TEMPERATURE (F)
 YESTERDAY
  MAXIMUM         79    202 PM  86    1957  70      9       63
  MINIMUM         57   1159 PM  28    1976  49      8       37
  AVERAGE         68                        59      9       50

PRECIPITATION (IN)
  YESTERDAY        0.08          1.82 1970   0.13  -0.05     0.00
  MONTH TO DATE    2.87                      3.33  -0.46    11.24
  SINCE MAR 1      5.66                      7.40  -1.74    18.70
  SINCE JAN 1     11.36                     13.80  -2.44    23.55

SNOWFALL (IN)
  YESTERDAY        0.0           0.0    MM   0.0    0.0      0.0
  MONTH TO DATE    T                         0.3   -0.3      0.0
  SINCE MAR 1      0.7                       1.7   -1.0     17.1
  SINCE JUL 1     15.3                      13.0    2.3     40.0
  SNOW DEPTH       0

DEGREE DAYS
 HEATING
  YESTERDAY        0                         7     -7       15
  MONTH TO DATE  254                       299    -45      239
  SINCE MAR 1    648                       904   -256      888
  SINCE JUL 1   3619                      4475   -856     4866

 COOLING
  YESTERDAY        3                         1      2        0
  MONTH TO DATE   25                        19      6       12
  SINCE MAR 1     28                        21      7       12
  SINCE JAN 1     28                        21      7       12
..................................................................


WIND (MPH)
  HIGHEST WIND SPEED    26   HIGHEST WIND DIRECTION    SW (210)
  HIGHEST GUST SPEED    32   HIGHEST GUST DIRECTION    SW (210)
  AVERAGE WIND SPEED     9.5


SKY COVER
  POSSIBLE SUNSHINE  MM
  AVERAGE SKY COVER 0.4


WEATHER CONDITIONS
 THE FOLLOWING WEATHER WAS RECORDED YESTERDAY.
  THUNDERSTORM
  HEAVY RAIN
  RAIN
  LIGHT RAIN
  FOG


RELATIVE HUMIDITY (PERCENT)
 HIGHEST    97           200 AM
 LOWEST     42           500 PM
 AVERAGE    70

..........................................................


THE LEXINGTON KY CLIMATE NORMALS FOR TODAY
                         NORMAL    RECORD    YEAR
 MAXIMUM TEMPERATURE (F)   70        86      1899
 MINIMUM TEMPERATURE (F)   49        28      1874


SUNRISE AND SUNSET
APRIL 29 2016.........SUNRISE   644 AM EDT   SUNSET   828 PM EDT
APRIL 30 2016.........SUNRISE   643 AM EDT   SUNSET   829 PM EDT


-  INDICATES NEGATIVE NUMBERS.
R  INDICATES RECORD WAS SET OR TIED.
MM INDICATES DATA IS MISSING.
T  INDICATES TRACE AMOUNT.




$$
