000
CDUS43 KLMK 140635
CLILEX


CLIMATE REPORT
NATIONAL WEATHER SERVICE LOUISVILLE KY
135 AM EST SUN FEB 14 2016


...................................

...THE LEXINGTON KY CLIMATE SUMMARY FOR FEBRUARY 13 2016...

CLIMATE NORMAL PERIOD 1981 TO 2010
CLIMATE RECORD PERIOD 1872 TO 2016


WEATHER ITEM   OBSERVED TIME   RECORD YEAR NORMAL DEPARTURE LAST
                VALUE   (LST)  VALUE       VALUE  FROM      YEAR
                                                  NORMAL
..................................................................
TEMPERATURE (F)
 YESTERDAY
  MAXIMUM         24    439 PM  71    1962  45    -21       31
                                      1938
  MINIMUM         13    821 AM -20    1899  28    -15       14
  AVERAGE         19                        36    -17       23

PRECIPITATION (IN)
  YESTERDAY        T             3.10 1989   0.10  -0.10     0.00
  MONTH TO DATE    1.65                      1.47   0.18     0.62
  SINCE DEC 1     10.10                      8.60   1.50     5.77
  SINCE JAN 1      2.89                      4.67  -1.78     2.47

SNOWFALL (IN)
  YESTERDAY        T             6.9  1960   0.2   -0.2      0.0
  MONTH TO DATE    1.7                       2.5   -0.8      0.4
  SINCE DEC 1     11.3                       8.9    2.4      6.3
  SINCE JUL 1     11.3                       9.2    2.1      7.9
  SNOW DEPTH       T

DEGREE DAYS
 HEATING
  YESTERDAY       46                        29     17       42
  MONTH TO DATE  407                       390     17      405
  SINCE DEC 1   1925                      2286   -361     2260
  SINCE JUL 1   2611                      3173   -562     3267

 COOLING
  YESTERDAY        0                         0      0        0
  MONTH TO DATE    0                         0      0        0
  SINCE DEC 1      0                         0      0        0
  SINCE JAN 1      0                         0      0        0
..................................................................


WIND (MPH)
  HIGHEST WIND SPEED    22   HIGHEST WIND DIRECTION     N (340)
  HIGHEST GUST SPEED    28   HIGHEST GUST DIRECTION     N (340)
  AVERAGE WIND SPEED     9.2


SKY COVER
  POSSIBLE SUNSHINE  MM
  AVERAGE SKY COVER 0.4


WEATHER CONDITIONS
 THE FOLLOWING WEATHER WAS RECORDED YESTERDAY.
  SNOW
  LIGHT SNOW
  HAZE


RELATIVE HUMIDITY (PERCENT)
 HIGHEST    67           700 AM
 LOWEST     36           400 PM
 AVERAGE    52

..........................................................


THE LEXINGTON KY CLIMATE NORMALS FOR TODAY
                         NORMAL    RECORD    YEAR
 MAXIMUM TEMPERATURE (F)   45        70      1918
                                             1911
 MINIMUM TEMPERATURE (F)   28        -7      1905


SUNRISE AND SUNSET
FEBRUARY 14 2016......SUNRISE   730 AM EST   SUNSET   615 PM EST
FEBRUARY 15 2016......SUNRISE   729 AM EST   SUNSET   617 PM EST


-  INDICATES NEGATIVE NUMBERS.
R  INDICATES RECORD WAS SET OR TIED.
MM INDICATES DATA IS MISSING.
T  INDICATES TRACE AMOUNT.




$$
