000
CDUS43 KLMK 260626
CLILEX


CLIMATE REPORT
NATIONAL WEATHER SERVICE LOUISVILLE KY
226 AM EDT SUN OCT 26 2014


...................................

...THE LEXINGTON KY CLIMATE SUMMARY FOR OCTOBER 25 2014...

CLIMATE NORMAL PERIOD 1981 TO 2010
CLIMATE RECORD PERIOD 1872 TO 2014


WEATHER ITEM   OBSERVED TIME   RECORD YEAR NORMAL DEPARTURE LAST
                VALUE   (LST)  VALUE       VALUE  FROM      YEAR
                                                  NORMAL
..................................................................
TEMPERATURE (F)
 YESTERDAY
  MAXIMUM         74    401 PM  83    1963  65      9       49
  MINIMUM         44    343 AM  27    2006  44      0       29
  AVERAGE         59                        54      5       39

PRECIPITATION (IN)
  YESTERDAY        0.00          1.70 1905   0.11  -0.11     0.00
  MONTH TO DATE    3.72                      2.49   1.23     4.59
  SINCE SEP 1      8.07                      5.40   2.67     6.22
  SINCE JAN 1     47.80                     37.07  10.73    49.86

SNOWFALL (IN)
  YESTERDAY        0.0           T    1962   0.0    0.0      0.0
                                      1926
  MONTH TO DATE    0.0                       0.0    0.0       T
  SINCE SEP 1      0.0                       0.0    0.0       T
  SINCE JUL 1      0.0                       0.0    0.0       T
  SNOW DEPTH       0

DEGREE DAYS
 HEATING
  YESTERDAY        6                        11     -5       26
  MONTH TO DATE  163                       198    -35      196
  SINCE SEP 1    191                       250    -59      213
  SINCE JUL 1    193                       252    -59      216

 COOLING
  YESTERDAY        0                         0      0        0
  MONTH TO DATE   25                        23      2       44
  SINCE SEP 1    191                       169     22      207
  SINCE JAN 1   1272                      1186     86     1245
..................................................................


WIND (MPH)
  HIGHEST WIND SPEED    14   HIGHEST WIND DIRECTION     W (270)
  HIGHEST GUST SPEED    20   HIGHEST GUST DIRECTION     W (250)
  AVERAGE WIND SPEED     7.8


SKY COVER
  POSSIBLE SUNSHINE  MM
  AVERAGE SKY COVER 0.2


WEATHER CONDITIONS
 THE FOLLOWING WEATHER WAS RECORDED YESTERDAY.
  NO SIGNIFICANT WEATHER WAS OBSERVED.


RELATIVE HUMIDITY (PERCENT)
 HIGHEST    86           700 AM
 LOWEST     57           200 PM
 AVERAGE    72

..........................................................


THE LEXINGTON KY CLIMATE NORMALS FOR TODAY
                         NORMAL    RECORD    YEAR
 MAXIMUM TEMPERATURE (F)   64        87      1940
 MINIMUM TEMPERATURE (F)   44        23      1962


SUNRISE AND SUNSET
OCTOBER 26 2014.......SUNRISE   758 AM EDT   SUNSET   646 PM EDT
OCTOBER 27 2014.......SUNRISE   759 AM EDT   SUNSET   645 PM EDT


-  INDICATES NEGATIVE NUMBERS.
R  INDICATES RECORD WAS SET OR TIED.
MM INDICATES DATA IS MISSING.
T  INDICATES TRACE AMOUNT.




$$
