000
CDUS44 KSHV 242153
CLILFK


CLIMATE REPORT
NATIONAL WEATHER SERVICE SHREVEPORT, LA
450 PM CDT WED MAY 24 2017


...................................

...THE LUFKIN CLIMATE SUMMARY FOR MAY 24 2017...
VALID TODAY AS OF 0400 PM LOCAL TIME.

CLIMATE NORMAL PERIOD 1981 TO 2010
CLIMATE RECORD PERIOD 1906 TO 2017


WEATHER ITEM   OBSERVED TIME   RECORD YEAR NORMAL DEPARTURE LAST
                VALUE   (LST)  VALUE       VALUE  FROM      YEAR
                                                  NORMAL
..................................................................
TEMPERATURE (F)
 TODAY
  MAXIMUM         76    253 PM  95    1937  87    -11       89
  MINIMUM         54    553 AM  50    1910  66    -12       68
  AVERAGE         65                        76    -11       79

PRECIPITATION (IN)
  TODAY            0.00          1.60 1919   0.16  -0.16     0.01
  MONTH TO DATE    5.59                      3.49   2.10     1.91
  SINCE DEC 1     26.16                     22.81   3.35    25.80
  SINCE JAN 1     21.25                     18.37   2.88    21.75

DEGREE DAYS
 HEATING
  TODAY            0                         0      0        0
  MONTH TO DATE    6                         1      5        2
  SINCE MAR 1    169                       280   -111      150
  SINCE JUL 1   1145                      1914   -769     1472

 COOLING
  TODAY            0                        11    -11       14
  MONTH TO DATE  142                       207    -65      167
  SINCE MAR 1    360                       364     -4      355
  SINCE JAN 1    442                       383     59      369
..................................................................


WIND (MPH)
  HIGHEST WIND SPEED    21   HIGHEST WIND DIRECTION     W (280)
  HIGHEST GUST SPEED    28   HIGHEST GUST DIRECTION     W (280)
  AVERAGE WIND SPEED     7.8


SKY COVER
  POSSIBLE SUNSHINE  MM
  AVERAGE SKY COVER 0.1


WEATHER CONDITIONS
 THE FOLLOWING WEATHER WAS RECORDED TODAY.
  NO SIGNIFICANT WEATHER WAS OBSERVED.


RELATIVE HUMIDITY (PERCENT)
 HIGHEST   100           200 AM
 LOWEST     38           300 PM
 AVERAGE    69

..........................................................


THE LUFKIN CLIMATE NORMALS FOR TOMORROW
                         NORMAL    RECORD    YEAR
 MAXIMUM TEMPERATURE (F)   87        95      1996
 MINIMUM TEMPERATURE (F)   66        53      1910


SUNRISE AND SUNSET
MAY 24 2017...........SUNRISE   618 AM CDT   SUNSET   814 PM CDT
MAY 25 2017...........SUNRISE   618 AM CDT   SUNSET   815 PM CDT


-  INDICATES NEGATIVE NUMBERS.
R  INDICATES RECORD WAS SET OR TIED.
MM INDICATES DATA IS MISSING.
T  INDICATES TRACE AMOUNT.




$$
