000
CDUS44 KSHV 250741
CLILFK


CLIMATE REPORT
NATIONAL WEATHER SERVICE SHREVEPORT, LA
237 AM CDT MON JUL 25 2016


...................................

...THE LUFKIN CLIMATE SUMMARY FOR JULY 24 2016...

CLIMATE NORMAL PERIOD 1981 TO 2010
CLIMATE RECORD PERIOD 1906 TO 2016


WEATHER ITEM   OBSERVED TIME   RECORD YEAR NORMAL DEPARTURE LAST
                VALUE   (LST)  VALUE       VALUE  FROM      YEAR
                                                  NORMAL
..................................................................
TEMPERATURE (F)
 YESTERDAY
  MAXIMUM         98    158 PM 105    1934  94      4       97
  MINIMUM         74    943 PM  60    1915  72      2       74
  AVERAGE         86                        83      3       86

PRECIPITATION (IN)
  YESTERDAY        0.24          5.75 1933   0.08   0.16     0.00
  MONTH TO DATE    0.35                      2.44  -2.09     0.23
  SINCE DEC 1     36.12                     31.08   5.04    48.51
  SINCE JAN 1     32.07                     26.64   5.43    46.46

SNOWFALL (IN)
  YESTERDAY        0.0
  MONTH TO DATE    0.0
  SINCE JUN 1      0.0
  SINCE JUL 1      0.0
  SNOW DEPTH       0

DEGREE DAYS
 HEATING
  YESTERDAY        0                         0      0        0
  MONTH TO DATE    0                         0      0        0
  SINCE JUN 1      0                         0      0        0
  SINCE JUL 1      0                         0      0        0

 COOLING
  YESTERDAY       21                        18      3       21
  MONTH TO DATE  480                       423     57      473
  SINCE JUN 1    955                       875     80     1026
  SINCE JAN 1   1401                      1344     57     1709
..................................................................


WIND (MPH)
  HIGHEST WIND SPEED    20   HIGHEST WIND DIRECTION    NE (40)
  HIGHEST GUST SPEED    27   HIGHEST GUST DIRECTION    NE (40)
  AVERAGE WIND SPEED     3.8


SKY COVER
  POSSIBLE SUNSHINE  MM
  AVERAGE SKY COVER 0.1


WEATHER CONDITIONS
 THE FOLLOWING WEATHER WAS RECORDED YESTERDAY.
  THUNDERSTORM
  RAIN
  LIGHT RAIN
  FOG


RELATIVE HUMIDITY (PERCENT)
 HIGHEST    94           500 AM
 LOWEST     42           400 PM
 AVERAGE    68

..........................................................


THE LUFKIN CLIMATE NORMALS FOR TODAY
                         NORMAL    RECORD    YEAR
 MAXIMUM TEMPERATURE (F)   94       107      1954
 MINIMUM TEMPERATURE (F)   72        64      2000


SUNRISE AND SUNSET
JULY 25 2016..........SUNRISE   632 AM CDT   SUNSET   819 PM CDT
JULY 26 2016..........SUNRISE   632 AM CDT   SUNSET   818 PM CDT


-  INDICATES NEGATIVE NUMBERS.
R  INDICATES RECORD WAS SET OR TIED.
MM INDICATES DATA IS MISSING.
T  INDICATES TRACE AMOUNT.




$$
