000
CDUS44 KSHV 122251
CLILFK


CLIMATE REPORT
NATIONAL WEATHER SERVICE SHREVEPORT, LA
451 PM CST TUE DEC 12 2017


...................................

...THE LUFKIN CLIMATE SUMMARY FOR DECEMBER 12 2017...
VALID TODAY AS OF 0400 PM LOCAL TIME.

CLIMATE NORMAL PERIOD 1981 TO 2010
CLIMATE RECORD PERIOD 1906 TO 2017


WEATHER ITEM   OBSERVED TIME   RECORD YEAR NORMAL DEPARTURE LAST
                VALUE   (LST)  VALUE       VALUE  FROM      YEAR
                                                  NORMAL
..................................................................
TEMPERATURE (F)
 TODAY
  MAXIMUM         61    256 PM  81    1931  61      0       68
  MINIMUM         39    224 AM  16    1957  40     -1       59
  AVERAGE         50                        50      0       64

PRECIPITATION (IN)
  TODAY            0.00          3.13 1979   0.14  -0.14     0.01
  MONTH TO DATE    0.92                      1.81  -0.89     4.77
  SINCE DEC 1      0.92                      1.81  -0.89     4.77
  SINCE JAN 1     52.97                     46.32   6.65    50.10

SNOWFALL (IN)
  TODAY            0.0
  MONTH TO DATE    0.0
  SINCE DEC 1      0.0
  SINCE JUL 1      0.0
  SNOW DEPTH       0

DEGREE DAYS
 HEATING
  TODAY           15                        15      0        1
  MONTH TO DATE  163                       165     -2      182
  SINCE DEC 1    163                       165     -2      182
  SINCE JUL 1    414                       472    -58      330

 COOLING
  TODAY            0                         0      0        0
  MONTH TO DATE    5                         4      1        0
  SINCE DEC 1      5                         4      1        0
  SINCE JAN 1   2661                      2587     74     2809
..................................................................


WIND (MPH)
  HIGHEST WIND SPEED    15   HIGHEST WIND DIRECTION    NW (300)
  HIGHEST GUST SPEED    22   HIGHEST GUST DIRECTION    NW (310)
  AVERAGE WIND SPEED     6.1


SKY COVER
  POSSIBLE SUNSHINE  MM
  AVERAGE SKY COVER 0.0


WEATHER CONDITIONS
 THE FOLLOWING WEATHER WAS RECORDED TODAY.
  NO SIGNIFICANT WEATHER WAS OBSERVED.


RELATIVE HUMIDITY (PERCENT)
 HIGHEST    85           200 AM
 LOWEST     26           400 PM
 AVERAGE    56

..........................................................


THE LUFKIN CLIMATE NORMALS FOR TOMORROW
                         NORMAL    RECORD    YEAR
 MAXIMUM TEMPERATURE (F)   61        82      1927
 MINIMUM TEMPERATURE (F)   40        12      1989


SUNRISE AND SUNSET
DECEMBER 12 2017......SUNRISE   708 AM CST   SUNSET   517 PM CST
DECEMBER 13 2017......SUNRISE   709 AM CST   SUNSET   518 PM CST


-  INDICATES NEGATIVE NUMBERS.
R  INDICATES RECORD WAS SET OR TIED.
MM INDICATES DATA IS MISSING.
T  INDICATES TRACE AMOUNT.




$$
