000
CDUS44 KSHV 102238
CLILFK


CLIMATE REPORT
NATIONAL WEATHER SERVICE SHREVEPORT, LA
435 PM CST SAT DEC 10 2016


...................................

...THE LUFKIN CLIMATE SUMMARY FOR DECEMBER 10 2016...
VALID TODAY AS OF 0400 PM LOCAL TIME.

CLIMATE NORMAL PERIOD 1981 TO 2010
CLIMATE RECORD PERIOD 1906 TO 2016


WEATHER ITEM   OBSERVED TIME   RECORD YEAR NORMAL DEPARTURE LAST
                VALUE   (LST)  VALUE       VALUE  FROM      YEAR
                                                  NORMAL
..................................................................
TEMPERATURE (F)
 TODAY
  MAXIMUM         51    314 PM  81    1939  62    -11       75
  MINIMUM         27    558 AM  16    1978  40    -13       47
  AVERAGE         39                        51    -12       61

PRECIPITATION (IN)
  TODAY            0.00          3.47 1983   0.15  -0.15     0.00
  MONTH TO DATE    4.76                      1.53   3.23     0.03
  SINCE DEC 1      4.76                      1.53   3.23     0.03
  SINCE JAN 1     50.09                     46.04   4.05    61.70

SNOWFALL (IN)
  TODAY            0.0
  MONTH TO DATE    0.0
  SINCE DEC 1      0.0
  SINCE JUL 1      0.0
  SNOW DEPTH       0

DEGREE DAYS
 HEATING
  TODAY           26                        15     11        4
  MONTH TO DATE  176                       135     41      130
  SINCE DEC 1    176                       135     41      130
  SINCE JUL 1    324                       442   -118      315

 COOLING
  TODAY            0                         0      0        0
  MONTH TO DATE    0                         4     -4        0
  SINCE DEC 1      0                         4     -4        0
  SINCE JAN 1   2809                      2587    222     3068
..................................................................


WIND (MPH)
  HIGHEST WIND SPEED    12   HIGHEST WIND DIRECTION    SE (120)
  HIGHEST GUST SPEED    15   HIGHEST GUST DIRECTION    SE (130)
  AVERAGE WIND SPEED     4.9


SKY COVER
  POSSIBLE SUNSHINE  MM
  AVERAGE SKY COVER 0.5


WEATHER CONDITIONS
 THE FOLLOWING WEATHER WAS RECORDED TODAY.
  NO SIGNIFICANT WEATHER WAS OBSERVED.


RELATIVE HUMIDITY (PERCENT)
 HIGHEST    92           500 AM
 LOWEST     39           200 PM
 AVERAGE    66

..........................................................


THE LUFKIN CLIMATE NORMALS FOR TOMORROW
                         NORMAL    RECORD    YEAR
 MAXIMUM TEMPERATURE (F)   62        81      2007
 MINIMUM TEMPERATURE (F)   40        19      1957


SUNRISE AND SUNSET
DECEMBER 10 2016......SUNRISE   707 AM CST   SUNSET   517 PM CST
DECEMBER 11 2016......SUNRISE   708 AM CST   SUNSET   517 PM CST


-  INDICATES NEGATIVE NUMBERS.
R  INDICATES RECORD WAS SET OR TIED.
MM INDICATES DATA IS MISSING.
T  INDICATES TRACE AMOUNT.




$$
