000
CDUS44 KSHV 260842
CLILFK


CLIMATE REPORT
NATIONAL WEATHER SERVICE SHREVEPORT, LA
241 AM CST FRI DEC 26 2014


...................................

...THE LUFKIN CLIMATE SUMMARY FOR DECEMBER 25 2014...

CLIMATE NORMAL PERIOD 1981 TO 2010
CLIMATE RECORD PERIOD 1906 TO 2014


WEATHER ITEM   OBSERVED TIME   RECORD YEAR NORMAL DEPARTURE LAST
                VALUE   (LST)  VALUE       VALUE  FROM      YEAR
                                                  NORMAL
..................................................................
TEMPERATURE (F)
 YESTERDAY
  MAXIMUM         65    334 PM  86    1911  60      5       59
  MINIMUM         32    747 AM   8    1983  38     -6       28
  AVERAGE         49                        49      0       44

PRECIPITATION (IN)
  YESTERDAY        0.00          2.00 1911   0.14  -0.14     0.00
  MONTH TO DATE    0.99                      3.66  -2.67     2.21
  SINCE DEC 1      0.99                      3.66  -2.67     2.21
  SINCE JAN 1     43.67                     48.17  -4.50    42.49

SNOWFALL (IN)
  YESTERDAY        0.0
  MONTH TO DATE    0.0
  SINCE DEC 1      0.0
  SINCE JUL 1      0.0
  SNOW DEPTH       0

DEGREE DAYS
 HEATING
  YESTERDAY       16                        16      0       21
  MONTH TO DATE  223                       370   -147      404
  SINCE DEC 1    223                       370   -147      404
  SINCE JUL 1    519                       677   -158      760

 COOLING
  YESTERDAY        0                         0      0        0
  MONTH TO DATE   12                         4      8       16
  SINCE DEC 1     12                         4      8       16
  SINCE JAN 1   2980                      2587    393     2857
..................................................................


WIND (MPH)
  HIGHEST WIND SPEED    20   HIGHEST WIND DIRECTION     S (200)
  HIGHEST GUST SPEED    26   HIGHEST GUST DIRECTION    SE (150)
  AVERAGE WIND SPEED     7.4


SKY COVER
  POSSIBLE SUNSHINE  MM
  AVERAGE SKY COVER 0.0


WEATHER CONDITIONS
 THE FOLLOWING WEATHER WAS RECORDED YESTERDAY.
  NO SIGNIFICANT WEATHER WAS OBSERVED.


RELATIVE HUMIDITY (PERCENT)
 HIGHEST    89           100 AM
 LOWEST     37           200 PM
 AVERAGE    63

..........................................................


THE LUFKIN CLIMATE NORMALS FOR TODAY
                         NORMAL    RECORD    YEAR
 MAXIMUM TEMPERATURE (F)   60        80      1924
 MINIMUM TEMPERATURE (F)   38        16      1983


SUNRISE AND SUNSET
DECEMBER 26 2014......SUNRISE   716 AM CST   SUNSET   523 PM CST
DECEMBER 27 2014......SUNRISE   716 AM CST   SUNSET   524 PM CST


-  INDICATES NEGATIVE NUMBERS.
R  INDICATES RECORD WAS SET OR TIED.
MM INDICATES DATA IS MISSING.
T  INDICATES TRACE AMOUNT.




$$
