000
CDUS44 KSHV 300844
CLILFK


CLIMATE REPORT
NATIONAL WEATHER SERVICE SHREVEPORT, LA
244 AM CST FRI JAN 30 2015


...................................

...THE LUFKIN CLIMATE SUMMARY FOR JANUARY 29 2015...

CLIMATE NORMAL PERIOD 1981 TO 2010
CLIMATE RECORD PERIOD 1906 TO 2015


WEATHER ITEM   OBSERVED TIME   RECORD YEAR NORMAL DEPARTURE LAST
                VALUE   (LST)  VALUE       VALUE  FROM      YEAR
                                                  NORMAL
..................................................................
TEMPERATURE (F)
 YESTERDAY
  MAXIMUM         78    143 PM  84    1975  61     17       45
  MINIMUM         54    137 AM  20    1949  39     15       24
  AVERAGE         66                        50     16       35

PRECIPITATION (IN)
  YESTERDAY        0.00          3.61 1999   0.15  -0.15     0.00
  MONTH TO DATE    7.36                      3.89   3.47     1.20
  SINCE DEC 1      9.41                      8.33   1.08     3.41
  SINCE JAN 1      7.36                      3.89   3.47     1.20

SNOWFALL (IN)
  YESTERDAY        0.0
  MONTH TO DATE    0.0
  SINCE DEC 1      0.0
  SINCE JUL 1      0.0
  SNOW DEPTH       0

DEGREE DAYS
 HEATING
  YESTERDAY        0                        15    -15       30
  MONTH TO DATE  482                       473      9      533
  SINCE DEC 1    806                       944   -138     1048
  SINCE JUL 1   1102                      1251   -149     1404

 COOLING
  YESTERDAY        1                         0      1        0
  MONTH TO DATE    1                         0      1        0
  SINCE DEC 1     13                        13      0       16
  SINCE JAN 1      1                         0      1        0
..................................................................


WIND (MPH)
  HIGHEST WIND SPEED    16   HIGHEST WIND DIRECTION     N (10)
  HIGHEST GUST SPEED    23   HIGHEST GUST DIRECTION     N (20)
  AVERAGE WIND SPEED     7.9


SKY COVER
  POSSIBLE SUNSHINE  MM
  AVERAGE SKY COVER 0.4


WEATHER CONDITIONS
 THE FOLLOWING WEATHER WAS RECORDED YESTERDAY.
  FOG


RELATIVE HUMIDITY (PERCENT)
 HIGHEST    90           400 AM
 LOWEST     37           900 PM
 AVERAGE    64

..........................................................


THE LUFKIN CLIMATE NORMALS FOR TODAY
                         NORMAL    RECORD    YEAR
 MAXIMUM TEMPERATURE (F)   61        86      1911
 MINIMUM TEMPERATURE (F)   39        10      1949


SUNRISE AND SUNSET
JANUARY 30 2015.......SUNRISE   713 AM CST   SUNSET   552 PM CST
JANUARY 31 2015.......SUNRISE   712 AM CST   SUNSET   553 PM CST


-  INDICATES NEGATIVE NUMBERS.
R  INDICATES RECORD WAS SET OR TIED.
MM INDICATES DATA IS MISSING.
T  INDICATES TRACE AMOUNT.




$$
