000
CDUS44 KLCH 230859
CLILFT


CLIMATE REPORT
NATIONAL WEATHER SERVICE LAKE CHARLES, LA
359 AM CDT WED APR 23 2014


...................................

...THE LAFAYETTE CLIMATE SUMMARY FOR APRIL 22 2014...

CLIMATE NORMAL PERIOD 1981 TO 2010
CLIMATE RECORD PERIOD 1893 TO 2014


WEATHER ITEM   OBSERVED TIME   RECORD YEAR NORMAL DEPARTURE LAST
                VALUE   (LST)  VALUE       VALUE  FROM      YEAR
                                                  NORMAL
..................................................................
TEMPERATURE (F)
 YESTERDAY
  MAXIMUM         82    321 PM  92    1925  81      1       78
  MINIMUM         62    348 AM  40    1931  60      2       51
  AVERAGE         72                        71      1       65

PRECIPITATION (IN)
  YESTERDAY        0.00          2.71 1979   0.13  -0.13     0.00
  MONTH TO DATE    1.89                      2.82  -0.93     4.78
  SINCE MAR 1      4.74                      6.61  -1.87     6.98
  SINCE JAN 1     11.99                     16.73  -4.74    24.85

SNOWFALL (IN)
  YESTERDAY        0.0           0.0  2002   0.0    0.0      0.0
                                      2001
  MONTH TO DATE    0.0                       0.0    0.0      0.0
  SINCE MAR 1      0.0                       0.0    0.0      0.0
  SINCE JUL 1      0.8                       T      0.8      0.0
  SNOW DEPTH       0

DEGREE DAYS
 HEATING
  YESTERDAY        0                         1     -1        0
  MONTH TO DATE   54                        37     17       58
  SINCE MAR 1    289                       187    102      293
  SINCE JUL 1   1949                      1417    532     1303

 COOLING
  YESTERDAY        7                         6      1        0
  MONTH TO DATE   65                       102    -37       69
  SINCE MAR 1     89                       165    -76       98
  SINCE JAN 1    103                       197    -94      129
..................................................................


WIND (MPH)
  HIGHEST WIND SPEED    15   HIGHEST WIND DIRECTION    NW (310)
  HIGHEST GUST SPEED    20   HIGHEST GUST DIRECTION     N (340)
  AVERAGE WIND SPEED     5.9


SKY COVER
  POSSIBLE SUNSHINE  MM
  AVERAGE SKY COVER 0.4


WEATHER CONDITIONS
 THE FOLLOWING WEATHER WAS RECORDED YESTERDAY.
  FOG


RELATIVE HUMIDITY (PERCENT)
 HIGHEST   100          1200 AM
 LOWEST     51           300 PM
 AVERAGE    76

..........................................................


THE LAFAYETTE CLIMATE NORMALS FOR TODAY
                         NORMAL    RECORD    YEAR
 MAXIMUM TEMPERATURE (F)   81        90      2006
                                             1925
 MINIMUM TEMPERATURE (F)   61        41      1927


SUNRISE AND SUNSET
APRIL 23 2014.........SUNRISE   632 AM CDT   SUNSET   741 PM CDT
APRIL 24 2014.........SUNRISE   631 AM CDT   SUNSET   741 PM CDT


-  INDICATES NEGATIVE NUMBERS.
R  INDICATES RECORD WAS SET OR TIED.
MM INDICATES DATA IS MISSING.
T  INDICATES TRACE AMOUNT.




$$
