000
CDUS44 KLCH 242213
CLILFT


CLIMATE REPORT
NATIONAL WEATHER SERVICE LAKE CHARLES, LA
513 PM CDT SAT JUN 24 2017


...................................

...THE LAFAYETTE CLIMATE SUMMARY FOR JUNE 24 2017...
VALID TODAY AS OF 0500 PM LOCAL TIME.

CLIMATE NORMAL PERIOD 1981 TO 2010
CLIMATE RECORD PERIOD 1893 TO 2017


WEATHER ITEM   OBSERVED TIME   RECORD YEAR NORMAL DEPARTURE LAST
                VALUE   (LST)  VALUE       VALUE  FROM      YEAR
                                                  NORMAL
..................................................................
TEMPERATURE (F)
 TODAY
  MAXIMUM         91    246 PM 102    2009  91      0       94
  MINIMUM         76   1204 PM  63    1902  74      2       74
  AVERAGE         84                        82      2       84

PRECIPITATION (IN)
  TODAY            1.54          4.29 2004   0.26   1.28     0.00
  MONTH TO DATE    8.91                      5.53   3.38     6.55
  SINCE JUN 1      8.91                      5.53   3.38     6.55
  SINCE JAN 1     29.46                     28.15   1.31    34.94

DEGREE DAYS
 COOLING
  TODAY           19                        18      1       19
  MONTH TO DATE  341                       391    -50      411
  SINCE JUN 1    341                       391    -50      411
  SINCE JAN 1   1261                      1005    256     1068
..................................................................


WIND (MPH)
  HIGHEST WIND SPEED    23   HIGHEST WIND DIRECTION    NE (30)
  HIGHEST GUST SPEED    29   HIGHEST GUST DIRECTION    NE (30)
  AVERAGE WIND SPEED     2.1


SKY COVER
  POSSIBLE SUNSHINE  MM
  AVERAGE SKY COVER 0.8


WEATHER CONDITIONS
 THE FOLLOWING WEATHER WAS RECORDED TODAY.
  THUNDERSTORM
  HEAVY RAIN
  RAIN
  LIGHT RAIN
  FOG


RELATIVE HUMIDITY (PERCENT)
 HIGHEST   100          1200 AM
 LOWEST     72          1000 AM
 AVERAGE    86

..........................................................


THE LAFAYETTE CLIMATE NORMALS FOR TOMORROW
                         NORMAL    RECORD    YEAR
 MAXIMUM TEMPERATURE (F)   91       100      2009
                                             1930
 MINIMUM TEMPERATURE (F)   74        61      1974


SUNRISE AND SUNSET
JUNE 24 2017..........SUNRISE   608 AM CDT   SUNSET   813 PM CDT
JUNE 25 2017..........SUNRISE   608 AM CDT   SUNSET   813 PM CDT


-  INDICATES NEGATIVE NUMBERS.
R  INDICATES RECORD WAS SET OR TIED.
MM INDICATES DATA IS MISSING.
T  INDICATES TRACE AMOUNT.




$$
