000
CDUS44 KLCH 230825
CLILFT


CLIMATE REPORT
NATIONAL WEATHER SERVICE LAKE CHARLES, LA
323 AM CDT MON OCT 23 2017


...................................

...THE LAFAYETTE CLIMATE SUMMARY FOR OCTOBER 22 2017...

CLIMATE NORMAL PERIOD 1981 TO 2010
CLIMATE RECORD PERIOD 1893 TO 2017


WEATHER ITEM   OBSERVED TIME   RECORD YEAR NORMAL DEPARTURE LAST
                VALUE   (LST)  VALUE       VALUE  FROM      YEAR
                                                  NORMAL
..................................................................
TEMPERATURE (F)
 YESTERDAY
  MAXIMUM         77    832 AM  92    1939  80     -3       76
  MINIMUM         59   1159 PM  36    1923  58      1       48
                                      1917
  AVERAGE         68                        69     -1       62

PRECIPITATION (IN)
  YESTERDAY        0.55          4.18 1984   0.20   0.35     0.00
  MONTH TO DATE    2.25                      3.69  -1.44     0.49
  SINCE SEP 1      2.58                      8.41  -5.83     3.98
  SINCE JAN 1     55.42                     49.03   6.39    69.07

SNOWFALL (IN)
  YESTERDAY        0.0           0.0    MM   0.0    0.0      0.0
  MONTH TO DATE    0.0                       0.0    0.0      0.0
  SINCE SEP 1      0.0                       0.0    0.0      0.0
  SINCE JUL 1      0.0                       0.0    0.0      0.0
  SNOW DEPTH       0

DEGREE DAYS
 HEATING
  YESTERDAY        0                         2     -2        3
  MONTH TO DATE    1                        14    -13        4
  SINCE SEP 1      1                        15    -14        4
  SINCE JUL 1      1                        15    -14        4

 COOLING
  YESTERDAY        3                         5     -2        0
  MONTH TO DATE  267                       162    105      234
  SINCE SEP 1    716                       589    127      756
  SINCE JAN 1   3217                      2850    367     3145
..................................................................


WIND (MPH)
  HIGHEST WIND SPEED    37   HIGHEST WIND DIRECTION     N (340)
  HIGHEST GUST SPEED    48   HIGHEST GUST DIRECTION     N (340)
  AVERAGE WIND SPEED     6.7


SKY COVER
  POSSIBLE SUNSHINE  MM
  AVERAGE SKY COVER 0.5


WEATHER CONDITIONS
 THE FOLLOWING WEATHER WAS RECORDED YESTERDAY.
  THUNDERSTORM
  HEAVY RAIN
  RAIN
  LIGHT RAIN
  FOG


RELATIVE HUMIDITY (PERCENT)
 HIGHEST   100          1200 AM
 LOWEST     73           200 PM
 AVERAGE    87

..........................................................


THE LAFAYETTE CLIMATE NORMALS FOR TODAY
                         NORMAL    RECORD    YEAR
 MAXIMUM TEMPERATURE (F)   79        98      1933
 MINIMUM TEMPERATURE (F)   58        33      1923


SUNRISE AND SUNSET
OCTOBER 23 2017.......SUNRISE   716 AM CDT   SUNSET   628 PM CDT
OCTOBER 24 2017.......SUNRISE   716 AM CDT   SUNSET   627 PM CDT


-  INDICATES NEGATIVE NUMBERS.
R  INDICATES RECORD WAS SET OR TIED.
MM INDICATES DATA IS MISSING.
T  INDICATES TRACE AMOUNT.




$$
