000
CDUS44 KLCH 241247
CLILFT


CLIMATE REPORT
NATIONAL WEATHER SERVICE LAKE CHARLES, LA
745 AM CDT SUN JUL 24 2016


...................................

...THE LAFAYETTE CLIMATE SUMMARY FOR JULY 23 2016...

CLIMATE NORMAL PERIOD 1981 TO 2010
CLIMATE RECORD PERIOD 1893 TO 2016


WEATHER ITEM   OBSERVED TIME   RECORD YEAR NORMAL DEPARTURE LAST
                VALUE   (LST)  VALUE       VALUE  FROM      YEAR
                                                  NORMAL
..................................................................
TEMPERATURE (F)
 YESTERDAY
  MAXIMUM         94   1127 AM 100    1924  92      2       96
                                      1923
  MINIMUM         78    541 AM  62    1947  75      3       77
                                      1915
  AVERAGE         86                        84      2       87

PRECIPITATION (IN)
  YESTERDAY        0.50          2.05 1895   0.18   0.32     0.00
  MONTH TO DATE    1.40                      4.93  -3.53     1.94
  SINCE JUN 1      8.39                     12.01  -3.62     9.55
  SINCE JAN 1     36.78                     34.63   2.15    40.15

DEGREE DAYS
 COOLING
  YESTERDAY       21                        19      2       22
  MONTH TO DATE  473                       421     52      461
  SINCE JUN 1   1000                       919     81      963
  SINCE JAN 1   1657                      1533    124     1655
..................................................................


WIND (MPH)
  HIGHEST WIND SPEED    16   HIGHEST WIND DIRECTION     S (200)
  HIGHEST GUST SPEED    20   HIGHEST GUST DIRECTION    SW (220)
  AVERAGE WIND SPEED     3.9


SKY COVER
  POSSIBLE SUNSHINE  MM
  AVERAGE SKY COVER 0.3


WEATHER CONDITIONS
 THE FOLLOWING WEATHER WAS RECORDED YESTERDAY.
  THUNDERSTORM
  HEAVY RAIN
  RAIN
  LIGHT RAIN
  FOG


RELATIVE HUMIDITY (PERCENT)
 HIGHEST   100          1200 AM
 LOWEST     52           500 PM
 AVERAGE    76

..........................................................


THE LAFAYETTE CLIMATE NORMALS FOR TODAY
                         NORMAL    RECORD    YEAR
 MAXIMUM TEMPERATURE (F)   92       102      1924
 MINIMUM TEMPERATURE (F)   75        61      1947


SUNRISE AND SUNSET
JULY 24 2016..........SUNRISE   622 AM CDT   SUNSET   807 PM CDT
JULY 25 2016..........SUNRISE   623 AM CDT   SUNSET   806 PM CDT


-  INDICATES NEGATIVE NUMBERS.
R  INDICATES RECORD WAS SET OR TIED.
MM INDICATES DATA IS MISSING.
T  INDICATES TRACE AMOUNT.




$$
