000
CDUS44 KLCH 250838
CLILFT


CLIMATE REPORT
NATIONAL WEATHER SERVICE LAKE CHARLES, LA
337 AM CDT SAT OCT 25 2014


...................................

...THE LAFAYETTE CLIMATE SUMMARY FOR OCTOBER 24 2014...

CLIMATE NORMAL PERIOD 1981 TO 2010
CLIMATE RECORD PERIOD 1893 TO 2014


WEATHER ITEM   OBSERVED TIME   RECORD YEAR NORMAL DEPARTURE LAST
                VALUE   (LST)  VALUE       VALUE  FROM      YEAR
                                                  NORMAL
..................................................................
TEMPERATURE (F)
 YESTERDAY
  MAXIMUM         77    327 PM  93    1919  79     -2       82
  MINIMUM         50    630 AM  31    1917  57     -7       52
  AVERAGE         64                        68     -4       67

PRECIPITATION (IN)
  YESTERDAY        0.00          1.65 1996   0.18  -0.18     0.00
  MONTH TO DATE    2.13                      4.05  -1.92     3.55
  SINCE SEP 1      7.76                      8.77  -1.01     7.24
  SINCE JAN 1     53.85                     49.39   4.46    50.12

SNOWFALL (IN)
  YESTERDAY        0.0           0.0    MM   0.0    0.0      0.0
  MONTH TO DATE    0.0                       0.0    0.0      0.0
  SINCE SEP 1      0.0                       0.0    0.0      0.0
  SINCE JUL 1      0.0                       0.0    0.0      0.0
  SNOW DEPTH       0

DEGREE DAYS
 HEATING
  YESTERDAY        1                         2     -1        0
  MONTH TO DATE    2                        18    -16        3
  SINCE SEP 1      2                        19    -17        3
  SINCE JUL 1      2                        19    -17        3

 COOLING
  YESTERDAY        0                         5     -5        2
  MONTH TO DATE  185                       172     13      179
  SINCE SEP 1    638                       599     39      682
  SINCE JAN 1   2695                      2860   -165     2784
..................................................................


WIND (MPH)
  HIGHEST WIND SPEED    13   HIGHEST WIND DIRECTION     N (20)
  HIGHEST GUST SPEED    18   HIGHEST GUST DIRECTION     N (360)
  AVERAGE WIND SPEED     4.5


SKY COVER
  POSSIBLE SUNSHINE  MM
  AVERAGE SKY COVER 0.0


WEATHER CONDITIONS
 THE FOLLOWING WEATHER WAS RECORDED YESTERDAY.
  NO SIGNIFICANT WEATHER WAS OBSERVED.


RELATIVE HUMIDITY (PERCENT)
 HIGHEST   100           200 AM
 LOWEST     31           300 PM
 AVERAGE    66

..........................................................


THE LAFAYETTE CLIMATE NORMALS FOR TODAY
                         NORMAL    RECORD    YEAR
 MAXIMUM TEMPERATURE (F)   79        93      1919
 MINIMUM TEMPERATURE (F)   57        32      1917


SUNRISE AND SUNSET
OCTOBER 25 2014.......SUNRISE   717 AM CDT   SUNSET   627 PM CDT
OCTOBER 26 2014.......SUNRISE   718 AM CDT   SUNSET   626 PM CDT


-  INDICATES NEGATIVE NUMBERS.
R  INDICATES RECORD WAS SET OR TIED.
MM INDICATES DATA IS MISSING.
T  INDICATES TRACE AMOUNT.




$$
