000
CDUS44 KLCH 231010
CLILFT


CLIMATE REPORT
NATIONAL WEATHER SERVICE LAKE CHARLES, LA
410 AM CST TUE JAN 23 2018


...................................

...THE LAFAYETTE CLIMATE SUMMARY FOR JANUARY 22 2018...

CLIMATE NORMAL PERIOD 1981 TO 2010
CLIMATE RECORD PERIOD 1893 TO 2018


WEATHER ITEM   OBSERVED TIME   RECORD YEAR NORMAL DEPARTURE LAST
                VALUE   (LST)  VALUE       VALUE  FROM      YEAR
                                                  NORMAL
..................................................................
TEMPERATURE (F)
 YESTERDAY
  MAXIMUM         70    318 PM  80    1920  62      8       70
  MINIMUM         50   1159 PM  18    1935  43      7       59
  AVERAGE         60                        53      7       65

PRECIPITATION (IN)
  YESTERDAY        0.67          3.18 1992   0.19   0.48      T
  MONTH TO DATE    2.23                      4.06  -1.83     3.37
  SINCE DEC 1      8.52                      9.64  -1.12    12.46
  SINCE JAN 1      2.23                      4.06  -1.83     3.37

SNOWFALL (IN)
  YESTERDAY        0.0           2.5  1940   0.0    0.0      0.0
  MONTH TO DATE    0.3                       0.0    0.3      0.0
  SINCE DEC 1      2.0                       0.0    2.0      0.0
  SINCE JUL 1      2.0                       0.0    2.0      0.0
  SNOW DEPTH       0

DEGREE DAYS
 HEATING
  YESTERDAY        5                        13     -8        0
  MONTH TO DATE  452                       286    166      123
  SINCE DEC 1    822                       641    181      358
  SINCE JUL 1    989                       840    149      444
..................................................................


WIND (MPH)
  HIGHEST WIND SPEED    23   HIGHEST WIND DIRECTION     W (270)
  HIGHEST GUST SPEED    30   HIGHEST GUST DIRECTION     W (280)
  AVERAGE WIND SPEED    10.2


SKY COVER
  POSSIBLE SUNSHINE  MM
  AVERAGE SKY COVER 0.5


WEATHER CONDITIONS
 THE FOLLOWING WEATHER WAS RECORDED YESTERDAY.
  THUNDERSTORM
  HEAVY RAIN
  RAIN
  LIGHT RAIN
  FOG


RELATIVE HUMIDITY (PERCENT)
 HIGHEST   100           100 AM
 LOWEST     26           300 PM
 AVERAGE    63

..........................................................


THE LAFAYETTE CLIMATE NORMALS FOR TODAY
                         NORMAL    RECORD    YEAR
 MAXIMUM TEMPERATURE (F)   62        83      1933
                                             1972
 MINIMUM TEMPERATURE (F)   43        19      1948


SUNRISE AND SUNSET
JANUARY 23 2018.......SUNRISE   703 AM CST   SUNSET   537 PM CST
JANUARY 24 2018.......SUNRISE   702 AM CST   SUNSET   538 PM CST


-  INDICATES NEGATIVE NUMBERS.
R  INDICATES RECORD WAS SET OR TIED.
MM INDICATES DATA IS MISSING.
T  INDICATES TRACE AMOUNT.




$$
