000
CDUS44 KLCH 200914
CLILFT


CLIMATE REPORT
NATIONAL WEATHER SERVICE LAKE CHARLES, LA
413 AM CDT SUN AUG 20 2017


...................................

...THE LAFAYETTE CLIMATE SUMMARY FOR AUGUST 19 2017...

CLIMATE NORMAL PERIOD 1981 TO 2010
CLIMATE RECORD PERIOD 1893 TO 2017


WEATHER ITEM   OBSERVED TIME   RECORD YEAR NORMAL DEPARTURE LAST
                VALUE   (LST)  VALUE       VALUE  FROM      YEAR
                                                  NORMAL
..................................................................
TEMPERATURE (F)
 YESTERDAY
  MAXIMUM         97    315 PM 100    1999  93      4       92
                                      1896
  MINIMUM         76   1159 PM  65    1943  75      1       75
  AVERAGE         87                        84      3       84

PRECIPITATION (IN)
  YESTERDAY        0.00          3.80 1897   0.16  -0.16     0.10
  MONTH TO DATE    6.39                      2.83   3.56    24.12
  SINCE JUN 1     24.41                     16.21   8.20    36.08
  SINCE JAN 1     44.96                     38.83   6.13    64.47

DEGREE DAYS
 COOLING
  YESTERDAY       22                        19      3       19
  MONTH TO DATE  366                       361      5      350
  SINCE JUN 1   1386                      1431    -45     1503
  SINCE JAN 1   2306                      2045    261     2160
..................................................................


WIND (MPH)
  HIGHEST WIND SPEED    20   HIGHEST WIND DIRECTION    NE (60)
  HIGHEST GUST SPEED    31   HIGHEST GUST DIRECTION     E (80)
  AVERAGE WIND SPEED     4.3


SKY COVER
  POSSIBLE SUNSHINE  MM
  AVERAGE SKY COVER 0.2


WEATHER CONDITIONS
 THE FOLLOWING WEATHER WAS RECORDED YESTERDAY.
  THUNDERSTORM


RELATIVE HUMIDITY (PERCENT)
 HIGHEST   100           600 AM
 LOWEST     51           300 PM
 AVERAGE    76

..........................................................


THE LAFAYETTE CLIMATE NORMALS FOR TODAY
                         NORMAL    RECORD    YEAR
 MAXIMUM TEMPERATURE (F)   93       102      1925
 MINIMUM TEMPERATURE (F)   75        61      1940


SUNRISE AND SUNSET
AUGUST 20 2017........SUNRISE   638 AM CDT   SUNSET   744 PM CDT
AUGUST 21 2017........SUNRISE   639 AM CDT   SUNSET   743 PM CDT


-  INDICATES NEGATIVE NUMBERS.
R  INDICATES RECORD WAS SET OR TIED.
MM INDICATES DATA IS MISSING.
T  INDICATES TRACE AMOUNT.




$$
