000
CDUS44 KLCH 060823
CLILFT


CLIMATE REPORT
NATIONAL WEATHER SERVICE LAKE CHARLES, LA
223 AM CST FRI MAR 6 2015


...................................

...THE LAFAYETTE CLIMATE SUMMARY FOR MARCH 5 2015...

CLIMATE NORMAL PERIOD 1981 TO 2010
CLIMATE RECORD PERIOD 1893 TO 2015


WEATHER ITEM   OBSERVED TIME   RECORD YEAR NORMAL DEPARTURE LAST
                VALUE   (LST)  VALUE       VALUE  FROM      YEAR
                                                  NORMAL
..................................................................
TEMPERATURE (F)
 YESTERDAY
  MAXIMUM         72    137 AM  93    1910  70      2       57
  MINIMUM         32   1159 PM  24    1917  50    -18       36
  AVERAGE         52                        60     -8       47

PRECIPITATION (IN)
  YESTERDAY        0.08          1.80 2011   0.14  -0.06     0.00
  MONTH TO DATE    1.56                      0.70   0.86     0.99
  SINCE MAR 1      1.56                      0.70   0.86     0.99
  SINCE JAN 1      8.66                     10.82  -2.16     8.24

SNOWFALL (IN)
  YESTERDAY       MM             T    1954   0.0   MM        0.0
  MONTH TO DATE    0.0                       0.0    0.0      0.0
  SINCE MAR 1      0.0                       0.0    0.0      0.0
  SINCE JUL 1      0.0                       T      0.0      0.8
  SNOW DEPTH       0

DEGREE DAYS
 HEATING
  YESTERDAY       13                         7      6       18
  MONTH TO DATE   19                        35    -16       68
  SINCE MAR 1     19                        35    -16       68
  SINCE JUL 1   1462                      1265    197     1728

 COOLING
  YESTERDAY        0                         1     -1        0
  MONTH TO DATE   10                         5      5        9
  SINCE MAR 1     10                         5      5        9
  SINCE JAN 1     15                        37    -22       23
..................................................................


WIND (MPH)
  HIGHEST WIND SPEED    30   HIGHEST WIND DIRECTION     N (10)
  HIGHEST GUST SPEED    40   HIGHEST GUST DIRECTION     N (360)
  AVERAGE WIND SPEED    19.7


SKY COVER
  POSSIBLE SUNSHINE  MM
  AVERAGE SKY COVER 0.8


WEATHER CONDITIONS
 THE FOLLOWING WEATHER WAS RECORDED YESTERDAY.
  LIGHT RAIN
  LIGHT SNOW
  FOG


RELATIVE HUMIDITY (PERCENT)
 HIGHEST    93          1200 AM
 LOWEST     56           600 PM
 AVERAGE    75

..........................................................


THE LAFAYETTE CLIMATE NORMALS FOR TODAY
                         NORMAL    RECORD    YEAR
 MAXIMUM TEMPERATURE (F)   70        88      1909
 MINIMUM TEMPERATURE (F)   50        27      1989


SUNRISE AND SUNSET
MARCH  6 2015.........SUNRISE   629 AM CST   SUNSET   610 PM CST
MARCH  7 2015.........SUNRISE   628 AM CST   SUNSET   611 PM CST


-  INDICATES NEGATIVE NUMBERS.
R  INDICATES RECORD WAS SET OR TIED.
MM INDICATES DATA IS MISSING.
T  INDICATES TRACE AMOUNT.




$$
