000
CDUS44 KLCH 290842
CLILFT


CLIMATE REPORT
NATIONAL WEATHER SERVICE LAKE CHARLES, LA
342 AM CDT FRI AUG 29 2014


...................................

...THE LAFAYETTE CLIMATE SUMMARY FOR AUGUST 28 2014...

CLIMATE NORMAL PERIOD 1981 TO 2010
CLIMATE RECORD PERIOD 1893 TO 2014


WEATHER ITEM   OBSERVED TIME   RECORD YEAR NORMAL DEPARTURE LAST
                VALUE   (LST)  VALUE       VALUE  FROM      YEAR
                                                  NORMAL
..................................................................
TEMPERATURE (F)
 YESTERDAY
  MAXIMUM         91    204 PM 100    2011  92     -1       90
  MINIMUM         76    556 AM  61    1896  74      2       72
  AVERAGE         84                        83      1       81

PRECIPITATION (IN)
  YESTERDAY        0.02          4.32 1978   0.14  -0.12     0.00
  MONTH TO DATE    7.16                      4.17   2.99     3.76
  SINCE JUN 1     21.73                     17.55   4.18    10.76
  SINCE JAN 1     44.77                     40.17   4.60    42.88

DEGREE DAYS
 COOLING
  YESTERDAY       19                        18      1       16
  MONTH TO DATE  510                       526    -16      511
  SINCE JUN 1   1543                      1596    -53     1587
  SINCE JAN 1   2012                      2210   -198     2051
..................................................................


WIND (MPH)
  HIGHEST WIND SPEED    13   HIGHEST WIND DIRECTION    SW (230)
  HIGHEST GUST SPEED    16   HIGHEST GUST DIRECTION    SW (230)
  AVERAGE WIND SPEED     2.8


SKY COVER
  POSSIBLE SUNSHINE  MM
  AVERAGE SKY COVER 0.1


WEATHER CONDITIONS
 THE FOLLOWING WEATHER WAS RECORDED YESTERDAY.
  THUNDERSTORM
  LIGHT RAIN
  FOG


RELATIVE HUMIDITY (PERCENT)
 HIGHEST    97           800 PM
 LOWEST     56          1200 PM
 AVERAGE    77

..........................................................


THE LAFAYETTE CLIMATE NORMALS FOR TODAY
                         NORMAL    RECORD    YEAR
 MAXIMUM TEMPERATURE (F)   92        99      2011
 MINIMUM TEMPERATURE (F)   74        58      1906


SUNRISE AND SUNSET
AUGUST 29 2014........SUNRISE   643 AM CDT   SUNSET   734 PM CDT
AUGUST 30 2014........SUNRISE   644 AM CDT   SUNSET   733 PM CDT


-  INDICATES NEGATIVE NUMBERS.
R  INDICATES RECORD WAS SET OR TIED.
MM INDICATES DATA IS MISSING.
T  INDICATES TRACE AMOUNT.




$$
