000
CDUS41 KOKX 232032
CLILGA


CLIMATE REPORT
NATIONAL WEATHER SERVICE NEW YORK NY
432 PM EDT WED AUG 23 2017


...................................

...THE LAGUARDIA NY CLIMATE SUMMARY FOR AUGUST 23 2017...
VALID TODAY AS OF 0400 PM LOCAL TIME.

CLIMATE NORMAL PERIOD 1981 TO 2010
CLIMATE RECORD PERIOD 1939 TO 2017


WEATHER ITEM   OBSERVED TIME   RECORD YEAR NORMAL DEPARTURE LAST
                VALUE   (LST)  VALUE       VALUE  FROM      YEAR
                                                  NORMAL
..................................................................
TEMPERATURE (F)
 TODAY
  MAXIMUM         82    157 PM  92    1996  83     -1       84
  MINIMUM         74    821 AM  56    1952  68      6       67
  AVERAGE         78                        76      2       76

PRECIPITATION (IN)
  TODAY            0.02          1.96 1970   0.14  -0.12     0.00
  MONTH TO DATE    3.20                      3.18   0.02     1.12
  SINCE JUN 1     11.90                     11.62   0.28     8.34
  SINCE JAN 1     32.67                     29.31   3.36    23.71

SNOWFALL (IN)
  TODAY            0.0          MM      MM   0.0    0.0      0.0
  MONTH TO DATE    0.0                       0.0    0.0      0.0
  SINCE OCT 1     33.2                      26.9    6.3     36.2
  SINCE JUL 1      0.0                       0.0    0.0      0.0
  SNOW DEPTH       0

DEGREE DAYS
 HEATING
  TODAY            0                         0      0        0
  MONTH TO DATE    0                         0      0        0
  SINCE JUN 1     16                        16      0        2
  SINCE JUL 1      0                         0      0        0

 COOLING
  TODAY           13                        11      2       11
  MONTH TO DATE  282                       273      9      387
  SINCE JUN 1    977                       889     88     1163
  SINCE JAN 1   1082                       955    127     1282
..................................................................


WIND (MPH)
  HIGHEST WIND SPEED    20   HIGHEST WIND DIRECTION    NW (320)
  HIGHEST GUST SPEED    25   HIGHEST GUST DIRECTION    NW (330)
  AVERAGE WIND SPEED    11.6


SKY COVER
  AVERAGE SKY COVER 0.8


WEATHER CONDITIONS
 THE FOLLOWING WEATHER WAS RECORDED TODAY.
  THUNDERSTORM
  RAIN
  LIGHT RAIN


RELATIVE HUMIDITY (PERCENT)
 HIGHEST   100           300 AM
 LOWEST     39           100 PM
 AVERAGE    70

..........................................................


THE LAGUARDIA NY CLIMATE NORMALS FOR TOMORROW
                         NORMAL    RECORD    YEAR
 MAXIMUM TEMPERATURE (F)   83        93      1998
 MINIMUM TEMPERATURE (F)   68        55      1971
                                             1940


SUNRISE AND SUNSET
AUGUST 23 2017........SUNRISE   614 AM EDT   SUNSET   742 PM EDT
AUGUST 24 2017........SUNRISE   615 AM EDT   SUNSET   740 PM EDT


-  INDICATES NEGATIVE NUMBERS.
R  INDICATES RECORD WAS SET OR TIED.
MM INDICATES DATA IS MISSING.
T  INDICATES TRACE AMOUNT.




$$
