000
CDUS41 KOKX 230616
CLILGA


CLIMATE REPORT
NATIONAL WEATHER SERVICE NEW YORK NY
216 AM EDT WED APR 23 2014


...................................

...THE LAGUARDIA NY CLIMATE SUMMARY FOR APRIL 22 2014...

CLIMATE NORMAL PERIOD 1981 TO 2010
CLIMATE RECORD PERIOD 1948 TO 2014


WEATHER ITEM   OBSERVED TIME   RECORD YEAR NORMAL DEPARTURE LAST
                VALUE   (LST)  VALUE       VALUE  FROM      YEAR
                                                  NORMAL
..................................................................
TEMPERATURE (F)
 YESTERDAY
  MAXIMUM         66    244 PM  85    2001  63      3       55
                                      1962
  MINIMUM         50    114 AM  33    1947  47      3       42
  AVERAGE         58                        55      3       49

PRECIPITATION (IN)
  YESTERDAY        T             1.90 2012   0.13  -0.13     0.00
  MONTH TO DATE    2.18                      3.01  -0.83     1.12
  SINCE MAR 1      5.84                      6.98  -1.14     3.55
  SINCE JAN 1     13.13                     12.91   0.22     9.39

SNOWFALL (IN)
  YESTERDAY        0.0          MM      MM   0.0    0.0      0.0
  MONTH TO DATE    0.3                       0.5   -0.2      0.0
  SINCE OCT 1     52.4                      26.9   25.5     22.2
  SINCE JUL 1     52.4                      26.9   25.5     22.2
  SNOW DEPTH       0

DEGREE DAYS
 HEATING
  YESTERDAY        7                        10     -3       16
  MONTH TO DATE  307                       306      1      294
  SINCE MAR 1   1165                      1013    152     1046
  SINCE JUL 1   4822                      4442    380     4241

 COOLING
  YESTERDAY        0                         0      0        0
  MONTH TO DATE    0                         0      0        0
  SINCE MAR 1      0                         0      0        0
  SINCE JAN 1      0                         0      0        0
..................................................................


WIND (MPH)
  HIGHEST WIND SPEED    18   HIGHEST WIND DIRECTION     S (170)
  HIGHEST GUST SPEED    22   HIGHEST GUST DIRECTION     S (160)
  AVERAGE WIND SPEED     8.5


SKY COVER
  AVERAGE SKY COVER 0.8


WEATHER CONDITIONS
 THE FOLLOWING WEATHER WAS RECORDED YESTERDAY.
  LIGHT RAIN


RELATIVE HUMIDITY (PERCENT)
 HIGHEST    77           600 AM
 LOWEST     48          1200 PM
 AVERAGE    63

..........................................................


THE LAGUARDIA NY CLIMATE NORMALS FOR TODAY
                         NORMAL    RECORD    YEAR
 MAXIMUM TEMPERATURE (F)   64        85      2007
 MINIMUM TEMPERATURE (F)   47        36      1986


SUNRISE AND SUNSET
APRIL 23 2014.........SUNRISE   605 AM EDT   SUNSET   743 PM EDT
APRIL 24 2014.........SUNRISE   604 AM EDT   SUNSET   744 PM EDT


-  INDICATES NEGATIVE NUMBERS.
R  INDICATES RECORD WAS SET OR TIED.
MM INDICATES DATA IS MISSING.
T  INDICATES TRACE AMOUNT.




$$
