000
CDUS41 KOKX 300617
CLILGA


CLIMATE REPORT
NATIONAL WEATHER SERVICE NEW YORK NY
217 AM EDT TUE JUN 30 2015


...................................

...THE LAGUARDIA NY CLIMATE SUMMARY FOR JUNE 29 2015...

CLIMATE NORMAL PERIOD 1981 TO 2010
CLIMATE RECORD PERIOD 1945 TO 2015


WEATHER ITEM   OBSERVED TIME   RECORD YEAR NORMAL DEPARTURE LAST
                VALUE   (LST)  VALUE       VALUE  FROM      YEAR
                                                  NORMAL
..................................................................
TEMPERATURE (F)
 YESTERDAY
  MAXIMUM         78    606 PM  98    2012  84     -6       82
                                      1959
  MINIMUM         64    502 AM  59    1995  68     -4       70
  AVERAGE         71                        76     -5       76

PRECIPITATION (IN)
  YESTERDAY        0.00          0.98 1994   0.12  -0.12     0.00
  MONTH TO DATE    4.80                      3.82   0.98     3.69
  SINCE JUN 1      4.80                      3.82   0.98     3.69
  SINCE JAN 1     19.85                     21.51  -1.66    27.57

SNOWFALL (IN)
  YESTERDAY        0.0          MM      MM   0.0    0.0      0.0
  MONTH TO DATE    0.0                       0.0    0.0      0.0
  SINCE OCT 1     53.8                      26.9   26.9     52.4
  SINCE JUL 1     53.8                      26.9   26.9     52.4
  SNOW DEPTH       0

DEGREE DAYS
 HEATING
  YESTERDAY        0                         0      0        0
  MONTH TO DATE   34                        15     19        0
  SINCE JUN 1     34                        15     19        0
  SINCE JUL 1   4984                      4663    321     5016

 COOLING
  YESTERDAY        6                        11     -5       11
  MONTH TO DATE  218                       221     -3      220
  SINCE JUN 1    218                       221     -3      220
  SINCE JAN 1    340                       287     53      270
..................................................................


WIND (MPH)
  HIGHEST WIND SPEED    22   HIGHEST WIND DIRECTION     W (270)
  HIGHEST GUST SPEED    30   HIGHEST GUST DIRECTION     W (270)
  AVERAGE WIND SPEED    10.5


SKY COVER
  AVERAGE SKY COVER 0.4


WEATHER CONDITIONS
 THE FOLLOWING WEATHER WAS RECORDED YESTERDAY.
  NO SIGNIFICANT WEATHER WAS OBSERVED.


RELATIVE HUMIDITY (PERCENT)
 HIGHEST    67           400 AM
 LOWEST     43           400 PM
 AVERAGE    55

..........................................................


THE LAGUARDIA NY CLIMATE NORMALS FOR TODAY
                         NORMAL    RECORD    YEAR
 MAXIMUM TEMPERATURE (F)   84        97      1964
                                             1945
 MINIMUM TEMPERATURE (F)   68        57      1996


SUNRISE AND SUNSET
JUNE 30 2015..........SUNRISE   527 AM EDT   SUNSET   831 PM EDT
JULY  1 2015..........SUNRISE   528 AM EDT   SUNSET   831 PM EDT


-  INDICATES NEGATIVE NUMBERS.
R  INDICATES RECORD WAS SET OR TIED.
MM INDICATES DATA IS MISSING.
T  INDICATES TRACE AMOUNT.




$$
