000
CDUS46 KLOX 300858
CLILGB


CLIMATE REPORT
NATIONAL WEATHER SERVICE LOS ANGELES/OXNARD CA
1258 AM PST FRI JAN 30 2015


...................................

...THE LONG BEACH AIRPORT CA CLIMATE SUMMARY FOR JANUARY 29 2015...

CLIMATE NORMAL PERIOD 1981 TO 2010
CLIMATE RECORD PERIOD 1958 TO 2015


WEATHER ITEM   OBSERVED TIME   RECORD YEAR NORMAL DEPARTURE LAST
                VALUE   (LST)  VALUE       VALUE  FROM      YEAR
                                                  NORMAL
..................................................................
TEMPERATURE (F)
 YESTERDAY
  MAXIMUM         73   1139 AM  83    1992  67      6       69
  MINIMUM         58    546 AM  31    1979  47     11       55
  AVERAGE         66                        57      9       62

PRECIPITATION (IN)
  YESTERDAY        T             0.64 1981   0.08  -0.08     0.00
  MONTH TO DATE    0.85                      2.42  -1.57      T
  SINCE OCT 1      6.11                      6.00   0.11     1.24
  SINCE JAN 1      0.85                      2.42  -1.57      T

SNOWFALL (IN)
  YESTERDAY        0.0
  MONTH TO DATE    0.0
  SINCE DEC 1      0.0
  SINCE JUL 1      0.0

DEGREE DAYS
 HEATING
  YESTERDAY        0                         8     -8        3
  MONTH TO DATE  129                       240   -111      113
  SINCE DEC 1    311                       511   -200      331
  SINCE JUL 1    347                       660   -313      426

 COOLING
  YESTERDAY        1                         0      1        0
  MONTH TO DATE    8                         0      8       15
  SINCE DEC 1     13                         1     12       27
  SINCE JAN 1      8                         0      8       15
..................................................................


WIND (MPH)
  HIGHEST WIND SPEED    10   HIGHEST WIND DIRECTION     S (190)
  HIGHEST GUST SPEED    13   HIGHEST GUST DIRECTION     S (190)
  AVERAGE WIND SPEED     3.1


SKY COVER
  POSSIBLE SUNSHINE  MM
  AVERAGE SKY COVER 0.2


WEATHER CONDITIONS
 THE FOLLOWING WEATHER WAS RECORDED YESTERDAY.
  LIGHT RAIN


RELATIVE HUMIDITY (PERCENT)
 HIGHEST    72          1000 PM
 LOWEST     41           100 PM
 AVERAGE    57

..........................................................


THE LONG BEACH AIRPORT CA CLIMATE NORMALS FOR TODAY
                         NORMAL    RECORD    YEAR
 MAXIMUM TEMPERATURE (F)   67        85      2003
 MINIMUM TEMPERATURE (F)   47        32      2002


SUNRISE AND SUNSET
JANUARY 30 2015.......SUNRISE   651 AM PST   SUNSET   521 PM PST
JANUARY 31 2015.......SUNRISE   650 AM PST   SUNSET   522 PM PST


-  INDICATES NEGATIVE NUMBERS.
R  INDICATES RECORD WAS SET OR TIED.
MM INDICATES DATA IS MISSING.
T  INDICATES TRACE AMOUNT.




$$
