000
CDUS46 KLOX 240901
CLILGB


CLIMATE REPORT
NATIONAL WEATHER SERVICE LOS ANGELES/OXNARD CA
101 AM PST WED DEC 24 2014


...................................

...THE LONG BEACH AIRPORT CA CLIMATE SUMMARY FOR DECEMBER 23 2014...

CLIMATE NORMAL PERIOD 1981 TO 2010
CLIMATE RECORD PERIOD 1958 TO 2014


WEATHER ITEM   OBSERVED TIME   RECORD YEAR NORMAL DEPARTURE LAST
                VALUE   (LST)  VALUE       VALUE  FROM      YEAR
                                                  NORMAL
..................................................................
TEMPERATURE (F)
 YESTERDAY
  MAXIMUM         83    227 PM  85    1989  66     17       77
  MINIMUM         50    719 AM  30    1990  45      5       45
  AVERAGE         67                        56     11       61

PRECIPITATION (IN)
  YESTERDAY        0.00          0.62 1995   0.07  -0.07     0.00
  MONTH TO DATE    4.37                      1.33   3.04     0.34
  SINCE JUL 1      5.41                      3.20   2.21     1.31
  SINCE JAN 1      8.60                     11.64  -3.04     4.18

SNOWFALL (IN)
  YESTERDAY        0.0
  MONTH TO DATE    0.0
  SINCE DEC 1      0.0
  SINCE JUL 1      0.0

DEGREE DAYS
 HEATING
  YESTERDAY        0                         9     -9        4
  MONTH TO DATE   93                       198   -105      192
  SINCE DEC 1     93                       198   -105      192
  SINCE JUL 1    129                       347   -218      287

 COOLING
  YESTERDAY        2                         0      2        0
  MONTH TO DATE    5                         0      5        8
  SINCE DEC 1      5                         0      5        8
  SINCE JAN 1   1707                      1125    582     1235
..................................................................


WIND (MPH)
  HIGHEST WIND SPEED     8   HIGHEST WIND DIRECTION    NW (300)
  HIGHEST GUST SPEED    12   HIGHEST GUST DIRECTION    NW (300)
  AVERAGE WIND SPEED     2.0


SKY COVER
  POSSIBLE SUNSHINE  MM
  AVERAGE SKY COVER 0.2


WEATHER CONDITIONS
 THE FOLLOWING WEATHER WAS RECORDED YESTERDAY.
  FOG
  FOG W/VISIBILITY <= 1/4 MILE
  HAZE


RELATIVE HUMIDITY (PERCENT)
 HIGHEST   100          1200 AM
 LOWEST     26           200 PM
 AVERAGE    63

..........................................................


THE LONG BEACH AIRPORT CA CLIMATE NORMALS FOR TODAY
                         NORMAL    RECORD    YEAR
 MAXIMUM TEMPERATURE (F)   66        85      1985
 MINIMUM TEMPERATURE (F)   45        32      1974


SUNRISE AND SUNSET
DECEMBER 24 2014......SUNRISE   655 AM PST   SUNSET   450 PM PST
DECEMBER 25 2014......SUNRISE   655 AM PST   SUNSET   450 PM PST


-  INDICATES NEGATIVE NUMBERS.
R  INDICATES RECORD WAS SET OR TIED.
MM INDICATES DATA IS MISSING.
T  INDICATES TRACE AMOUNT.




$$
