000
CDUS46 KLOX 190915
CLILGB


CLIMATE REPORT
NATIONAL WEATHER SERVICE LOS ANGELES/OXNARD CA
115 AM PST THU JAN 19 2017


...................................

...THE LONG BEACH AIRPORT CA CLIMATE SUMMARY FOR JANUARY 18 2017...

CLIMATE NORMAL PERIOD 1981 TO 2010
CLIMATE RECORD PERIOD 1958 TO 2017


WEATHER ITEM   OBSERVED TIME   RECORD YEAR NORMAL DEPARTURE LAST
                VALUE   (LST)  VALUE       VALUE  FROM      YEAR
                                                  NORMAL
..................................................................
TEMPERATURE (F)
 YESTERDAY
  MAXIMUM         60    237 PM  89    1971  68     -8       65
  MINIMUM         47    530 AM  34    2001  46      1       54
  AVERAGE         54                        57     -3       60

PRECIPITATION (IN)
  YESTERDAY        0.05          1.21 1993   0.09  -0.04     0.00
  MONTH TO DATE    3.24                      1.56   1.68     1.96
  SINCE OCT 1      8.44                      5.14   3.30     2.96
  SINCE JAN 1      3.24                      1.56   1.68     1.96

SNOWFALL (IN)
  YESTERDAY       MM
  MONTH TO DATE    0.0
  SINCE DEC 1      0.0
  SINCE JUL 1      0.0

DEGREE DAYS
 HEATING
  YESTERDAY       11                         8      3        5
  MONTH TO DATE  154                       152      2      157
  SINCE DEC 1    382                       423    -41      393
  SINCE JUL 1    462                       572   -110      485

 COOLING
  YESTERDAY        0                         0      0        0
  MONTH TO DATE    0                         0      0        0
  SINCE DEC 1      1                         1      0        6
  SINCE JAN 1      0                         0      0        0
..................................................................


WIND (MPH)
  HIGHEST WIND SPEED    15   HIGHEST WIND DIRECTION    NW (300)
  HIGHEST GUST SPEED    17   HIGHEST GUST DIRECTION    NW (300)
  AVERAGE WIND SPEED     4.0


SKY COVER
  POSSIBLE SUNSHINE  MM
  AVERAGE SKY COVER 0.6


WEATHER CONDITIONS
 THE FOLLOWING WEATHER WAS RECORDED YESTERDAY.
  LIGHT RAIN
  FOG
  HAZE


RELATIVE HUMIDITY (PERCENT)
 HIGHEST    93           100 AM
 LOWEST     62           100 PM
 AVERAGE    78

..........................................................


THE LONG BEACH AIRPORT CA CLIMATE NORMALS FOR TODAY
                         NORMAL    RECORD    YEAR
 MAXIMUM TEMPERATURE (F)   68        88      1975
 MINIMUM TEMPERATURE (F)   46        35      1967


SUNRISE AND SUNSET
JANUARY 19 2017.......SUNRISE   656 AM PST   SUNSET   511 PM PST
JANUARY 20 2017.......SUNRISE   656 AM PST   SUNSET   512 PM PST


-  INDICATES NEGATIVE NUMBERS.
R  INDICATES RECORD WAS SET OR TIED.
MM INDICATES DATA IS MISSING.
T  INDICATES TRACE AMOUNT.




$$
