000
CDUS46 KLOX 270856
CLILGB


CLIMATE REPORT
NATIONAL WEATHER SERVICE LOS ANGELES/OXNARD CA
156 AM PDT WED MAY 27 2015


...................................

...THE LONG BEACH AIRPORT CA CLIMATE SUMMARY FOR MAY 26 2015...

CLIMATE NORMAL PERIOD 1981 TO 2010
CLIMATE RECORD PERIOD 1958 TO 2015


WEATHER ITEM   OBSERVED TIME   RECORD YEAR NORMAL DEPARTURE LAST
                VALUE   (LST)  VALUE       VALUE  FROM      YEAR
                                                  NORMAL
..................................................................
TEMPERATURE (F)
 YESTERDAY
  MAXIMUM         71    335 PM  93    1968  74     -3       81
  MINIMUM         62   1159 PM  49    1980  59      3       64
  AVERAGE         67                        66      1       73

PRECIPITATION (IN)
  YESTERDAY        0.00          T    2001   0.01  -0.01     0.00
                                      1992
                                      1985
  MONTH TO DATE    0.77                      0.19   0.58     0.00
  SINCE OCT 1      7.85                     11.93  -4.08     4.43
  SINCE JAN 1      2.59                      8.35  -5.76     3.19

SNOWFALL (IN)
  YESTERDAY        0.0
  MONTH TO DATE    0.0
  SINCE MAR 1      0.0
  SINCE JUL 1      0.0

DEGREE DAYS
 HEATING
  YESTERDAY        0                         1     -1        0
  MONTH TO DATE   33                        35     -2        7
  SINCE MAR 1    111                       320   -209      138
  SINCE JUL 1    534                      1211   -677      716

 COOLING
  YESTERDAY        2                         2      0        8
  MONTH TO DATE   21                        52    -31      139
  SINCE MAR 1    211                        91    120      226
  SINCE JAN 1    248                        99    149      241
..................................................................


WIND (MPH)
  HIGHEST WIND SPEED    15   HIGHEST WIND DIRECTION    NW (310)
  HIGHEST GUST SPEED    18   HIGHEST GUST DIRECTION    NW (320)
  AVERAGE WIND SPEED     5.8


SKY COVER
  POSSIBLE SUNSHINE  MM
  AVERAGE SKY COVER 0.9


WEATHER CONDITIONS
 THE FOLLOWING WEATHER WAS RECORDED YESTERDAY.
  NO SIGNIFICANT WEATHER WAS OBSERVED.


RELATIVE HUMIDITY (PERCENT)
 HIGHEST    78          1200 AM
 LOWEST     61          1200 PM
 AVERAGE    70

..........................................................


THE LONG BEACH AIRPORT CA CLIMATE NORMALS FOR TODAY
                         NORMAL    RECORD    YEAR
 MAXIMUM TEMPERATURE (F)   74        91      1997
                                             1973
 MINIMUM TEMPERATURE (F)   59        49      1964


SUNRISE AND SUNSET
MAY 27 2015...........SUNRISE   545 AM PDT   SUNSET   755 PM PDT
MAY 28 2015...........SUNRISE   544 AM PDT   SUNSET   756 PM PDT


-  INDICATES NEGATIVE NUMBERS.
R  INDICATES RECORD WAS SET OR TIED.
MM INDICATES DATA IS MISSING.
T  INDICATES TRACE AMOUNT.




$$
