000
CDUS46 KLOX 230935
CLILGB


CLIMATE REPORT
NATIONAL WEATHER SERVICE LOS ANGELES/OXNARD CA
235 AM PDT SAT SEP 23 2017


...................................

...THE LONG BEACH AIRPORT CA CLIMATE SUMMARY FOR SEPTEMBER 22 2017...

CLIMATE NORMAL PERIOD 1981 TO 2010
CLIMATE RECORD PERIOD 1958 TO 2017


WEATHER ITEM   OBSERVED TIME   RECORD YEAR NORMAL DEPARTURE LAST
                VALUE   (LST)  VALUE       VALUE  FROM      YEAR
                                                  NORMAL
..................................................................
TEMPERATURE (F)
 YESTERDAY
  MAXIMUM         74    147 PM 100    1975  81     -7       77
  MINIMUM         58    608 AM  53    1964  63     -5       64
  AVERAGE         66                        72     -6       71

PRECIPITATION (IN)
  YESTERDAY        0.00          0.33 2007   0.01  -0.01     0.00
  MONTH TO DATE    0.12                      0.10   0.02      T
  SINCE OCT 1     20.10                     12.18   7.92     4.99
  SINCE JAN 1     14.90                      8.60   6.30     3.99

SNOWFALL (IN)
  YESTERDAY        0.0
  MONTH TO DATE    0.0
  SINCE SEP 1      0.0
  SINCE JUL 1      0.0

DEGREE DAYS
 HEATING
  YESTERDAY        0                         0      0        0
  MONTH TO DATE    0                         0      0        0
  SINCE SEP 1      0                         0      0        0
  SINCE JUL 1      0                         0      0        0

 COOLING
  YESTERDAY        1                         7     -6        6
  MONTH TO DATE  211                       181     30      149
  SINCE SEP 1    211                       181     30      149
  SINCE JAN 1   1177                       949    228     1093
..................................................................


WIND (MPH)
  HIGHEST WIND SPEED    18   HIGHEST WIND DIRECTION    NW (300)
  HIGHEST GUST SPEED    22   HIGHEST GUST DIRECTION    NW (300)
  AVERAGE WIND SPEED     5.8


SKY COVER
  POSSIBLE SUNSHINE  MM
  AVERAGE SKY COVER 0.2


WEATHER CONDITIONS
 THE FOLLOWING WEATHER WAS RECORDED YESTERDAY.
  NO SIGNIFICANT WEATHER WAS OBSERVED.


RELATIVE HUMIDITY (PERCENT)
 HIGHEST    78          1200 AM
 LOWEST     44           300 PM
 AVERAGE    61

..........................................................


THE LONG BEACH AIRPORT CA CLIMATE NORMALS FOR TODAY
                         NORMAL    RECORD    YEAR
 MAXIMUM TEMPERATURE (F)   81       106      1978
 MINIMUM TEMPERATURE (F)   62        55      1986
                                             1964
                                             1961


SUNRISE AND SUNSET
SEPTEMBER 23 2017.....SUNRISE   642 AM PDT   SUNSET   647 PM PDT
SEPTEMBER 24 2017.....SUNRISE   642 AM PDT   SUNSET   646 PM PDT


-  INDICATES NEGATIVE NUMBERS.
R  INDICATES RECORD WAS SET OR TIED.
MM INDICATES DATA IS MISSING.
T  INDICATES TRACE AMOUNT.




$$
