000
CDHW41 PHFO 290240
CLILIH


CLIMATE REPORT
NATIONAL WEATHER SERVICE HONOLULU HI
438 PM HST FRI APR 28 2017


...................................

...THE LIHUE HI CLIMATE SUMMARY FOR APRIL 28 2017...
VALID TODAY AS OF 0400 PM LOCAL TIME.

CLIMATE NORMAL PERIOD 1981 TO 2010
CLIMATE RECORD PERIOD 1946 TO 2017


WEATHER ITEM   OBSERVED TIME   RECORD YEAR NORMAL DEPARTURE LAST
                VALUE   (LST)  VALUE       VALUE  FROM      YEAR
                                                  NORMAL
..................................................................
TEMPERATURE (F)
 TODAY
  MAXIMUM         82   1132 AM  86    2016  80      2       86
  MINIMUM         67    518 AM  61    2004  69     -2       78
  AVERAGE         75                        75      0       82

PRECIPITATION (IN)
  TODAY            0.21          1.45 1954   0.06   0.15     0.01
  MONTH TO DATE    2.36                      2.12   0.24     0.79
  SINCE MAR 1      6.47                      6.73  -0.26     3.41
  SINCE JAN 1     12.95                     13.64  -0.69     4.58

SNOWFALL (IN)
  TODAY            0.0
  MONTH TO DATE    0.0
  SINCE MAR 1      0.0
  SINCE JUL 1      0.0
  SNOW DEPTH      MM

DEGREE DAYS
 HEATING
  TODAY            0                         0      0        0
  MONTH TO DATE    0                         0      0        0
  SINCE MAR 1      0                         0      0        0
  SINCE JUL 1      0                         0      0        0

 COOLING
  TODAY           10                         9      1       17
  MONTH TO DATE  329                       251     78      302
  SINCE MAR 1    609                       490    119      537
  SINCE JAN 1   1050                       885    165      992
..................................................................


WIND (MPH)
  HIGHEST WIND SPEED    23   HIGHEST WIND DIRECTION     N (20)
  HIGHEST GUST SPEED    28   HIGHEST GUST DIRECTION     N (20)
  AVERAGE WIND SPEED    MM


SKY COVER
  POSSIBLE SUNSHINE  MM
  AVERAGE SKY COVER  MM


WEATHER CONDITIONS
 THE FOLLOWING WEATHER WAS RECORDED TODAY.
  FOG


RELATIVE HUMIDITY (PERCENT)
 HIGHEST    MM
 LOWEST     MM
 AVERAGE    MM

..........................................................


THE LIHUE HI CLIMATE NORMALS FOR TOMORROW
                         NORMAL    RECORD    YEAR
 MAXIMUM TEMPERATURE (F)   80        86      2016
 MINIMUM TEMPERATURE (F)   69        59      1995
                                             1958


SUNRISE AND SUNSET
APRIL 28 2017.........SUNRISE   607 AM HST   SUNSET   702 PM HST
APRIL 29 2017.........SUNRISE   607 AM HST   SUNSET   703 PM HST


-  INDICATES NEGATIVE NUMBERS.
R  INDICATES RECORD WAS SET OR TIED.
MM INDICATES DATA IS MISSING.
T  INDICATES TRACE AMOUNT.




$$
