000
CDHW41 PHFO 171245
CLILIH


CLIMATE REPORT
NATIONAL WEATHER SERVICE HONOLULU HI
245 AM HST SUN DEC 17 2017


...................................

...THE LIHUE HI CLIMATE SUMMARY FOR DECEMBER 16 2017...

CLIMATE NORMAL PERIOD 1981 TO 2010
CLIMATE RECORD PERIOD 1946 TO 2017


WEATHER ITEM   OBSERVED TIME   RECORD YEAR NORMAL DEPARTURE LAST
                VALUE   (LST)  VALUE       VALUE  FROM      YEAR
                                                  NORMAL
..................................................................
TEMPERATURE (F)
 YESTERDAY
  MAXIMUM         74    202 PM  85    1979  79     -5       78
  MINIMUM         59   1147 PM  57    1989  68     -9       59
                                      1985
                                      1983
  AVERAGE         67                        73     -6       69

PRECIPITATION (IN)
  YESTERDAY        0.08          3.42 1952   0.18  -0.10      T
  MONTH TO DATE    0.16                      2.63  -2.47     0.90
  SINCE DEC 1      0.16                      2.63  -2.47     0.90
  SINCE JAN 1     22.33                     34.48 -12.15    13.13

SNOWFALL (IN)
  YESTERDAY        0.0
  MONTH TO DATE    0.0
  SINCE DEC 1      0.0
  SINCE JUL 1      0.0
  SNOW DEPTH      MM

DEGREE DAYS
 HEATING
  YESTERDAY        0                         0      0        0
  MONTH TO DATE    0                         0      0        0
  SINCE DEC 1      0                         0      0        0
  SINCE JUL 1      0                         0      0        0

 COOLING
  YESTERDAY        2                         8     -6        4
  MONTH TO DATE   61                       139    -78      128
  SINCE DEC 1     61                       139    -78      128
  SINCE JAN 1   4142                      3830    312     4088
..................................................................


WIND (MPH)
  HIGHEST WIND SPEED    16   HIGHEST WIND DIRECTION     W (290)
  HIGHEST GUST SPEED    17   HIGHEST GUST DIRECTION     W (290)
  AVERAGE WIND SPEED     7.6


SKY COVER
  POSSIBLE SUNSHINE  MM
  AVERAGE SKY COVER  MM


WEATHER CONDITIONS
 THE FOLLOWING WEATHER WAS RECORDED YESTERDAY.
  FOG


RELATIVE HUMIDITY (PERCENT)
 HIGHEST    MM
 LOWEST     MM
 AVERAGE    MM

..........................................................


THE LIHUE HI CLIMATE NORMALS FOR TODAY
                         NORMAL    RECORD    YEAR
 MAXIMUM TEMPERATURE (F)   79        83      2005
                                             1992
                                             1981
 MINIMUM TEMPERATURE (F)   67        55      1983


SUNRISE AND SUNSET
DECEMBER 17 2017......SUNRISE   710 AM HST   SUNSET   558 PM HST
DECEMBER 18 2017......SUNRISE   710 AM HST   SUNSET   558 PM HST


-  INDICATES NEGATIVE NUMBERS.
R  INDICATES RECORD WAS SET OR TIED.
MM INDICATES DATA IS MISSING.
T  INDICATES TRACE AMOUNT.




$$
