933
CDHW41 PHFO 050250
CLILIH


CLIMATE REPORT
NATIONAL WEATHER SERVICE HONOLULU HI
440 PM HST SUN DEC 4 2016


...................................

...THE LIHUE HI CLIMATE SUMMARY FOR DECEMBER 4 2016...
VALID TODAY AS OF 0400 PM LOCAL TIME.

CLIMATE NORMAL PERIOD 1981 TO 2010
CLIMATE RECORD PERIOD 1946 TO 2016


WEATHER ITEM   OBSERVED TIME   RECORD YEAR NORMAL DEPARTURE LAST
                VALUE   (LST)  VALUE       VALUE  FROM      YEAR
                                                  NORMAL
..................................................................
TEMPERATURE (F)
 TODAY
  MAXIMUM         80    240 PM  84    1995  79      1       83
  MINIMUM         67    621 AM  57    1958  69     -2       75
  AVERAGE         74                        74      0       79

PRECIPITATION (IN)
  TODAY            0.01          5.28 1960   0.16  -0.15     0.00
  MONTH TO DATE    0.56                      0.63  -0.07     0.28
  SINCE DEC 1      0.56                      0.63  -0.07     0.28
  SINCE JAN 1     12.79                     32.48 -19.69    28.56

SNOWFALL (IN)
  TODAY            0.0
  MONTH TO DATE    0.0
  SINCE DEC 1      0.0
  SINCE JUL 1      0.0
  SNOW DEPTH       0

DEGREE DAYS
 HEATING
  TODAY            0                         0      0        0
  MONTH TO DATE    0                         0      0        0
  SINCE DEC 1      0                         0      0        0
  SINCE JUL 1      0                         0      0        0

 COOLING
  TODAY            9                         9      0       14
  MONTH TO DATE   40                        36      4       47
  SINCE DEC 1     40                        36      4       47
  SINCE JAN 1   4000                      3727    273     4126
..................................................................


WIND (MPH)
  HIGHEST WIND SPEED    22   HIGHEST WIND DIRECTION     S (190)
  HIGHEST GUST SPEED    28   HIGHEST GUST DIRECTION     S (180)
  AVERAGE WIND SPEED     8.0


SKY COVER
  POSSIBLE SUNSHINE  MM
  AVERAGE SKY COVER 0.3


WEATHER CONDITIONS
 THE FOLLOWING WEATHER WAS RECORDED TODAY.
  THUNDERSTORM
  LIGHT RAIN


RELATIVE HUMIDITY (PERCENT)
 HIGHEST    87           400 AM
 LOWEST     54           200 PM
 AVERAGE    71

..........................................................


THE LIHUE HI CLIMATE NORMALS FOR TOMORROW
                         NORMAL    RECORD    YEAR
 MAXIMUM TEMPERATURE (F)   79        83      1959
 MINIMUM TEMPERATURE (F)   69        58      1956


SUNRISE AND SUNSET
DECEMBER  4 2016......SUNRISE   702 AM HST   SUNSET   554 PM HST
DECEMBER  5 2016......SUNRISE   703 AM HST   SUNSET   554 PM HST


-  INDICATES NEGATIVE NUMBERS.
R  INDICATES RECORD WAS SET OR TIED.
MM INDICATES DATA IS MISSING.
T  INDICATES TRACE AMOUNT.




$$
