000
CDHW41 PHFO 281245
CLILIH


CLIMATE REPORT
NATIONAL WEATHER SERVICE HONOLULU HI
245 AM HST TUE FEB 28 2017


...................................

...THE LIHUE HI CLIMATE SUMMARY FOR FEBRUARY 27 2017...

CLIMATE NORMAL PERIOD 1981 TO 2010
CLIMATE RECORD PERIOD 1946 TO 2017


WEATHER ITEM   OBSERVED TIME   RECORD YEAR NORMAL DEPARTURE LAST
                VALUE   (LST)  VALUE       VALUE  FROM      YEAR
                                                  NORMAL
..................................................................
TEMPERATURE (F)
 YESTERDAY
  MAXIMUM         79    317 PM  83    1978  78      1       79
                                      1963
  MINIMUM         71    451 AM  55    1965  66      5       64
  AVERAGE         75                        72      3       72

PRECIPITATION (IN)
  YESTERDAY        0.03          3.22 2004   0.12  -0.09     0.00
  MONTH TO DATE    4.53                      3.03   1.50     0.85
  SINCE DEC 1      5.90                     11.98  -6.08     2.59
  SINCE JAN 1      4.73                      6.78  -2.05     1.17

SNOWFALL (IN)
  YESTERDAY        0.0
  MONTH TO DATE    0.0
  SINCE DEC 1      0.0
  SINCE JUL 1      0.0
  SNOW DEPTH       0

DEGREE DAYS
 HEATING
  YESTERDAY        0                         0      0        0
  MONTH TO DATE    0                         0      0        0
  SINCE DEC 1      0                         0      0        0
  SINCE JUL 1      0                         0      0        0

 COOLING
  YESTERDAY       10                         7      3        7
  MONTH TO DATE  191                       189      2      196
  SINCE DEC 1    705                       652     53      794
  SINCE JAN 1    435                       398     37      438
..................................................................


WIND (MPH)
  HIGHEST WIND SPEED    22   HIGHEST WIND DIRECTION     E (100)
  HIGHEST GUST SPEED    27   HIGHEST GUST DIRECTION     E (90)
  AVERAGE WIND SPEED    15.3


SKY COVER
  POSSIBLE SUNSHINE  MM
  AVERAGE SKY COVER 0.5


WEATHER CONDITIONS
 THE FOLLOWING WEATHER WAS RECORDED YESTERDAY.
  RAIN
  LIGHT RAIN


RELATIVE HUMIDITY (PERCENT)
 HIGHEST    84          1100 PM
 LOWEST     62          1100 AM
 AVERAGE    73

..........................................................


THE LIHUE HI CLIMATE NORMALS FOR TODAY
                         NORMAL    RECORD    YEAR
 MAXIMUM TEMPERATURE (F)   78        84      1986
 MINIMUM TEMPERATURE (F)   66        56      1965


SUNRISE AND SUNSET
FEBRUARY 28 2017......SUNRISE   659 AM HST   SUNSET   641 PM HST
MARCH  1 2017.........SUNRISE   658 AM HST   SUNSET   642 PM HST


-  INDICATES NEGATIVE NUMBERS.
R  INDICATES RECORD WAS SET OR TIED.
MM INDICATES DATA IS MISSING.
T  INDICATES TRACE AMOUNT.




$$
