000
CDHW41 PHFO 040226
CLILIH


CLIMATE REPORT
NATIONAL WEATHER SERVICE HONOLULU HI
426 PM HST THU SEP 3 2015


...................................

...THE LIHUE HI CLIMATE SUMMARY FOR SEPTEMBER 3 2015...
VALID TODAY AS OF 0400 PM LOCAL TIME.

CLIMATE NORMAL PERIOD 1981 TO 2010
CLIMATE RECORD PERIOD 1946 TO 2015


WEATHER ITEM   OBSERVED TIME   RECORD YEAR NORMAL DEPARTURE LAST
                VALUE   (LST)  VALUE       VALUE  FROM      YEAR
                                                  NORMAL
..................................................................
TEMPERATURE (F)
 TODAY
  MAXIMUM         85   1125 AM  89    1981  85      0       86
  MINIMUM         74    711 AM  67    1965  74      0       76
  AVERAGE         80                        80      0       81

PRECIPITATION (IN)
  TODAY            0.03          0.44 1972   0.06  -0.03     0.01
  MONTH TO DATE    0.16                      0.18  -0.02     0.06
  SINCE SEP 1      0.16                      0.18  -0.02     0.06
  SINCE JAN 1     17.65                     21.63  -3.98    24.23

SNOWFALL (IN)
  TODAY            0.0
  MONTH TO DATE    0.0
  SINCE SEP 1      0.0
  SINCE JUL 1      0.0
  SNOW DEPTH       0

DEGREE DAYS
 HEATING
  TODAY            0                         0      0        0
  MONTH TO DATE    0                         0      0        0
  SINCE SEP 1      0                         0      0        0
  SINCE JUL 1      0                         0      0        0

 COOLING
  TODAY           15                        15      0       16
  MONTH TO DATE   47                        45      2       45
  SINCE SEP 1     47                        45      2       45
  SINCE JAN 1   2873                      2571    302     2563
..................................................................


WIND (MPH)
  HIGHEST WIND SPEED    15   HIGHEST WIND DIRECTION    SE (130)
  HIGHEST GUST SPEED    20   HIGHEST GUST DIRECTION     S (190)
  AVERAGE WIND SPEED     5.6


SKY COVER
  POSSIBLE SUNSHINE  MM
  AVERAGE SKY COVER 0.4


WEATHER CONDITIONS
 THE FOLLOWING WEATHER WAS RECORDED TODAY.
  RAIN
  LIGHT RAIN
  FOG


RELATIVE HUMIDITY (PERCENT)
 HIGHEST    94           200 AM
 LOWEST     79           900 AM
 AVERAGE    87

..........................................................


THE LIHUE HI CLIMATE NORMALS FOR TOMORROW
                         NORMAL    RECORD    YEAR
 MAXIMUM TEMPERATURE (F)   85        89      1981
 MINIMUM TEMPERATURE (F)   74        69      1983
                                             1965


SUNRISE AND SUNSET
SEPTEMBER  3 2015.....SUNRISE   621 AM HST   SUNSET   652 PM HST
SEPTEMBER  4 2015.....SUNRISE   621 AM HST   SUNSET   651 PM HST


-  INDICATES NEGATIVE NUMBERS.
R  INDICATES RECORD WAS SET OR TIED.
MM INDICATES DATA IS MISSING.
T  INDICATES TRACE AMOUNT.




$$
