000
CDHW41 PHFO 041245
CLILIH


CLIMATE REPORT
NATIONAL WEATHER SERVICE HONOLULU HI
245 AM HST WED MAR 4 2015


...................................

...THE LIHUE HI CLIMATE SUMMARY FOR MARCH 3 2015...

CLIMATE NORMAL PERIOD 1981 TO 2010
CLIMATE RECORD PERIOD 1946 TO 2015


WEATHER ITEM   OBSERVED TIME   RECORD YEAR NORMAL DEPARTURE LAST
                VALUE   (LST)  VALUE       VALUE  FROM      YEAR
                                                  NORMAL
..................................................................
TEMPERATURE (F)
 YESTERDAY
  MAXIMUM         81   1248 PM  84    1986  78      3       77
  MINIMUM         72   1051 PM  58    1978  66      6       59
                                      1959
  AVERAGE         77                        72      5       68

PRECIPITATION (IN)
  YESTERDAY        T             2.80 2011   0.14  -0.14     0.00
  MONTH TO DATE    0.09                      0.43  -0.34     0.17
  SINCE MAR 1      0.09                      0.43  -0.34     0.17
  SINCE JAN 1      2.00                      7.34  -5.34    10.57

SNOWFALL (IN)
  YESTERDAY        0.0
  MONTH TO DATE    0.0
  SINCE MAR 1      0.0
  SINCE JUL 1      0.0
  SNOW DEPTH       0

DEGREE DAYS
 HEATING
  YESTERDAY        0                         0      0        0
  MONTH TO DATE    0                         0      0        0
  SINCE MAR 1      0                         0      0        0
  SINCE JUL 1      0                         0      0        0

 COOLING
  YESTERDAY       12                         7      5        3
  MONTH TO DATE   34                        21     13       14
  SINCE MAR 1     34                        21     13       14
  SINCE JAN 1    490                       416     74      390
..................................................................


WIND (MPH)
  HIGHEST WIND SPEED    24   HIGHEST WIND DIRECTION     N (20)
  HIGHEST GUST SPEED    29   HIGHEST GUST DIRECTION     N (20)
  AVERAGE WIND SPEED    17.7


SKY COVER
  POSSIBLE SUNSHINE  MM
  AVERAGE SKY COVER 0.6


WEATHER CONDITIONS
 THE FOLLOWING WEATHER WAS RECORDED YESTERDAY.
  LIGHT RAIN


RELATIVE HUMIDITY (PERCENT)
 HIGHEST    90          1200 AM
 LOWEST     62          1100 AM
 AVERAGE    76

..........................................................


THE LIHUE HI CLIMATE NORMALS FOR TODAY
                         NORMAL    RECORD    YEAR
 MAXIMUM TEMPERATURE (F)   78        85      1986
 MINIMUM TEMPERATURE (F)   66        57      1950


SUNRISE AND SUNSET
MARCH  4 2015.........SUNRISE   656 AM HST   SUNSET   643 PM HST
MARCH  5 2015.........SUNRISE   655 AM HST   SUNSET   643 PM HST


-  INDICATES NEGATIVE NUMBERS.
R  INDICATES RECORD WAS SET OR TIED.
MM INDICATES DATA IS MISSING.
T  INDICATES TRACE AMOUNT.




$$
