000
CDHW41 PHFO 011249
CLILIH


CLIMATE REPORT
NATIONAL WEATHER SERVICE
1245 PM UTC SAT AUG 1 2015


...................................

...THE LIHUE HI CLIMATE SUMMARY FOR JULY 31 2015...

CLIMATE NORMAL PERIOD 1981 TO 2010
CLIMATE RECORD PERIOD 1946 TO 2015


WEATHER ITEM   OBSERVED TIME   RECORD YEAR NORMAL DEPARTURE LAST
                VALUE   (LST)  VALUE       VALUE  FROM      YEAR
                                                  NORMAL
..................................................................
TEMPERATURE (F)
 YESTERDAY
  MAXIMUM         88R  1201 PM  88    2008  84      4       86
                                      1981
                                      1959
  MINIMUM         77    651 AM  63    1963  75      2       77
  AVERAGE         83                        80      3       82

PRECIPITATION (IN)
  YESTERDAY        T             2.77 2006   0.07  -0.07     0.01
  MONTH TO DATE    0.40                      1.87  -1.47     1.45
  SINCE JUN 1      0.40                      3.48  -3.08     4.58
  SINCE JAN 1      5.67                     19.32 -13.65    20.37

SNOWFALL (IN)
  YESTERDAY        0.0
  MONTH TO DATE    0.0
  SINCE JUN 1      0.0
  SINCE JUL 1      0.0
  SNOW DEPTH      MM

DEGREE DAYS
 HEATING
  YESTERDAY        0                         0      0        0
  MONTH TO DATE    0                         0      0        0
  SINCE JUN 1      0                         0      0        0
  SINCE JUL 1      0                         0      0        0

 COOLING
  YESTERDAY       18                        14      4       17
  MONTH TO DATE  342                       439    -97      463
  SINCE JUN 1    342                       833   -491      843
  SINCE JAN 1   1589                      2072   -483     2064
..................................................................


WIND (MPH)
  HIGHEST WIND SPEED    21   HIGHEST WIND DIRECTION     E (70)
  HIGHEST GUST SPEED    24   HIGHEST GUST DIRECTION    NE (50)
  AVERAGE WIND SPEED    15.0


SKY COVER
  POSSIBLE SUNSHINE  MM
  AVERAGE SKY COVER  MM


WEATHER CONDITIONS
 THE FOLLOWING WEATHER WAS RECORDED YESTERDAY.
  NO SIGNIFICANT WEATHER WAS OBSERVED.


RELATIVE HUMIDITY (PERCENT)
 HIGHEST    MM
 LOWEST     MM
 AVERAGE    MM

..........................................................


THE LIHUE HI CLIMATE NORMALS FOR TODAY
                         NORMAL    RECORD    YEAR
 MAXIMUM TEMPERATURE (F)   85        89      1981
 MINIMUM TEMPERATURE (F)   75        69      1950


SUNRISE AND SUNSET
AUGUST  1 2015........SUNRISE   610 AM HST   SUNSET   717 PM HST
AUGUST  2 2015........SUNRISE   610 AM HST   SUNSET   717 PM HST


-  INDICATES NEGATIVE NUMBERS.
R  INDICATES RECORD WAS SET OR TIED.
MM INDICATES DATA IS MISSING.
T  INDICATES TRACE AMOUNT.




$$
