000
CDHW41 PHFO 220234
CLILIH


CLIMATE REPORT
NATIONAL WEATHER SERVICE HONOLULU HI
434 PM HST THU AUG 21 2014


...................................

...THE LIHUE HI CLIMATE SUMMARY FOR AUGUST 21 2014...
VALID TODAY AS OF 0400 PM LOCAL TIME.

CLIMATE NORMAL PERIOD 1981 TO 2010
CLIMATE RECORD PERIOD 1946 TO 2014


WEATHER ITEM   OBSERVED TIME   RECORD YEAR NORMAL DEPARTURE LAST
                VALUE   (LST)  VALUE       VALUE  FROM      YEAR
                                                  NORMAL
..................................................................
TEMPERATURE (F)
 TODAY
  MAXIMUM         85    210 PM  90    1987  85      0       85
  MINIMUM         76    503 AM  67    1959  75      1       72
  AVERAGE         81                        80      1       79

PRECIPITATION (IN)
  TODAY            T             1.41 1989   0.07  -0.07     0.00
  MONTH TO DATE    3.49                      1.51   1.98     0.63
  SINCE JUN 1      8.07                      4.99   3.08     2.29
  SINCE JAN 1     23.86                     20.83   3.03    17.09

SNOWFALL (IN)
  TODAY            0.0
  MONTH TO DATE    0.0
  SINCE JUN 1      0.0
  SINCE JUL 1      0.0
  SNOW DEPTH       0

DEGREE DAYS
 HEATING
  TODAY            0                         0      0        0
  MONTH TO DATE    0                         0      0        0
  SINCE JUN 1      0                         0      0        0
  SINCE JUL 1      0                         0      0        0

 COOLING
  TODAY           16                        15      1       14
  MONTH TO DATE  305                       314     -9      293
  SINCE JUN 1   1148                      1147      1     1056
  SINCE JAN 1   2369                      2386    -17     2138
..................................................................


WIND (MPH)
  HIGHEST WIND SPEED    15   HIGHEST WIND DIRECTION    NE (40)
  HIGHEST GUST SPEED    18   HIGHEST GUST DIRECTION    NE (50)
  AVERAGE WIND SPEED    10.7


SKY COVER
  POSSIBLE SUNSHINE  MM
  AVERAGE SKY COVER 0.6


WEATHER CONDITIONS
 THE FOLLOWING WEATHER WAS RECORDED TODAY.
  NO SIGNIFICANT WEATHER WAS OBSERVED.


RELATIVE HUMIDITY (PERCENT)
 HIGHEST    82           200 AM
 LOWEST     65          1100 AM
 AVERAGE    74

..........................................................


THE LIHUE HI CLIMATE NORMALS FOR TOMORROW
                         NORMAL    RECORD    YEAR
 MAXIMUM TEMPERATURE (F)   85        90      1981
 MINIMUM TEMPERATURE (F)   75        69      2005
                                             1959


SUNRISE AND SUNSET
AUGUST 21 2014........SUNRISE   617 AM HST   SUNSET   703 PM HST
AUGUST 22 2014........SUNRISE   617 AM HST   SUNSET   703 PM HST


-  INDICATES NEGATIVE NUMBERS.
R  INDICATES RECORD WAS SET OR TIED.
MM INDICATES DATA IS MISSING.
T  INDICATES TRACE AMOUNT.




$$
