953
CDUS44 KLZK 010647
CLILIT


CLIMATE REPORT
NATIONAL WEATHER SERVICE LITTLE ROCK AR
147 AM CDT SUN MAY 1 2016


...................................

...THE LITTLE ROCK ADAMS FIELD CLIMATE SUMMARY FOR APRIL 30 2016...

CLIMATE NORMAL PERIOD 1981 TO 2010
CLIMATE RECORD PERIOD 1874 TO 2016


WEATHER ITEM   OBSERVED TIME   RECORD YEAR NORMAL DEPARTURE LAST
                VALUE   (LST)  VALUE       VALUE  FROM      YEAR
                                                  NORMAL
..................................................................
TEMPERATURE (F)
 YESTERDAY
  MAXIMUM         81    415 PM  92    1987  77      4       81
  MINIMUM         64    451 AM  38    1908  56      8       50
  AVERAGE         73                        66      7       66

PRECIPITATION (IN)
  YESTERDAY        1.34          3.23 1931   0.18   1.16     0.00
  MONTH TO DATE    7.73                      5.14   2.59     5.43
  SINCE MAR 1     20.06                      9.82  10.24    13.53
  SINCE JAN 1     25.75                     17.03   8.72    20.34

SNOWFALL (IN)
  YESTERDAY        0.0          MM      MM   0.0    0.0      0.0
  MONTH TO DATE    0.0                       0.0    0.0       T
  SINCE MAR 1      0.0                       0.4   -0.4      5.7
  SINCE JUL 1      5.7                       3.5    2.2     11.1
  SNOW DEPTH       0

DEGREE DAYS
 HEATING
  YESTERDAY        0                         2     -2        0
  MONTH TO DATE   70                       145    -75       77
  SINCE MAR 1    294                       519   -225      472
  SINCE JUL 1   2183                      3032   -849     3118

 COOLING
  YESTERDAY        8                         3      5        1
  MONTH TO DATE   68                        56     12       76
  SINCE MAR 1     89                        70     19       90
  SINCE JAN 1     95                        72     23       90
..................................................................


WIND (MPH)
  HIGHEST WIND SPEED    25   HIGHEST WIND DIRECTION     S (200)
  HIGHEST GUST SPEED    33   HIGHEST GUST DIRECTION     S (200)
  AVERAGE WIND SPEED     7.4


SKY COVER
  POSSIBLE SUNSHINE  MM
  AVERAGE SKY COVER 0.7


WEATHER CONDITIONS
 THE FOLLOWING WEATHER WAS RECORDED YESTERDAY.
  THUNDERSTORM
  LIGHT RAIN
  FOG


RELATIVE HUMIDITY (PERCENT)
 HIGHEST    93           400 AM
 LOWEST     54           300 PM
 AVERAGE    74

..........................................................


THE LITTLE ROCK ADAMS FIELD CLIMATE NORMALS FOR TODAY
                         NORMAL    RECORD    YEAR
 MAXIMUM TEMPERATURE (F)   77        91      1959
 MINIMUM TEMPERATURE (F)   56        39      1903


SUNRISE AND SUNSET
MAY  1 2016...........SUNRISE   618 AM CDT   SUNSET   754 PM CDT
MAY  2 2016...........SUNRISE   617 AM CDT   SUNSET   755 PM CDT


-  INDICATES NEGATIVE NUMBERS.
R  INDICATES RECORD WAS SET OR TIED.
MM INDICATES DATA IS MISSING.
T  INDICATES TRACE AMOUNT.




$$
