000
CDUS44 KLZK 061010
CLILIT


CLIMATE REPORT
NATIONAL WEATHER SERVICE LITTLE ROCK AR
407 AM CST FRI MAR 6 2015


...................................

...THE LITTLE ROCK ADAMS FIELD CLIMATE SUMMARY FOR MARCH 5 2015...

CLIMATE NORMAL PERIOD 1981 TO 2010
CLIMATE RECORD PERIOD 1874 TO 2015


WEATHER ITEM   OBSERVED TIME   RECORD YEAR NORMAL DEPARTURE LAST
                VALUE   (LST)  VALUE       VALUE  FROM      YEAR
                                                  NORMAL
..................................................................
TEMPERATURE (F)
 YESTERDAY
  MAXIMUM         38    510 PM  82    1918  60    -22       35
  MINIMUM         20   1156 PM  17    1960  40    -20       27
  AVERAGE         29                        50    -21       31

PRECIPITATION (IN)
  YESTERDAY        0.23          1.97 1923   0.15   0.08     0.00
  MONTH TO DATE    2.72                      0.71   2.01     2.09
  SINCE MAR 1      2.72                      0.71   2.01     2.09
  SINCE JAN 1      9.53                      7.92   1.61     7.66

SNOWFALL (IN)
  YESTERDAY        2.5 R         1.0  1989   0.0    2.5      0.0
  MONTH TO DATE    5.7                       0.1    5.6      1.9
  SINCE MAR 1      5.7                       0.1    5.6      1.9
  SINCE JUL 1     11.1                       3.2    7.9      5.9
  SNOW DEPTH       5

DEGREE DAYS
 HEATING
  YESTERDAY       36                        15     21       34
  MONTH TO DATE  139                        78     61      152
  SINCE MAR 1    139                        78     61      152
  SINCE JUL 1   2785                      2591    194     2925

 COOLING
  YESTERDAY        0                         0      0        0
  MONTH TO DATE    0                         0      0        0
  SINCE MAR 1      0                         0      0        0
  SINCE JAN 1      0                         2     -2        0
..................................................................


WIND (MPH)
  HIGHEST WIND SPEED    23   HIGHEST WIND DIRECTION     N (340)
  HIGHEST GUST SPEED    30   HIGHEST GUST DIRECTION     N (10)
  AVERAGE WIND SPEED     9.8


SKY COVER
  POSSIBLE SUNSHINE  MM
  AVERAGE SKY COVER 0.4


WEATHER CONDITIONS
 THE FOLLOWING WEATHER WAS RECORDED YESTERDAY.
  HEAVY SNOW
  SNOW
  LIGHT SNOW
  FOG
  BLOWING SNOW


RELATIVE HUMIDITY (PERCENT)
 HIGHEST    88           100 AM
 LOWEST     29           300 PM
 AVERAGE    59

..........................................................


THE LITTLE ROCK ADAMS FIELD CLIMATE NORMALS FOR TODAY
                         NORMAL    RECORD    YEAR
 MAXIMUM TEMPERATURE (F)   61        83      1956
                                             1910
 MINIMUM TEMPERATURE (F)   40        19      1899


SUNRISE AND SUNSET
MARCH  6 2015.........SUNRISE   632 AM CST   SUNSET   609 PM CST
MARCH  7 2015.........SUNRISE   631 AM CST   SUNSET   610 PM CST


-  INDICATES NEGATIVE NUMBERS.
R  INDICATES RECORD WAS SET OR TIED.
MM INDICATES DATA IS MISSING.
T  INDICATES TRACE AMOUNT.




$$
