000
CDUS45 KPIH 190731
CLILLJ


CLIMATE REPORT
NATIONAL WEATHER SERVICE POCATELLO ID
1229 AM MST THU JAN 19 2017


...................................

...THE CHALLIS ID CLIMATE SUMMARY FOR JANUARY 18 2017...

CLIMATE NORMAL PERIOD 1981 TO 2010
CLIMATE RECORD PERIOD 1898 TO 2017


WEATHER ITEM   OBSERVED TIME   RECORD YEAR NORMAL DEPARTURE LAST
                VALUE   (LST)  VALUE       VALUE  FROM      YEAR
                                                  NORMAL
..................................................................
TEMPERATURE (F)
 YESTERDAY
  MAXIMUM         18   1159 PM  52    1920  30    -12       37
  MINIMUM        -11    227 AM -22    1930   9    -20        7
  AVERAGE          4                        19    -15       22

PRECIPITATION (IN)
  YESTERDAY        0.05          0.30 1951   0.01   0.04      T
  MONTH TO DATE    1.36                      0.33   1.03     0.31
  SINCE OCT 1      4.77                      2.26   2.51     2.65
  SINCE JAN 1      1.36                      0.33   1.03     0.31

SNOWFALL (IN)
  YESTERDAY       MM
  MONTH TO DATE   MM
  SINCE DEC 1     MM
  SINCE JUL 1     MM
  SNOW DEPTH      MM

DEGREE DAYS
 HEATING
  YESTERDAY       61                        46     15       43
  MONTH TO DATE 1226                       842    384      932
  SINCE DEC 1   2904                      2295    609     2362
  SINCE JUL 1   4691                      4338    353     4228

 COOLING
  YESTERDAY        0                         0      0        0
  MONTH TO DATE    0                         0      0        0
  SINCE DEC 1      0                         0      0        0
  SINCE JAN 1      0                         0      0        0
..................................................................


WIND (MPH)
  HIGHEST WIND SPEED     7   HIGHEST WIND DIRECTION    SE (150)
  HIGHEST GUST SPEED     8   HIGHEST GUST DIRECTION    SE (140)
  AVERAGE WIND SPEED     1.4


SKY COVER
  POSSIBLE SUNSHINE  MM
  AVERAGE SKY COVER 0.7


WEATHER CONDITIONS
 THE FOLLOWING WEATHER WAS RECORDED YESTERDAY.
  LIGHT SNOW
  FOG


RELATIVE HUMIDITY (PERCENT)
 HIGHEST   100          1100 PM
 LOWEST     79           700 AM
 AVERAGE    90

..........................................................


THE CHALLIS ID CLIMATE NORMALS FOR TODAY
                         NORMAL    RECORD    YEAR
 MAXIMUM TEMPERATURE (F)   30        50      1919
 MINIMUM TEMPERATURE (F)    9       -28      1922


SUNRISE AND SUNSET
JANUARY 19 2017.......SUNRISE   807 AM MST   SUNSET   529 PM MST
JANUARY 20 2017.......SUNRISE   806 AM MST   SUNSET   530 PM MST


-  INDICATES NEGATIVE NUMBERS.
R  INDICATES RECORD WAS SET OR TIED.
MM INDICATES DATA IS MISSING.
T  INDICATES TRACE AMOUNT.




$$
