000
CDUS45 KPIH 300741
CLILLJ


CLIMATE REPORT
NATIONAL WEATHER SERVICE POCATELLO ID
1239 AM MST FRI JAN 30 2015


...................................

...THE CHALLIS ID CLIMATE SUMMARY FOR JANUARY 29 2015...

CLIMATE NORMAL PERIOD 1981 TO 2010
CLIMATE RECORD PERIOD 1898 TO 2015


WEATHER ITEM   OBSERVED TIME   RECORD YEAR NORMAL DEPARTURE LAST
                VALUE   (LST)  VALUE       VALUE  FROM      YEAR
                                                  NORMAL
..................................................................
TEMPERATURE (F)
 YESTERDAY
  MAXIMUM         31    514 PM  53    1954  31      0       34
  MINIMUM         28    927 AM -27    1951  10     18       22
  AVERAGE         30                        21      9       28

PRECIPITATION (IN)
  YESTERDAY        0.00          0.18 1927   0.01  -0.01     0.08
  MONTH TO DATE    0.12                      0.48  -0.36     0.23
  SINCE OCT 1      1.91                      2.41  -0.50     0.96
  SINCE JAN 1      0.12                      0.48  -0.36     0.23

SNOWFALL (IN)
  YESTERDAY       MM
  MONTH TO DATE   MM
  SINCE DEC 1     MM
  SINCE JUL 1     MM
  SNOW DEPTH      MM

DEGREE DAYS
 HEATING
  YESTERDAY       35                        44     -9       37
  MONTH TO DATE 1153                      1338   -185     1132
  SINCE DEC 1   2395                      2791   -396     2662
  SINCE JUL 1   4229                      4834   -605     4588

 COOLING
  YESTERDAY        0                         0      0        0
  MONTH TO DATE    0                         0      0        0
  SINCE DEC 1      0                         0      0        0
  SINCE JAN 1      0                         0      0        0
..................................................................


WIND (MPH)
  HIGHEST WIND SPEED     8   HIGHEST WIND DIRECTION     N (360)
  HIGHEST GUST SPEED     9   HIGHEST GUST DIRECTION     N (340)
  AVERAGE WIND SPEED     1.8


SKY COVER
  POSSIBLE SUNSHINE  MM
  AVERAGE SKY COVER 1.0


WEATHER CONDITIONS
 THE FOLLOWING WEATHER WAS RECORDED YESTERDAY.
  NO SIGNIFICANT WEATHER WAS OBSERVED.


RELATIVE HUMIDITY (PERCENT)
 HIGHEST   100          1200 AM
 LOWEST     78           900 AM
 AVERAGE    89

..........................................................


THE CHALLIS ID CLIMATE NORMALS FOR TODAY
                         NORMAL    RECORD    YEAR
 MAXIMUM TEMPERATURE (F)   31        59      1971
 MINIMUM TEMPERATURE (F)   10       -27      1951


SUNRISE AND SUNSET
JANUARY 30 2015.......SUNRISE   758 AM MST   SUNSET   543 PM MST
JANUARY 31 2015.......SUNRISE   757 AM MST   SUNSET   544 PM MST


-  INDICATES NEGATIVE NUMBERS.
R  INDICATES RECORD WAS SET OR TIED.
MM INDICATES DATA IS MISSING.
T  INDICATES TRACE AMOUNT.




$$
