000
CDUS45 KPIH 140731
CLILLJ


CLIMATE REPORT
NATIONAL WEATHER SERVICE POCATELLO ID
1231 AM MST THU DEC 14 2017


...................................

...THE CHALLIS ID CLIMATE SUMMARY FOR DECEMBER 13 2017...

CLIMATE NORMAL PERIOD 1981 TO 2010
CLIMATE RECORD PERIOD 1898 TO 2017


WEATHER ITEM   OBSERVED TIME   RECORD YEAR NORMAL DEPARTURE LAST
                VALUE   (LST)  VALUE       VALUE  FROM      YEAR
                                                  NORMAL
..................................................................
TEMPERATURE (F)
 YESTERDAY
  MAXIMUM         29    454 PM  53    1921  27      2       17
  MINIMUM         14   1114 PM -29    1919   9      5       -6
  AVERAGE         22                        18      4        6

PRECIPITATION (IN)
  YESTERDAY        0.05          0.35 1973   0.03   0.02     0.00
  MONTH TO DATE    0.11                      0.32  -0.21     0.32
  SINCE OCT 1      1.07                      1.51  -0.44     2.40
  SINCE JAN 1      8.15                      9.64  -1.49     6.38

SNOWFALL (IN)
  YESTERDAY       MM
  MONTH TO DATE   MM
  SINCE DEC 1     MM
  SINCE JUL 1     MM
  SNOW DEPTH      MM

DEGREE DAYS
 HEATING
  YESTERDAY       43                        47     -4       59
  MONTH TO DATE  568                       588    -20      619
  SINCE DEC 1    568                       588    -20      619
  SINCE JUL 1   2474                      2631   -157     2406

 COOLING
  YESTERDAY        0                         0      0        0
  MONTH TO DATE    0                         0      0        0
  SINCE DEC 1      0                         0      0        0
  SINCE JAN 1    378                       248    130      277
..................................................................


WIND (MPH)
  HIGHEST WIND SPEED     9   HIGHEST WIND DIRECTION     S (160)
  HIGHEST GUST SPEED    10   HIGHEST GUST DIRECTION     S (170)
  AVERAGE WIND SPEED     1.1


SKY COVER
  POSSIBLE SUNSHINE  MM
  AVERAGE SKY COVER 0.8


WEATHER CONDITIONS
 THE FOLLOWING WEATHER WAS RECORDED YESTERDAY.
  SNOW
  LIGHT SNOW
  FOG
  FOG W/VISIBILITY <= 1/4 MILE
  HAZE


RELATIVE HUMIDITY (PERCENT)
 HIGHEST    92          1000 PM
 LOWEST     73           300 AM
 AVERAGE    83

..........................................................


THE CHALLIS ID CLIMATE NORMALS FOR TODAY
                         NORMAL    RECORD    YEAR
 MAXIMUM TEMPERATURE (F)   27        55      1929
 MINIMUM TEMPERATURE (F)    8       -23      1919


SUNRISE AND SUNSET
DECEMBER 14 2017......SUNRISE   806 AM MST   SUNSET   457 PM MST
DECEMBER 15 2017......SUNRISE   807 AM MST   SUNSET   458 PM MST


-  INDICATES NEGATIVE NUMBERS.
R  INDICATES RECORD WAS SET OR TIED.
MM INDICATES DATA IS MISSING.
T  INDICATES TRACE AMOUNT.




$$
