000
CDUS45 KPIH 192324
CLILLJ


CLIMATE REPORT
NATIONAL WEATHER SERVICE POCATELLO ID
522 PM MDT SAT AUG 19 2017


...................................

...THE CHALLIS ID CLIMATE SUMMARY FOR AUGUST 19 2017...
VALID TODAY AS OF 0500 PM LOCAL TIME.

CLIMATE NORMAL PERIOD 1981 TO 2010
CLIMATE RECORD PERIOD 1898 TO 2017


WEATHER ITEM   OBSERVED TIME   RECORD YEAR NORMAL DEPARTURE LAST
                VALUE   (LST)  VALUE       VALUE  FROM      YEAR
                                                  NORMAL
..................................................................
TEMPERATURE (F)
 TODAY
  MAXIMUM         88    158 PM  95    2013  84      4       80
                                      1986
  MINIMUM         50    453 AM  35    1916  47      3       54
  AVERAGE         69                        66      3       67

PRECIPITATION (IN)
  TODAY            0.00          0.50 1990   0.02  -0.02     0.00
  MONTH TO DATE    0.16                      0.50  -0.34     0.18
  SINCE OCT 1      9.42                      9.03   0.39     5.82
  SINCE JAN 1      6.01                      7.10  -1.09     3.48

SNOWFALL (IN)
  TODAY           MM
  MONTH TO DATE   MM
  SINCE JUN 1     MM
  SINCE JUL 1     MM
  SNOW DEPTH      MM

DEGREE DAYS
 HEATING
  TODAY            0                         2     -2        0
  MONTH TO DATE    0                        16    -16       14
  SINCE JUN 1    127                       202    -75      115
  SINCE JUL 1      4                        37    -33       42

 COOLING
  TODAY            4                         2      2        2
  MONTH TO DATE   55                        69    -14       59
  SINCE JUN 1    294                       223     71      251
  SINCE JAN 1    296                       225     71      251
..................................................................


WIND (MPH)
  HIGHEST WIND SPEED    28   HIGHEST WIND DIRECTION    SW (210)
  HIGHEST GUST SPEED    35   HIGHEST GUST DIRECTION    SW (230)
  AVERAGE WIND SPEED     3.5


SKY COVER
  POSSIBLE SUNSHINE  MM
  AVERAGE SKY COVER 0.0


WEATHER CONDITIONS
 THE FOLLOWING WEATHER WAS RECORDED TODAY.
  NO SIGNIFICANT WEATHER WAS OBSERVED.


RELATIVE HUMIDITY (PERCENT)
 HIGHEST    54           500 AM
 LOWEST     10           200 PM
 AVERAGE    32

..........................................................


THE CHALLIS ID CLIMATE NORMALS FOR TOMORROW
                         NORMAL    RECORD    YEAR
 MAXIMUM TEMPERATURE (F)   84        95      1914
 MINIMUM TEMPERATURE (F)   47        31      1916


SUNRISE AND SUNSET
AUGUST 19 2017........SUNRISE   645 AM MDT   SUNSET   835 PM MDT
AUGUST 20 2017........SUNRISE   646 AM MDT   SUNSET   834 PM MDT


-  INDICATES NEGATIVE NUMBERS.
R  INDICATES RECORD WAS SET OR TIED.
MM INDICATES DATA IS MISSING.
T  INDICATES TRACE AMOUNT.




$$
