415
CDUS45 KPIH 140730
CLILLJ


CLIMATE REPORT
NATIONAL WEATHER SERVICE POCATELLO ID
1228 AM MST SUN FEB 14 2016


...................................

...THE CHALLIS ID CLIMATE SUMMARY FOR FEBRUARY 13 2016...

CLIMATE NORMAL PERIOD 1981 TO 2010
CLIMATE RECORD PERIOD 1898 TO 2016


WEATHER ITEM   OBSERVED TIME   RECORD YEAR NORMAL DEPARTURE LAST
                VALUE   (LST)  VALUE       VALUE  FROM      YEAR
                                                  NORMAL
..................................................................
TEMPERATURE (F)
 YESTERDAY
  MAXIMUM         43    430 PM  55    1921  35      8       50
  MINIMUM         17    550 AM -17    1949  13      4       24
  AVERAGE         30                        24      6       37

PRECIPITATION (IN)
  YESTERDAY        T             0.19 1918   0.02  -0.02     0.00
  MONTH TO DATE    T                         0.29  -0.29     0.45
  SINCE OCT 1      2.90                      2.73   0.17     2.36
  SINCE JAN 1      0.56                      0.80  -0.24     0.57

SNOWFALL (IN)
  YESTERDAY       MM
  MONTH TO DATE   MM
  SINCE DEC 1     MM
  SINCE JUL 1     MM
  SNOW DEPTH      MM

DEGREE DAYS
 HEATING
  YESTERDAY       35                        41     -6       28
  MONTH TO DATE  619                       555     64      351
  SINCE DEC 1   3591                      3434    157     2822
  SINCE JUL 1   5457                      5477    -20     4656

 COOLING
  YESTERDAY        0                         0      0        0
  MONTH TO DATE    0                         0      0        0
  SINCE DEC 1      0                         0      0        0
  SINCE JAN 1      0                         0      0        0
..................................................................


WIND (MPH)
  HIGHEST WIND SPEED    25   HIGHEST WIND DIRECTION     W (260)
  HIGHEST GUST SPEED    32   HIGHEST GUST DIRECTION     W (260)
  AVERAGE WIND SPEED     5.6


SKY COVER
  POSSIBLE SUNSHINE  MM
  AVERAGE SKY COVER 0.4


WEATHER CONDITIONS
 THE FOLLOWING WEATHER WAS RECORDED YESTERDAY.
  LT FREEZING RAIN
  FOG


RELATIVE HUMIDITY (PERCENT)
 HIGHEST    96           100 AM
 LOWEST     33          1000 AM
 AVERAGE    65

..........................................................


THE CHALLIS ID CLIMATE NORMALS FOR TODAY
                         NORMAL    RECORD    YEAR
 MAXIMUM TEMPERATURE (F)   35        57      1991
 MINIMUM TEMPERATURE (F)   13       -15      1933


SUNRISE AND SUNSET
FEBRUARY 14 2016......SUNRISE   739 AM MST   SUNSET   604 PM MST
FEBRUARY 15 2016......SUNRISE   737 AM MST   SUNSET   605 PM MST


-  INDICATES NEGATIVE NUMBERS.
R  INDICATES RECORD WAS SET OR TIED.
MM INDICATES DATA IS MISSING.
T  INDICATES TRACE AMOUNT.




$$
