000
CDUS45 KPIH 220733
CLILLJ


CLIMATE REPORT
NATIONAL WEATHER SERVICE POCATELLO ID
1232 AM MST THU FEB 22 2018


...................................

...THE CHALLIS ID CLIMATE SUMMARY FOR FEBRUARY 21 2018...

CLIMATE NORMAL PERIOD 1981 TO 2010
CLIMATE RECORD PERIOD 1898 TO 2018


WEATHER ITEM   OBSERVED TIME   RECORD YEAR NORMAL DEPARTURE LAST
                VALUE   (LST)  VALUE       VALUE  FROM      YEAR
                                                  NORMAL
..................................................................
TEMPERATURE (F)
 YESTERDAY
  MAXIMUM         29    522 PM  57    1961  38     -9       40
  MINIMUM          1    627 AM  -2    1940  16    -15       29
  AVERAGE         15                        27    -12       35

PRECIPITATION (IN)
  YESTERDAY        0.00          0.30 1929   0.02  -0.02     0.18
  MONTH TO DATE    0.19                      0.44  -0.25     0.97
  SINCE OCT 1      1.53                      2.88  -1.35     5.88
  SINCE JAN 1      0.39                      0.95  -0.56     2.47

SNOWFALL (IN)
  YESTERDAY       MM
  MONTH TO DATE   MM
  SINCE DEC 1     MM
  SINCE JUL 1     MM
  SNOW DEPTH      MM

DEGREE DAYS
 HEATING
  YESTERDAY       50                        38     12       30
  MONTH TO DATE  685                       871   -186      765
  SINCE DEC 1   3076                      3750   -674     4366
  SINCE JUL 1   4982                      5793   -811     6153

 COOLING
  YESTERDAY        0                         0      0        0
  MONTH TO DATE    0                         0      0        0
  SINCE DEC 1      0                         0      0        0
  SINCE JAN 1      0                         0      0        0
..................................................................


WIND (MPH)
  HIGHEST WIND SPEED    10   HIGHEST WIND DIRECTION     S (170)
  HIGHEST GUST SPEED    13   HIGHEST GUST DIRECTION     S (160)
  AVERAGE WIND SPEED     2.4


SKY COVER
  POSSIBLE SUNSHINE  MM
  AVERAGE SKY COVER 0.6


WEATHER CONDITIONS
 THE FOLLOWING WEATHER WAS RECORDED YESTERDAY.
  NO SIGNIFICANT WEATHER WAS OBSERVED.


RELATIVE HUMIDITY (PERCENT)
 HIGHEST    72           700 AM
 LOWEST     38           300 PM
 AVERAGE    55

..........................................................


THE CHALLIS ID CLIMATE NORMALS FOR TODAY
                         NORMAL    RECORD    YEAR
 MAXIMUM TEMPERATURE (F)   38        59      1988
 MINIMUM TEMPERATURE (F)   16       -10      1952


SUNRISE AND SUNSET
FEBRUARY 22 2018......SUNRISE   726 AM MST   SUNSET   615 PM MST
FEBRUARY 23 2018......SUNRISE   724 AM MST   SUNSET   617 PM MST


-  INDICATES NEGATIVE NUMBERS.
R  INDICATES RECORD WAS SET OR TIED.
MM INDICATES DATA IS MISSING.
T  INDICATES TRACE AMOUNT.




$$
