000
CDUS45 KPIH 242329
CLILLJ


CLIMATE REPORT
NATIONAL WEATHER SERVICE POCATELLO ID
527 PM MDT SUN JUL 24 2016


...................................

...THE CHALLIS ID CLIMATE SUMMARY FOR JULY 24 2016...
VALID TODAY AS OF 0500 PM LOCAL TIME.

CLIMATE NORMAL PERIOD 1981 TO 2010
CLIMATE RECORD PERIOD 1898 TO 2016


WEATHER ITEM   OBSERVED TIME   RECORD YEAR NORMAL DEPARTURE LAST
                VALUE   (LST)  VALUE       VALUE  FROM      YEAR
                                                  NORMAL
..................................................................
TEMPERATURE (F)
 TODAY
  MAXIMUM         90    359 PM  98    1929  88      2       85
  MINIMUM         49    544 AM  40    1900  52     -3       48
  AVERAGE         70                        70      0       67

PRECIPITATION (IN)
  TODAY            0.00          0.46 1921   0.03  -0.03     0.00
  MONTH TO DATE    0.01                      0.64  -0.63     0.68
  SINCE OCT 1      5.63                      8.34  -2.71     4.98
  SINCE JAN 1      3.29                      6.41  -3.12     3.19

SNOWFALL (IN)
  TODAY           MM
  MONTH TO DATE   MM
  SINCE JUN 1     MM
  SINCE JUL 1     MM
  SNOW DEPTH      MM

DEGREE DAYS
 HEATING
  TODAY            0                         0      0        0
  MONTH TO DATE   28                        18     10       11
  SINCE JUN 1    101                       183    -82       58
  SINCE JUL 1     28                        18     10       11

 COOLING
  TODAY            5                         5      0        2
  MONTH TO DATE   75                        95    -20       77
  SINCE JUN 1    140                       117     23      186
  SINCE JAN 1    140                       119     21      189
..................................................................


WIND (MPH)
  HIGHEST WIND SPEED    10   HIGHEST WIND DIRECTION    NW (320)
  HIGHEST GUST SPEED    13   HIGHEST GUST DIRECTION    NW (310)
  AVERAGE WIND SPEED     4.2


SKY COVER
  POSSIBLE SUNSHINE  MM
  AVERAGE SKY COVER 0.0


WEATHER CONDITIONS
 THE FOLLOWING WEATHER WAS RECORDED TODAY.
  NO SIGNIFICANT WEATHER WAS OBSERVED.


RELATIVE HUMIDITY (PERCENT)
 HIGHEST    59           500 AM
 LOWEST     10           400 PM
 AVERAGE    35

..........................................................


THE CHALLIS ID CLIMATE NORMALS FOR TOMORROW
                         NORMAL    RECORD    YEAR
 MAXIMUM TEMPERATURE (F)   88       100      1933
 MINIMUM TEMPERATURE (F)   52        41      2014
                                             1900


SUNRISE AND SUNSET
JULY 24 2016..........SUNRISE   616 AM MDT   SUNSET   911 PM MDT
JULY 25 2016..........SUNRISE   617 AM MDT   SUNSET   910 PM MDT


-  INDICATES NEGATIVE NUMBERS.
R  INDICATES RECORD WAS SET OR TIED.
MM INDICATES DATA IS MISSING.
T  INDICATES TRACE AMOUNT.




$$
