000
CDUS45 KPIH 280809
CLILLJ


CLIMATE REPORT
NATIONAL WEATHER SERVICE POCATELLO ID
206 AM MDT TUE JUL 28 2015


...................................

...THE CHALLIS ID CLIMATE SUMMARY FOR JULY 27 2015...

CLIMATE NORMAL PERIOD 1981 TO 2010
CLIMATE RECORD PERIOD 1898 TO 2015


WEATHER ITEM   OBSERVED TIME   RECORD YEAR NORMAL DEPARTURE LAST
                VALUE   (LST)  VALUE       VALUE  FROM      YEAR
                                                  NORMAL
..................................................................
TEMPERATURE (F)
 YESTERDAY
  MAXIMUM         66   1208 AM 100    1928  88    -22       94
  MINIMUM         43   1159 PM  39    1918  52     -9       48
  AVERAGE         55                        70    -15       71

PRECIPITATION (IN)
  YESTERDAY        0.30R         0.26 1952   0.03   0.27     0.00
  MONTH TO DATE    0.98                      0.73   0.25     0.04
  SINCE OCT 1      5.28                      8.43  -3.15     3.85
  SINCE JAN 1      3.49                      6.50  -3.01     3.12

SNOWFALL (IN)
  YESTERDAY       MM
  MONTH TO DATE   MM
  SINCE JUN 1     MM
  SINCE JUL 1     MM
  SNOW DEPTH      MM

DEGREE DAYS
 HEATING
  YESTERDAY       10                         0     10        0
  MONTH TO DATE   21                        18      3        1
  SINCE JUN 1     68                       183   -115      167
  SINCE JUL 1     21                        18      3        1

 COOLING
  YESTERDAY        0                         5     -5        6
  MONTH TO DATE   81                       110    -29      208
  SINCE JUN 1    190                       132     58      214
  SINCE JAN 1    193                       134     59      214
..................................................................


WIND (MPH)
  HIGHEST WIND SPEED    33   HIGHEST WIND DIRECTION     W (260)
  HIGHEST GUST SPEED    41   HIGHEST GUST DIRECTION     W (260)
  AVERAGE WIND SPEED     6.7


SKY COVER
  POSSIBLE SUNSHINE  MM
  AVERAGE SKY COVER 0.5


WEATHER CONDITIONS
 THE FOLLOWING WEATHER WAS RECORDED YESTERDAY.
  THUNDERSTORM
  HEAVY RAIN
  RAIN
  LIGHT RAIN
  FOG


RELATIVE HUMIDITY (PERCENT)
 HIGHEST    89          1000 PM
 LOWEST     43          1200 AM
 AVERAGE    66

..........................................................


THE CHALLIS ID CLIMATE NORMALS FOR TODAY
                         NORMAL    RECORD    YEAR
 MAXIMUM TEMPERATURE (F)   88        99      2006
 MINIMUM TEMPERATURE (F)   52        37      1948


SUNRISE AND SUNSET
JULY 28 2015..........SUNRISE   619 AM MDT   SUNSET   907 PM MDT
JULY 29 2015..........SUNRISE   620 AM MDT   SUNSET   906 PM MDT


-  INDICATES NEGATIVE NUMBERS.
R  INDICATES RECORD WAS SET OR TIED.
MM INDICATES DATA IS MISSING.
T  INDICATES TRACE AMOUNT.




$$
