000
CDUS45 KPIH 060744
CLILLJ


CLIMATE REPORT
NATIONAL WEATHER SERVICE POCATELLO ID
1241 AM MST TUE DEC 6 2016


...................................

...THE CHALLIS ID CLIMATE SUMMARY FOR DECEMBER 5 2016...

CLIMATE NORMAL PERIOD 1981 TO 2010
CLIMATE RECORD PERIOD 1898 TO 2016


WEATHER ITEM   OBSERVED TIME   RECORD YEAR NORMAL DEPARTURE LAST
                VALUE   (LST)  VALUE       VALUE  FROM      YEAR
                                                  NORMAL
..................................................................
TEMPERATURE (F)
 YESTERDAY
  MAXIMUM         25    333 PM  55    1940  29     -4       34
  MINIMUM          6   1136 PM -20    1972  11     -5       11
  AVERAGE         16                        20     -4       23

PRECIPITATION (IN)
  YESTERDAY        T             0.30 1919   0.03  -0.03     0.00
  MONTH TO DATE    0.03                      0.13  -0.10      T
  SINCE OCT 1      2.11                      1.32   0.79     1.51
  SINCE JAN 1      6.09                      9.45  -3.36     6.39

SNOWFALL (IN)
  YESTERDAY       MM
  MONTH TO DATE   MM
  SINCE DEC 1     MM
  SINCE JUL 1     MM
  SNOW DEPTH      MM

DEGREE DAYS
 HEATING
  YESTERDAY       49                        45      4       42
  MONTH TO DATE  201                       219    -18      242
  SINCE DEC 1    201                       219    -18      242
  SINCE JUL 1   1988                      2262   -274     2108

 COOLING
  YESTERDAY        0                         0      0        0
  MONTH TO DATE    0                         0      0        0
  SINCE DEC 1      0                         0      0        0
  SINCE JAN 1    277                       248     29      315
..................................................................


WIND (MPH)
  HIGHEST WIND SPEED    20   HIGHEST WIND DIRECTION    NW (300)
  HIGHEST GUST SPEED    24   HIGHEST GUST DIRECTION     W (280)
  AVERAGE WIND SPEED     6.0


SKY COVER
  POSSIBLE SUNSHINE  MM
  AVERAGE SKY COVER 0.1


WEATHER CONDITIONS
 THE FOLLOWING WEATHER WAS RECORDED YESTERDAY.
  LIGHT SNOW


RELATIVE HUMIDITY (PERCENT)
 HIGHEST    81          1200 AM
 LOWEST     36           300 PM
 AVERAGE    59

..........................................................


THE CHALLIS ID CLIMATE NORMALS FOR TODAY
                         NORMAL    RECORD    YEAR
 MAXIMUM TEMPERATURE (F)   29        58      1939
 MINIMUM TEMPERATURE (F)   11       -20      1972


SUNRISE AND SUNSET
DECEMBER  6 2016......SUNRISE   759 AM MST   SUNSET   457 PM MST
DECEMBER  7 2016......SUNRISE   800 AM MST   SUNSET   457 PM MST


-  INDICATES NEGATIVE NUMBERS.
R  INDICATES RECORD WAS SET OR TIED.
MM INDICATES DATA IS MISSING.
T  INDICATES TRACE AMOUNT.




$$
