000
CDUS46 KMFR 040840
CLILMT


CLIMATE REPORT
NATIONAL WEATHER SERVICE MEDFORD, OR
139 AM PDT TUE AUG 4 2015


...................................

...THE KLAMATH FALLS OR CLIMATE SUMMARY FOR AUGUST 3 2015...

CLIMATE NORMAL PERIOD 1981 TO 2010
CLIMATE RECORD PERIOD 1928 TO 2015


WEATHER ITEM   OBSERVED TIME   RECORD YEAR NORMAL DEPARTURE LAST
                VALUE   (LST)  VALUE       VALUE  FROM      YEAR
                                                  NORMAL
..................................................................
TEMPERATURE (F)
 YESTERDAY
  MAXIMUM         85    130 PM 100    1961  86     -1       89
  MINIMUM         54    550 AM  36    1956  49      5       51
  AVERAGE         70                        67      3       70

PRECIPITATION (IN)
  YESTERDAY        T             0.05 1948   0.02  -0.02     0.00
  MONTH TO DATE    T                         0.04  -0.04     0.00
  SINCE OCT 1     12.40                     14.04  -1.64     7.22
  SINCE JAN 1      5.94                      9.35  -3.41     6.59

SNOWFALL (IN)
  YESTERDAY       MM                        MM     MM       MM
  MONTH TO DATE   MM                        MM     MM       MM
  SINCE JUL 1     MM                        MM     MM       MM
  SNOW DEPTH      MM

DEGREE DAYS
 HEATING
  YESTERDAY        0                         1     -1        0
  MONTH TO DATE    0                         3     -3        0
  SINCE JUN 1     70                       270   -200      185
  SINCE JUL 1     18                        53    -35       10

 COOLING
  YESTERDAY        5                         3      2        5
  MONTH TO DATE   25                         9     16       23
  SINCE JUN 1    244                       102    142      251
  SINCE JAN 1    247                       103    144      251
..................................................................


WIND (MPH)
  HIGHEST WIND SPEED    13   HIGHEST WIND DIRECTION    NW (320)
  HIGHEST GUST SPEED    16   HIGHEST GUST DIRECTION    NW (320)
  AVERAGE WIND SPEED     4.1


SKY COVER
  POSSIBLE SUNSHINE  MM
  AVERAGE SKY COVER 0.3


WEATHER CONDITIONS
 THE FOLLOWING WEATHER WAS RECORDED YESTERDAY.
  THUNDERSTORM
  LIGHT RAIN


RELATIVE HUMIDITY (PERCENT)
 HIGHEST    86           500 AM
 LOWEST     24           200 PM

..........................................................


THE KLAMATH FALLS OR CLIMATE NORMALS FOR TODAY
                         NORMAL    RECORD    YEAR
 MAXIMUM TEMPERATURE (F)   85       100      1998
 MINIMUM TEMPERATURE (F)   49        39      2002


SUNRISE AND SUNSET
AUGUST  4 2015........SUNRISE   603 AM PDT   SUNSET   822 PM PDT
AUGUST  5 2015........SUNRISE   604 AM PDT   SUNSET   821 PM PDT


-  INDICATES NEGATIVE NUMBERS.
R  INDICATES RECORD WAS SET OR TIED.
MM INDICATES DATA IS MISSING.
T  INDICATES TRACE AMOUNT.




$$
