000
CDUS46 KMFR 010839
CLILMT


CLIMATE REPORT
NATIONAL WEATHER SERVICE MEDFORD, OR
1239 AM PST SUN FEB 1 2015


...................................

...THE KLAMATH FALLS OR CLIMATE SUMMARY FOR JANUARY 31 2015...

CLIMATE NORMAL PERIOD 1981 TO 2010
CLIMATE RECORD PERIOD 1928 TO 2015


WEATHER ITEM   OBSERVED TIME   RECORD YEAR NORMAL DEPARTURE LAST
                VALUE   (LST)  VALUE       VALUE  FROM      YEAR
                                                  NORMAL
..................................................................
TEMPERATURE (F)
 YESTERDAY
  MAXIMUM         54    408 PM  59    2003  42     12       36
  MINIMUM         18    732 AM -14    1950  22     -4       15
  AVERAGE         36                        32      4       26

PRECIPITATION (IN)
  YESTERDAY        0.00          0.53 1963   0.03  -0.03      T
  MONTH TO DATE    0.40                      1.85  -1.45     0.31
  SINCE OCT 1      6.86                      6.54   0.32     0.94
  SINCE JAN 1      0.40                      1.85  -1.45     0.31

SNOWFALL (IN)
  YESTERDAY       MM                        MM     MM       MM
  MONTH TO DATE   MM                        MM     MM       MM
  SINCE JUL 1     MM                        MM     MM        0.0
  SNOW DEPTH      MM

DEGREE DAYS
 HEATING
  YESTERDAY       29                        33     -4       39
  MONTH TO DATE  861                      1080   -219      980
  SINCE DEC 1   1512                      2178   -666     2282
  SINCE JUL 1   2902                      3980  -1078     4018

 COOLING
  YESTERDAY        0                         0      0        0
  MONTH TO DATE    0                         0      0        0
  SINCE DEC 1      0                         0      0        0
  SINCE JAN 1      0                         0      0        0
..................................................................


WIND (MPH)
  HIGHEST WIND SPEED     8   HIGHEST WIND DIRECTION     N (10)
  HIGHEST GUST SPEED    10   HIGHEST GUST DIRECTION     E (90)
  AVERAGE WIND SPEED     2.3


SKY COVER
  POSSIBLE SUNSHINE  MM
  AVERAGE SKY COVER 0.0


WEATHER CONDITIONS
 THE FOLLOWING WEATHER WAS RECORDED YESTERDAY.
  NO SIGNIFICANT WEATHER WAS OBSERVED.


RELATIVE HUMIDITY (PERCENT)
 HIGHEST    84           500 AM
 LOWEST     28           300 PM

..........................................................


THE KLAMATH FALLS OR CLIMATE NORMALS FOR TODAY
                         NORMAL    RECORD    YEAR
 MAXIMUM TEMPERATURE (F)   42        58      1971
 MINIMUM TEMPERATURE (F)   22       -12      1950


SUNRISE AND SUNSET
FEBRUARY  1 2015......SUNRISE   720 AM PST   SUNSET   521 PM PST
FEBRUARY  2 2015......SUNRISE   719 AM PST   SUNSET   523 PM PST


-  INDICATES NEGATIVE NUMBERS.
R  INDICATES RECORD WAS SET OR TIED.
MM INDICATES DATA IS MISSING.
T  INDICATES TRACE AMOUNT.




$$
