000
CDUS46 KMFR 270837
CLILMT


CLIMATE REPORT
NATIONAL WEATHER SERVICE MEDFORD, OR
137 AM PDT WED AUG 27 2014


...................................

...THE KLAMATH FALLS OR CLIMATE SUMMARY FOR AUGUST 26 2014...

CLIMATE NORMAL PERIOD 1981 TO 2010
CLIMATE RECORD PERIOD 1928 TO 2014


WEATHER ITEM   OBSERVED TIME   RECORD YEAR NORMAL DEPARTURE LAST
                VALUE   (LST)  VALUE       VALUE  FROM      YEAR
                                                  NORMAL
..................................................................
TEMPERATURE (F)
 YESTERDAY
  MAXIMUM         86    413 PM  95    1999  81      5       76
  MINIMUM         45    542 AM  36    1976  45      0       42
  AVERAGE         66                        63      3       59

PRECIPITATION (IN)
  YESTERDAY        0.00          1.25 1966   0.02  -0.02     0.00
  MONTH TO DATE    0.92                      0.32   0.60     0.24
  SINCE SEP 1      8.25                     14.85  -6.60     8.45
  SINCE JAN 1      7.51                      9.63  -2.12     4.79

SNOWFALL (IN)
  YESTERDAY       MM                        MM     MM       MM
  MONTH TO DATE   MM                        MM     MM       MM
  SINCE JUL 1     MM                        MM     MM       MM
  SNOW DEPTH      MM

DEGREE DAYS
 HEATING
  YESTERDAY        0                         3     -3        6
  MONTH TO DATE   24                        49    -25       58
  SINCE JUN 1    209                       316   -107      237
  SINCE JUL 1     34                        99    -65       59

 COOLING
  YESTERDAY        1                         1      0        0
  MONTH TO DATE   84                        58     26       47
  SINCE JUN 1    312                       151    161      265
  SINCE JAN 1    312                       152    160      265
..................................................................


WIND (MPH)
  HIGHEST WIND SPEED    12   HIGHEST WIND DIRECTION    NW (310)
  HIGHEST GUST SPEED    14   HIGHEST GUST DIRECTION    SE (140)
  AVERAGE WIND SPEED     3.4


SKY COVER
  POSSIBLE SUNSHINE  MM
  AVERAGE SKY COVER 0.0


WEATHER CONDITIONS
 THE FOLLOWING WEATHER WAS RECORDED YESTERDAY.
  HAZE


RELATIVE HUMIDITY (PERCENT)
 HIGHEST    80           500 AM
 LOWEST     16           500 PM

..........................................................


THE KLAMATH FALLS OR CLIMATE NORMALS FOR TODAY
                         NORMAL    RECORD    YEAR
 MAXIMUM TEMPERATURE (F)   81        91      1998
 MINIMUM TEMPERATURE (F)   45        30      1960


SUNRISE AND SUNSET
AUGUST 27 2014........SUNRISE   627 AM PDT   SUNSET   749 PM PDT
AUGUST 28 2014........SUNRISE   628 AM PDT   SUNSET   747 PM PDT


-  INDICATES NEGATIVE NUMBERS.
R  INDICATES RECORD WAS SET OR TIED.
MM INDICATES DATA IS MISSING.
T  INDICATES TRACE AMOUNT.




$$
