000
CDUS46 KMFR 170837
CLILMT


CLIMATE REPORT
NATIONAL WEATHER SERVICE MEDFORD, OR
1236 AM PST TUE JAN 17 2017


...................................

...THE KLAMATH FALLS OR CLIMATE SUMMARY FOR JANUARY 16 2017...

CLIMATE NORMAL PERIOD 1981 TO 2010
CLIMATE RECORD PERIOD 1928 TO 2017


WEATHER ITEM   OBSERVED TIME   RECORD YEAR NORMAL DEPARTURE LAST
                VALUE   (LST)  VALUE       VALUE  FROM      YEAR
                                                  NORMAL
..................................................................
TEMPERATURE (F)
 YESTERDAY
  MAXIMUM         34    207 PM  53    1994  39     -5       43
  MINIMUM          9    709 AM  -4    1988  21    -12       22
  AVERAGE         22                        30     -8       33

PRECIPITATION (IN)
  YESTERDAY        0.00          1.14 1986   0.05  -0.05     0.13
  MONTH TO DATE    1.24                      1.24   0.00     0.52
  SINCE OCT 1      5.99                      5.93   0.06     5.05
  SINCE JAN 1      1.24                      1.24   0.00     0.52

SNOWFALL (IN)
  YESTERDAY       MM                        MM     MM       MM
  MONTH TO DATE   MM                        MM     MM       MM
  SINCE JUL 1     MM                        MM     MM       MM
  SNOW DEPTH      MM

DEGREE DAYS
 HEATING
  YESTERDAY       43                        35      8       32
  MONTH TO DATE  710                       566    144      621
  SINCE DEC 1   1828                      1665    163     1719
  SINCE JUL 1   3488                      3467     21     3307

 COOLING
  YESTERDAY        0                         0      0        0
  MONTH TO DATE    0                         0      0        0
  SINCE DEC 1      0                         0      0        0
  SINCE JAN 1      0                         0      0        0
..................................................................


WIND (MPH)
  HIGHEST WIND SPEED     8   HIGHEST WIND DIRECTION     E (80)
  HIGHEST GUST SPEED    13   HIGHEST GUST DIRECTION     E (90)
  AVERAGE WIND SPEED     3.0


SKY COVER
  POSSIBLE SUNSHINE  MM
  AVERAGE SKY COVER 0.0


WEATHER CONDITIONS
 THE FOLLOWING WEATHER WAS RECORDED YESTERDAY.
  FOG


RELATIVE HUMIDITY (PERCENT)
 HIGHEST    92          1200 AM
 LOWEST     63           300 PM

..........................................................


THE KLAMATH FALLS OR CLIMATE NORMALS FOR TODAY
                         NORMAL    RECORD    YEAR
 MAXIMUM TEMPERATURE (F)   40        56      1961
 MINIMUM TEMPERATURE (F)   21        -5      1988


SUNRISE AND SUNSET
JANUARY 17 2017.......SUNRISE   732 AM PST   SUNSET   503 PM PST
JANUARY 18 2017.......SUNRISE   731 AM PST   SUNSET   504 PM PST


-  INDICATES NEGATIVE NUMBERS.
R  INDICATES RECORD WAS SET OR TIED.
MM INDICATES DATA IS MISSING.
T  INDICATES TRACE AMOUNT.




$$
