000
CDUS46 KMFR 310838
CLILMT


CLIMATE REPORT
NATIONAL WEATHER SERVICE MEDFORD, OR
137 AM PDT THU JUL 31 2014


...................................

...THE KLAMATH FALLS OR CLIMATE SUMMARY FOR JULY 30 2014...

CLIMATE NORMAL PERIOD 1981 TO 2010
CLIMATE RECORD PERIOD 1928 TO 2014


WEATHER ITEM   OBSERVED TIME   RECORD YEAR NORMAL DEPARTURE LAST
                VALUE   (LST)  VALUE       VALUE  FROM      YEAR
                                                  NORMAL
..................................................................
TEMPERATURE (F)
 YESTERDAY
  MAXIMUM         93    327 PM  98    2003  86      7       85
                                      1988
  MINIMUM         50    431 AM  35    1975  49      1       46
  AVERAGE         72                        67      5       66

PRECIPITATION (IN)
  YESTERDAY        T             0.36 1985   0.01  -0.01     0.00
  MONTH TO DATE    0.09                      0.47  -0.38      T
  SINCE SEP 1      7.33                     14.52  -7.19     8.21
  SINCE JAN 1      6.59                      9.30  -2.71     4.55

SNOWFALL (IN)
  YESTERDAY       MM                        MM     MM       MM
  MONTH TO DATE   MM                        MM     MM       MM
  SINCE JUL 1     MM                        MM     MM       MM
  SNOW DEPTH      MM

DEGREE DAYS
 HEATING
  YESTERDAY        0                         1     -1        0
  MONTH TO DATE   10                        46    -36        1
  SINCE JUN 1    185                       263    -78      179
  SINCE JUL 1     10                        46    -36        1

 COOLING
  YESTERDAY        7                         3      4        1
  MONTH TO DATE  213                        75    138      168
  SINCE JUN 1    220                        86    134      214
  SINCE JAN 1    220                        87    133      214
..................................................................


WIND (MPH)
  HIGHEST WIND SPEED    33   HIGHEST WIND DIRECTION    SW (230)
  HIGHEST GUST SPEED    42   HIGHEST GUST DIRECTION    SW (230)
  AVERAGE WIND SPEED     6.4


SKY COVER
  POSSIBLE SUNSHINE  MM
  AVERAGE SKY COVER 0.3


WEATHER CONDITIONS
 THE FOLLOWING WEATHER WAS RECORDED YESTERDAY.
  LIGHT RAIN


RELATIVE HUMIDITY (PERCENT)
 HIGHEST    83           400 AM
 LOWEST     14           300 PM

..........................................................


THE KLAMATH FALLS OR CLIMATE NORMALS FOR TODAY
                         NORMAL    RECORD    YEAR
 MAXIMUM TEMPERATURE (F)   86        98      1977
 MINIMUM TEMPERATURE (F)   49        34      2001


SUNRISE AND SUNSET
JULY 31 2014..........SUNRISE   559 AM PDT   SUNSET   827 PM PDT
AUGUST  1 2014........SUNRISE   600 AM PDT   SUNSET   826 PM PDT


-  INDICATES NEGATIVE NUMBERS.
R  INDICATES RECORD WAS SET OR TIED.
MM INDICATES DATA IS MISSING.
T  INDICATES TRACE AMOUNT.




$$
