000
CDUS46 KMFR 260836
CLILMT


CLIMATE REPORT
NATIONAL WEATHER SERVICE MEDFORD, OR
135 AM PDT TUE JUL 26 2016


...................................

...THE KLAMATH FALLS OR CLIMATE SUMMARY FOR JULY 25 2016...

CLIMATE NORMAL PERIOD 1981 TO 2010
CLIMATE RECORD PERIOD 1928 TO 2016


WEATHER ITEM   OBSERVED TIME   RECORD YEAR NORMAL DEPARTURE LAST
                VALUE   (LST)  VALUE       VALUE  FROM      YEAR
                                                  NORMAL
..................................................................
TEMPERATURE (F)
 YESTERDAY
  MAXIMUM         92    351 PM  97    1978  86      6       82
  MINIMUM         49    434 AM  40    1993  49      0       47
  AVERAGE         71                        67      4       65

PRECIPITATION (IN)
  YESTERDAY        0.00          0.71 1935   0.01  -0.01     0.00
  MONTH TO DATE    0.42                      0.43  -0.01     0.52
  SINCE OCT 1     11.64                     13.95  -2.31    12.40
  SINCE JAN 1      7.11                      9.26  -2.15     5.94

SNOWFALL (IN)
  YESTERDAY       MM                        MM     MM       MM
  MONTH TO DATE   MM                        MM     MM       MM
  SINCE JUL 1     MM                        MM     MM       MM
  SNOW DEPTH      MM

DEGREE DAYS
 HEATING
  YESTERDAY        0                         1     -1        0
  MONTH TO DATE   72                        41     31        7
  SINCE JUN 1    240                       258    -18       59
  SINCE JUL 1     72                        41     31        7

 COOLING
  YESTERDAY        6                         3      3        0
  MONTH TO DATE   26                        60    -34      103
  SINCE JUN 1     75                        71      4      194
  SINCE JAN 1     75                        72      3      197
..................................................................


WIND (MPH)
  HIGHEST WIND SPEED    21   HIGHEST WIND DIRECTION    NW (330)
  HIGHEST GUST SPEED    25   HIGHEST GUST DIRECTION    NW (330)
  AVERAGE WIND SPEED     5.7


SKY COVER
  POSSIBLE SUNSHINE  MM
  AVERAGE SKY COVER 0.0


WEATHER CONDITIONS
 THE FOLLOWING WEATHER WAS RECORDED YESTERDAY.
  HAZE


RELATIVE HUMIDITY (PERCENT)
 HIGHEST    96           400 AM
 LOWEST     15           300 PM

..........................................................


THE KLAMATH FALLS OR CLIMATE NORMALS FOR TODAY
                         NORMAL    RECORD    YEAR
 MAXIMUM TEMPERATURE (F)   86        97      1996
 MINIMUM TEMPERATURE (F)   49        39      1967


SUNRISE AND SUNSET
JULY 26 2016..........SUNRISE   555 AM PDT   SUNSET   832 PM PDT
JULY 27 2016..........SUNRISE   556 AM PDT   SUNSET   831 PM PDT


-  INDICATES NEGATIVE NUMBERS.
R  INDICATES RECORD WAS SET OR TIED.
MM INDICATES DATA IS MISSING.
T  INDICATES TRACE AMOUNT.




$$
