000
CDUS45 KRIW 220748
CLILND


CLIMATE REPORT
NATIONAL WEATHER SERVICE RIVERTON WY
144 AM MDT WED OCT 22 2014


...................................

...THE LANDER WY CLIMATE SUMMARY FOR OCTOBER 21 2014...

CLIMATE NORMAL PERIOD 1981 TO 2010
CLIMATE RECORD PERIOD 1891 TO 2014


WEATHER ITEM   OBSERVED TIME   RECORD YEAR NORMAL DEPARTURE LAST
                VALUE   (LST)  VALUE       VALUE  FROM      YEAR
                                                  NORMAL
..................................................................
TEMPERATURE (F)
 YESTERDAY
  MAXIMUM         71   1241 PM  82    2003  57     14       61
  MINIMUM         36   1159 PM   6    1932  31      5       28
  AVERAGE         54                        44     10       45

PRECIPITATION (IN)
  YESTERDAY        T             0.71 1931   0.04  -0.04     0.00
  MONTH TO DATE    0.50                      0.92  -0.42     2.28
  SINCE SEP 1      2.29                      1.97   0.32     6.06
  SINCE JAN 1      9.31                     10.85  -1.54    13.92

SNOWFALL (IN)
  YESTERDAY        0.0                       0.3   -0.3      0.0
  MONTH TO DATE    T                         6.1   -6.1     14.9
  SINCE SEP 1      T                         8.8   -8.8     19.0
  SINCE JUL 1      T                         8.8   -8.8     19.0
  SNOW DEPTH       0

DEGREE DAYS
 HEATING
  YESTERDAY       11                        21    -10       20
  MONTH TO DATE  259                       367   -108      516
  SINCE SEP 1    412                       586   -174      708
  SINCE JUL 1    456                       626   -170      708

 COOLING
  YESTERDAY        0                         0      0        0
  MONTH TO DATE    0                         0      0        0
  SINCE SEP 1     39                        27     12       65
  SINCE JAN 1    445                       472    -27      743
..................................................................


WIND (MPH)
  HIGHEST WIND SPEED    38   HIGHEST WIND DIRECTION     W (260)
  HIGHEST GUST SPEED    49   HIGHEST GUST DIRECTION     W (250)
  AVERAGE WIND SPEED     7.8


SKY COVER
  POSSIBLE SUNSHINE  MM
  AVERAGE SKY COVER 0.2


WEATHER CONDITIONS
 THE FOLLOWING WEATHER WAS RECORDED YESTERDAY.
  HAZE


RELATIVE HUMIDITY (PERCENT)
 HIGHEST    62           600 AM
 LOWEST     26           100 PM
 AVERAGE    44

..........................................................


THE LANDER WY CLIMATE NORMALS FOR TODAY
                         NORMAL    RECORD    YEAR
 MAXIMUM TEMPERATURE (F)   56        75      2003
                                             1954
 MINIMUM TEMPERATURE (F)   31        11      1936


SUNRISE AND SUNSET
OCTOBER 22 2014.......SUNRISE   737 AM MDT   SUNSET   621 PM MDT
OCTOBER 23 2014.......SUNRISE   738 AM MDT   SUNSET   620 PM MDT


-  INDICATES NEGATIVE NUMBERS.
R  INDICATES RECORD WAS SET OR TIED.
MM INDICATES DATA IS MISSING.
T  INDICATES TRACE AMOUNT.




$$
