000
CDUS45 KRIW 300030
CLILND


CLIMATE REPORT
NATIONAL WEATHER SERVICE RIVERTON WY
629 PM MDT SAT APR 29 2017


...................................

...THE LANDER WY CLIMATE SUMMARY FOR APRIL 29 2017...
VALID TODAY AS OF 0500 PM LOCAL TIME.

CLIMATE NORMAL PERIOD 1981 TO 2010
CLIMATE RECORD PERIOD 1891 TO 2017


WEATHER ITEM   OBSERVED TIME   RECORD YEAR NORMAL DEPARTURE LAST
                VALUE   (LST)  VALUE       VALUE  FROM      YEAR
                                                  NORMAL
..................................................................
TEMPERATURE (F)
 TODAY
  MAXIMUM         37        MM  82    2007  61    -24       40
                                      1992
  MINIMUM         27        MM  15    1935  35     -8       32
  AVERAGE         32                        48    -16       36

PRECIPITATION (IN)
  TODAY            T             2.97 1895   0.07  -0.07     0.27
  MONTH TO DATE    3.26                      1.79   1.47     4.09
  SINCE MAR 1      7.91                      2.95   4.96     8.68
  SINCE JAN 1     10.29                      3.94   6.35     9.60

SNOWFALL (IN)
  TODAY            T                         0.5   -0.5       T
  MONTH TO DATE   17.4                      16.3    1.1      4.9
  SINCE MAR 1     23.1                      32.4   -9.3     38.2
  SINCE JUL 1     84.1                      86.0   -1.9     75.2
  SNOW DEPTH       6

DEGREE DAYS
 HEATING
  TODAY           33                        17     16       29
  MONTH TO DATE  644                       617     27      577
  SINCE MAR 1   1356                      1532   -176     1398
  SINCE JUL 1   7059                      7236   -177     6549

 COOLING
  TODAY            0                         0      0        0
  MONTH TO DATE    0                         0      0        0
  SINCE MAR 1      0                         0      0        0
  SINCE JAN 1      0                         0      0        0
..................................................................


WIND (MPH)
  HIGHEST WIND SPEED    10   HIGHEST WIND DIRECTION    SE (150)
  HIGHEST GUST SPEED    MM   HIGHEST GUST DIRECTION    MM
  AVERAGE WIND SPEED     6.7


SKY COVER
  POSSIBLE SUNSHINE  MM
  AVERAGE SKY COVER 0.6


WEATHER CONDITIONS
 THE FOLLOWING WEATHER WAS RECORDED TODAY.
  NO SIGNIFICANT WEATHER WAS OBSERVED.


RELATIVE HUMIDITY (PERCENT)
 HIGHEST    92          1200 AM
 LOWEST     59           200 PM
 AVERAGE    76

..........................................................


THE LANDER WY CLIMATE NORMALS FOR TOMORROW
                         NORMAL    RECORD    YEAR
 MAXIMUM TEMPERATURE (F)   61        80      1992
                                             1987
 MINIMUM TEMPERATURE (F)   35         6      1909


SUNRISE AND SUNSET
APRIL 29 2017.........SUNRISE   611 AM MDT   SUNSET   814 PM MDT
APRIL 30 2017.........SUNRISE   610 AM MDT   SUNSET   815 PM MDT


-  INDICATES NEGATIVE NUMBERS.
R  INDICATES RECORD WAS SET OR TIED.
MM INDICATES DATA IS MISSING.
T  INDICATES TRACE AMOUNT.




$$
