000
CDUS45 KRIW 270739
CLILND


CLIMATE REPORT
NATIONAL WEATHER SERVICE RIVERTON WY
1239 AM MST SAT DEC 27 2014


...................................

...THE LANDER WY CLIMATE SUMMARY FOR DECEMBER 26 2014...

CLIMATE NORMAL PERIOD 1981 TO 2010
CLIMATE RECORD PERIOD 1891 TO 2014


WEATHER ITEM   OBSERVED TIME   RECORD YEAR NORMAL DEPARTURE LAST
                VALUE   (LST)  VALUE       VALUE  FROM      YEAR
                                                  NORMAL
..................................................................
TEMPERATURE (F)
 YESTERDAY
  MAXIMUM         20   1125 AM  57    1980  32    -12       42
  MINIMUM         12   1159 PM -22    1944   9      3       22
  AVERAGE         16                        20     -4       32

PRECIPITATION (IN)
  YESTERDAY        0.04          0.46 2003   0.01   0.03     0.00
  MONTH TO DATE    1.47                      0.50   0.97     0.42
  SINCE DEC 1      1.47                      0.50   0.97     0.42
  SINCE JAN 1     11.37                     12.58  -1.21    15.27

SNOWFALL (IN)
  YESTERDAY        1.0                       0.2    0.8      0.0
  MONTH TO DATE   16.3                       8.7    7.6      8.0
  SINCE DEC 1     16.3                       8.7    7.6      8.0
  SINCE JUL 1     25.2                      34.3   -9.1     37.5
  SNOW DEPTH      12

DEGREE DAYS
 HEATING
  YESTERDAY       49                        45      4       33
  MONTH TO DATE  960                      1152   -192     1198
  SINCE DEC 1    960                      1152   -192     1198
  SINCE JUL 1   2501                      3025   -524     3086

 COOLING
  YESTERDAY        0                         0      0        0
  MONTH TO DATE    0                         0      0        0
  SINCE DEC 1      0                         0      0        0
  SINCE JAN 1    445                       472    -27      743
..................................................................


WIND (MPH)
  HIGHEST WIND SPEED     9   HIGHEST WIND DIRECTION    SW (240)
  HIGHEST GUST SPEED    10   HIGHEST GUST DIRECTION    SW (240)
  AVERAGE WIND SPEED     2.0


SKY COVER
  POSSIBLE SUNSHINE  MM
  AVERAGE SKY COVER 1.0


WEATHER CONDITIONS
 THE FOLLOWING WEATHER WAS RECORDED YESTERDAY.
  LIGHT SNOW
  FOG


RELATIVE HUMIDITY (PERCENT)
 HIGHEST    92          1200 AM
 LOWEST     73           300 PM
 AVERAGE    83

..........................................................


THE LANDER WY CLIMATE NORMALS FOR TODAY
                         NORMAL    RECORD    YEAR
 MAXIMUM TEMPERATURE (F)   32        56      1898
 MINIMUM TEMPERATURE (F)    9       -21      1916


SUNRISE AND SUNSET
DECEMBER 27 2014......SUNRISE   745 AM MST   SUNSET   448 PM MST
DECEMBER 28 2014......SUNRISE   745 AM MST   SUNSET   448 PM MST


-  INDICATES NEGATIVE NUMBERS.
R  INDICATES RECORD WAS SET OR TIED.
MM INDICATES DATA IS MISSING.
T  INDICATES TRACE AMOUNT.




$$
