000
CDUS45 KRIW 240028
CLILND


CLIMATE REPORT
NATIONAL WEATHER SERVICE RIVERTON WY
628 PM MDT MON OCT 23 2017


...................................

...THE LANDER WY CLIMATE SUMMARY FOR OCTOBER 23 2017...
VALID TODAY AS OF 0500 PM LOCAL TIME.

CLIMATE NORMAL PERIOD 1981 TO 2010
CLIMATE RECORD PERIOD 1891 TO 2017


WEATHER ITEM   OBSERVED TIME   RECORD YEAR NORMAL DEPARTURE LAST
                VALUE   (LST)  VALUE       VALUE  FROM      YEAR
                                                  NORMAL
..................................................................
TEMPERATURE (F)
 TODAY
  MAXIMUM         58        MM  76    2003  56      2       63
  MINIMUM         38        MM   8    1916  30      8       34
                                      1906
  AVERAGE         48                        43      5       49

PRECIPITATION (IN)
  TODAY            0.00          2.01 1923   0.03  -0.03     0.00
  MONTH TO DATE    1.04                      0.99   0.05     0.95
  SINCE SEP 1      1.30                      2.04  -0.74     2.63
  SINCE JAN 1     14.48                     10.92   3.56    18.87

SNOWFALL (IN)
  TODAY            0.0                       0.3   -0.3      0.0
  MONTH TO DATE    4.5                       6.8   -2.3      0.0
  SINCE SEP 1      4.5                       9.5   -5.0      0.0
  SINCE JUL 1      4.5                       9.5   -5.0      0.0
  SNOW DEPTH       0

DEGREE DAYS
 HEATING
  TODAY           17                        22     -5       16
  MONTH TO DATE  460                       411     49      362
  SINCE SEP 1    583                       630    -47      563
  SINCE JUL 1    583                       670    -87      615

 COOLING
  TODAY            0                         0      0        0
  MONTH TO DATE    0                         0      0        0
  SINCE SEP 1      0                        27    -27       34
  SINCE JAN 1    292                       472   -180      562
..................................................................


WIND (MPH)
  HIGHEST WIND SPEED    18   HIGHEST WIND DIRECTION     N (350)
  HIGHEST GUST SPEED    29   HIGHEST GUST DIRECTION     N (340)
  AVERAGE WIND SPEED     7.1


SKY COVER
  POSSIBLE SUNSHINE  MM
  AVERAGE SKY COVER 0.1


WEATHER CONDITIONS
 THE FOLLOWING WEATHER WAS RECORDED TODAY.
  HAZE


RELATIVE HUMIDITY (PERCENT)
 HIGHEST    70           300 AM
 LOWEST     18           300 PM
 AVERAGE    44

..........................................................


THE LANDER WY CLIMATE NORMALS FOR TOMORROW
                         NORMAL    RECORD    YEAR
 MAXIMUM TEMPERATURE (F)   55        75      2014
 MINIMUM TEMPERATURE (F)   30         3      1916


SUNRISE AND SUNSET
OCTOBER 23 2017.......SUNRISE   738 AM MDT   SUNSET   619 PM MDT
OCTOBER 24 2017.......SUNRISE   740 AM MDT   SUNSET   618 PM MDT


-  INDICATES NEGATIVE NUMBERS.
R  INDICATES RECORD WAS SET OR TIED.
MM INDICATES DATA IS MISSING.
T  INDICATES TRACE AMOUNT.




$$
