000
CDUS45 KRIW 230746
CLILND


CLIMATE REPORT
NATIONAL WEATHER SERVICE RIVERTON WY
1246 AM MST SUN NOV 23 2014


...................................

...THE LANDER WY CLIMATE SUMMARY FOR NOVEMBER 22 2014...

CLIMATE NORMAL PERIOD 1981 TO 2010
CLIMATE RECORD PERIOD 1891 TO 2014


WEATHER ITEM   OBSERVED TIME   RECORD YEAR NORMAL DEPARTURE LAST
                VALUE   (LST)  VALUE       VALUE  FROM      YEAR
                                                  NORMAL
..................................................................
TEMPERATURE (F)
 YESTERDAY
  MAXIMUM         MM        MM  64    2006  39     MM       20
                                      1954
                                      1904
  MINIMUM         MM        MM -15    1929  16     MM       -5
  AVERAGE         MM                        28     MM        8

PRECIPITATION (IN)
  YESTERDAY        T             0.84 1895   0.03  -0.03      T
  MONTH TO DATE    0.55                      0.66  -0.11     0.13
  SINCE SEP 1      2.84                      3.00  -0.16     6.99
  SINCE JAN 1      9.86                     11.88  -2.02    14.85

SNOWFALL (IN)
  YESTERDAY        0.0                       0.4   -0.4       T
  MONTH TO DATE    8.5                       9.5   -1.0      3.5
  SINCE SEP 1      8.5                      22.0  -13.5     29.5
  SINCE JUL 1      8.5                      22.0  -13.5     29.5
  SNOW DEPTH       0

DEGREE DAYS
 HEATING
  YESTERDAY       MM                        37     MM       57
  MONTH TO DATE  773                       694     79      656
  SINCE SEP 1   1351                      1515   -164     1601
  SINCE JUL 1   1395                      1555   -160     1601

 COOLING
  YESTERDAY       MM                         0     MM        0
  MONTH TO DATE    0                         0      0        0
  SINCE SEP 1     39                        27     12       65
  SINCE JAN 1    445                       472    -27      743
..................................................................


WIND (MPH)
  HIGHEST WIND SPEED    51   HIGHEST WIND DIRECTION    NW (320)
  HIGHEST GUST SPEED    39   HIGHEST GUST DIRECTION    NE (39)
  AVERAGE WIND SPEED     9.9


SKY COVER
  POSSIBLE SUNSHINE  MM
  AVERAGE SKY COVER  MM


WEATHER CONDITIONS
 THE FOLLOWING WEATHER WAS RECORDED YESTERDAY.
  LIGHT RAIN


RELATIVE HUMIDITY (PERCENT)
 HIGHEST    MM
 LOWEST     MM
 AVERAGE    MM

..........................................................


THE LANDER WY CLIMATE NORMALS FOR TODAY
                         NORMAL    RECORD    YEAR
 MAXIMUM TEMPERATURE (F)   38        65      1915
 MINIMUM TEMPERATURE (F)   16       -18      1985


SUNRISE AND SUNSET
NOVEMBER 23 2014......SUNRISE   717 AM MST   SUNSET   446 PM MST
NOVEMBER 24 2014......SUNRISE   718 AM MST   SUNSET   445 PM MST


-  INDICATES NEGATIVE NUMBERS.
R  INDICATES RECORD WAS SET OR TIED.
MM INDICATES DATA IS MISSING.
T  INDICATES TRACE AMOUNT.




$$
