000
CDUS45 KRIW 030046
CLILND


CLIMATE REPORT
NATIONAL WEATHER SERVICE RIVERTON WY
645 PM MDT TUE JUN 2 2015


...................................

...THE LANDER WY CLIMATE SUMMARY FOR JUNE 2 2015...
VALID TODAY AS OF 0500 PM LOCAL TIME.

CLIMATE NORMAL PERIOD 1981 TO 2010
CLIMATE RECORD PERIOD 1891 TO 2015


WEATHER ITEM   OBSERVED TIME   RECORD YEAR NORMAL DEPARTURE LAST
                VALUE   (LST)  VALUE       VALUE  FROM      YEAR
                                                  NORMAL
..................................................................
TEMPERATURE (F)
 TODAY
  MAXIMUM         76        MM  90    2006  72      4       79
  MINIMUM         46        MM  27    1951  45      1       41
  AVERAGE         61                        58      3       60

PRECIPITATION (IN)
  TODAY            T             1.83 1950   0.06  -0.06     0.00
  MONTH TO DATE    T                         0.12  -0.12     0.08
  SINCE JUN 1      T                         0.12  -0.12     0.08
  SINCE JAN 1     10.52                      6.34   4.18     4.27

SNOWFALL (IN)
  TODAY            0.0                       0.0    0.0      0.0
  MONTH TO DATE    0.0                       0.0    0.0      0.0
  SINCE JUN 1      0.0                       0.0    0.0      0.0
  SINCE JUL 1     73.9                      91.3  -17.4     75.7
  SNOW DEPTH       0

DEGREE DAYS
 HEATING
  TODAY            4                         7     -3        5
  MONTH TO DATE    4                        15    -11       14
  SINCE JUN 1      4                        15    -11       14
  SINCE JUL 1   6941                      7637   -696     7598

 COOLING
  TODAY            0                         1     -1        0
  MONTH TO DATE    2                         2      0        0
  SINCE JUN 1      2                         2      0        0
  SINCE JAN 1      2                         7     -5       18
..................................................................


WIND (MPH)
  HIGHEST WIND SPEED    13   HIGHEST WIND DIRECTION    SE (120)
  HIGHEST GUST SPEED    MM   HIGHEST GUST DIRECTION    MM
  AVERAGE WIND SPEED     4.5


SKY COVER
  POSSIBLE SUNSHINE  MM
  AVERAGE SKY COVER 0.0


WEATHER CONDITIONS
 THE FOLLOWING WEATHER WAS RECORDED TODAY.
  LIGHT RAIN


RELATIVE HUMIDITY (PERCENT)
 HIGHEST    80           100 AM
 LOWEST     36           200 PM
 AVERAGE    58

..........................................................


THE LANDER WY CLIMATE NORMALS FOR TOMORROW
                         NORMAL    RECORD    YEAR
 MAXIMUM TEMPERATURE (F)   73        89      1988
                                             1977
 MINIMUM TEMPERATURE (F)   45        25      1951


SUNRISE AND SUNSET
JUNE  2 2015..........SUNRISE   539 AM MDT   SUNSET   847 PM MDT
JUNE  3 2015..........SUNRISE   538 AM MDT   SUNSET   848 PM MDT


-  INDICATES NEGATIVE NUMBERS.
R  INDICATES RECORD WAS SET OR TIED.
MM INDICATES DATA IS MISSING.
T  INDICATES TRACE AMOUNT.




$$
