000
CDUS45 KRIW 280730
CLILND


CLIMATE REPORT
NATIONAL WEATHER SERVICE RIVERTON WY
130 AM MDT THU AUG 28 2014


...................................

...THE LANDER WY CLIMATE SUMMARY FOR AUGUST 27 2014...

CLIMATE NORMAL PERIOD 1981 TO 2010
CLIMATE RECORD PERIOD 1891 TO 2014


WEATHER ITEM   OBSERVED TIME   RECORD YEAR NORMAL DEPARTURE LAST
                VALUE   (LST)  VALUE       VALUE  FROM      YEAR
                                                  NORMAL
..................................................................
TEMPERATURE (F)
 YESTERDAY
  MAXIMUM         62    558 PM  95    2011  82    -20       87
  MINIMUM         55   1143 AM  36    1903  52      3       59
  AVERAGE         59                        67     -8       73

PRECIPITATION (IN)
  YESTERDAY        0.30          0.67 1895   0.02   0.28     0.00
  MONTH TO DATE    1.44                      0.54   0.90     0.01
  SINCE JUN 1      2.66                      2.59   0.07     0.34
  SINCE JAN 1      6.85                      8.81  -1.96     7.86

SNOWFALL (IN)
  YESTERDAY        0.0                       0.0    0.0      0.0
  MONTH TO DATE    0.0                       0.0    0.0      0.0
  SINCE JUN 1      0.0                       0.1   -0.1      0.0
  SINCE JUL 1      0.0                       0.0    0.0      0.0
  SNOW DEPTH       0

DEGREE DAYS
 HEATING
  YESTERDAY        6                         1      5        0
  MONTH TO DATE   36                        15     21        0
  SINCE JUN 1    175                       157     18       54
  SINCE JUL 1     39                        31      8        0

 COOLING
  YESTERDAY        0                         3     -3        8
  MONTH TO DATE  115                       154    -39      226
  SINCE JUN 1    380                       426    -46      634
  SINCE JAN 1    398                       431    -33      643
..................................................................


WIND (MPH)
  HIGHEST WIND SPEED    15   HIGHEST WIND DIRECTION    SW (230)
  HIGHEST GUST SPEED    18   HIGHEST GUST DIRECTION    NW (300)
  AVERAGE WIND SPEED     6.2


SKY COVER
  POSSIBLE SUNSHINE  MM
  AVERAGE SKY COVER 0.7


WEATHER CONDITIONS
 THE FOLLOWING WEATHER WAS RECORDED YESTERDAY.
  HEAVY RAIN
  LIGHT RAIN
  FOG


RELATIVE HUMIDITY (PERCENT)
 HIGHEST    93          1200 PM
 LOWEST     60           400 AM
 AVERAGE    77

..........................................................


THE LANDER WY CLIMATE NORMALS FOR TODAY
                         NORMAL    RECORD    YEAR
 MAXIMUM TEMPERATURE (F)   82        94      2012
 MINIMUM TEMPERATURE (F)   52        36      1911


SUNRISE AND SUNSET
AUGUST 28 2014........SUNRISE   635 AM MDT   SUNSET   756 PM MDT
AUGUST 29 2014........SUNRISE   636 AM MDT   SUNSET   754 PM MDT


-  INDICATES NEGATIVE NUMBERS.
R  INDICATES RECORD WAS SET OR TIED.
MM INDICATES DATA IS MISSING.
T  INDICATES TRACE AMOUNT.




$$
