000
CDUS45 KRIW 230027
CLILND


CLIMATE REPORT
NATIONAL WEATHER SERVICE RIVERTON WY
626 PM MDT TUE AUG 22 2017


...................................

...THE LANDER WY CLIMATE SUMMARY FOR AUGUST 22 2017...
VALID TODAY AS OF 0500 PM LOCAL TIME.

CLIMATE NORMAL PERIOD 1981 TO 2010
CLIMATE RECORD PERIOD 1891 TO 2017


WEATHER ITEM   OBSERVED TIME   RECORD YEAR NORMAL DEPARTURE LAST
                VALUE   (LST)  VALUE       VALUE  FROM      YEAR
                                                  NORMAL
..................................................................
TEMPERATURE (F)
 TODAY
  MAXIMUM         MM        MM  96    2009  84     MM       90
  MINIMUM         MM        MM  31    1904  53     MM       58
  AVERAGE         MM                        69     MM       74

PRECIPITATION (IN)
  TODAY            0.00          0.40 1957   0.01  -0.01     0.00
  MONTH TO DATE    0.00                      0.46  -0.46     0.51
  SINCE JUN 1      0.69                      2.51  -1.82     1.08
  SINCE JAN 1     13.18                      8.73   4.45    16.23

DEGREE DAYS
 HEATING
  TODAY           MM                         1     MM        0
  MONTH TO DATE   MM                        10     MM       23
  SINCE JUN 1     75                       152    -77       49
  SINCE JUL 1      0                        26    -26       27

 COOLING
  TODAY           MM                         4     MM        9
  MONTH TO DATE   MM                       135     MM      128
  SINCE JUN 1    292                       407   -115      500
  SINCE JAN 1    292                       412   -120      500
..................................................................


WIND (MPH)
  HIGHEST WIND SPEED    MM   HIGHEST WIND DIRECTION    MM
  HIGHEST GUST SPEED    MM   HIGHEST GUST DIRECTION    MM
  AVERAGE WIND SPEED    MM


SKY COVER
  POSSIBLE SUNSHINE  MM
  AVERAGE SKY COVER 0.0


WEATHER CONDITIONS
 THE FOLLOWING WEATHER WAS RECORDED TODAY.
  NO SIGNIFICANT WEATHER WAS OBSERVED.


RELATIVE HUMIDITY (PERCENT)
 HIGHEST    MM
 LOWEST     MM
 AVERAGE    MM

..........................................................


THE LANDER WY CLIMATE NORMALS FOR TOMORROW
                         NORMAL    RECORD    YEAR
 MAXIMUM TEMPERATURE (F)   84        95      1961
 MINIMUM TEMPERATURE (F)   53        33      1899


SUNRISE AND SUNSET
AUGUST 22 2017........SUNRISE   629 AM MDT   SUNSET   805 PM MDT
AUGUST 23 2017........SUNRISE   630 AM MDT   SUNSET   804 PM MDT


-  INDICATES NEGATIVE NUMBERS.
R  INDICATES RECORD WAS SET OR TIED.
MM INDICATES DATA IS MISSING.
T  INDICATES TRACE AMOUNT.




$$
