000
CDUS43 KOAX 030656
CLILNK


CLIMATE REPORT
NATIONAL WEATHER SERVICE OMAHA NEBRASKA
154 AM CDT TUE MAY 3 2016


...................................

...THE LINCOLN, NEBRASKA CLIMATE SUMMARY FOR MAY 2 2016...

CLIMATE NORMAL PERIOD 1981 TO 2010
CLIMATE RECORD PERIOD 1887 TO 2016


WEATHER ITEM   OBSERVED TIME   RECORD YEAR NORMAL DEPARTURE LAST
                VALUE   (LST)  VALUE       VALUE  FROM      YEAR
                                                  NORMAL
..................................................................
TEMPERATURE (F)
 YESTERDAY
  MAXIMUM         67    408 PM  91    1968  70     -3       84
  MINIMUM         48   1003 PM  26    1909  45      3       55
  AVERAGE         58                        58      0       70

PRECIPITATION (IN)
  YESTERDAY        0.00          1.50 1891   0.13  -0.13     0.07
  MONTH TO DATE    0.06                      0.25  -0.19     0.08
  SINCE MAR 1      5.36                      4.89   0.47     2.84
  SINCE JAN 1      6.95                      6.30   0.65     4.68

SNOWFALL (IN)
  YESTERDAY        0.0                       0.0    0.0      0.0
  MONTH TO DATE    0.0                       0.0    0.0      0.0
  SINCE JUL 1     20.5                      25.9   -5.4     21.9
  SNOW DEPTH       0

DEGREE DAYS
 HEATING
  YESTERDAY        7                         8     -1        0
  MONTH TO DATE   24                        17      7        2
  SINCE MAR 1    860                      1207   -347      998
  SINCE JUL 1   4777                      5910  -1133     5685

 COOLING
  YESTERDAY        0                         1     -1        5
  MONTH TO DATE    0                         2     -2        5
  SINCE MAR 1      9                        16     -7       10
  SINCE JAN 1      9                        16     -7       10
..................................................................


WIND (MPH)
  HIGHEST WIND SPEED    12   HIGHEST WIND DIRECTION     N (340)
  HIGHEST GUST SPEED    16   HIGHEST GUST DIRECTION     N (10)
  AVERAGE WIND SPEED     4.6


SKY COVER
  POSSIBLE SUNSHINE  MM
  AVERAGE SKY COVER 0.5


WEATHER CONDITIONS
 THE FOLLOWING WEATHER WAS RECORDED YESTERDAY.
  NO SIGNIFICANT WEATHER WAS OBSERVED.


RELATIVE HUMIDITY (PERCENT)
 HIGHEST    80          1200 AM
 LOWEST     34           200 PM
 AVERAGE    57

..........................................................


THE LINCOLN, NEBRASKA CLIMATE NORMALS FOR TODAY
                         NORMAL    RECORD    YEAR
 MAXIMUM TEMPERATURE (F)   70        91      1949
 MINIMUM TEMPERATURE (F)   46        25      1976


SUNRISE AND SUNSET
MAY  3 2016...........SUNRISE   622 AM CDT   SUNSET   826 PM CDT
MAY  4 2016...........SUNRISE   621 AM CDT   SUNSET   827 PM CDT


-  INDICATES NEGATIVE NUMBERS.
R  INDICATES RECORD WAS SET OR TIED.
MM INDICATES DATA IS MISSING.
T  INDICATES TRACE AMOUNT.




$$
