133
CDUS43 KOAX 240633
CLILNK


CLIMATE REPORT
NATIONAL WEATHER SERVICE OMAHA NEBRASKA
131 AM CDT FRI MAR 24 2017


...................................

...THE LINCOLN, NEBRASKA CLIMATE SUMMARY FOR MARCH 23 2017...

CLIMATE NORMAL PERIOD 1981 TO 2010
CLIMATE RECORD PERIOD 1887 TO 2017


WEATHER ITEM   OBSERVED TIME   RECORD YEAR NORMAL DEPARTURE LAST
                VALUE   (LST)  VALUE       VALUE  FROM      YEAR
                                                  NORMAL
..................................................................
TEMPERATURE (F)
 YESTERDAY
  MAXIMUM         77    314 PM  88    1910  56     21       61
  MINIMUM         48    414 AM   7    1965  30     18       34
  AVERAGE         63                        43     20       48

PRECIPITATION (IN)
  YESTERDAY        T             1.41 1937   0.07  -0.07      T
  MONTH TO DATE    0.07                      1.31  -1.24     0.58
  SINCE MAR 1      0.07                      1.31  -1.24     0.58
  SINCE JAN 1      1.72                      2.72  -1.00     2.17

SNOWFALL (IN)
  YESTERDAY        0.0                       0.1   -0.1       T
  MONTH TO DATE    0.6                       3.8   -3.2       T
  SINCE JUL 1      7.5                      23.5  -16.0     20.5
  SNOW DEPTH       0

DEGREE DAYS
 HEATING
  YESTERDAY        2                        22    -20       17
  MONTH TO DATE  499                       608   -109      397
  SINCE MAR 1    499                       608   -109      397
  SINCE JUL 1   4382                      5311   -929     4314

 COOLING
  YESTERDAY        0                         0      0        0
  MONTH TO DATE    1                         0      1        1
  SINCE MAR 1      1                         0      1        1
  SINCE JAN 1      1                         0      1        1
..................................................................


WIND (MPH)
  HIGHEST WIND SPEED    44   HIGHEST WIND DIRECTION     S (160)
  HIGHEST GUST SPEED    50   HIGHEST GUST DIRECTION     S (170)
  AVERAGE WIND SPEED    18.7


SKY COVER
  POSSIBLE SUNSHINE  MM
  AVERAGE SKY COVER 0.7


WEATHER CONDITIONS
 THE FOLLOWING WEATHER WAS RECORDED YESTERDAY.
  LIGHT RAIN


RELATIVE HUMIDITY (PERCENT)
 HIGHEST    71           700 AM
 LOWEST     42          1200 AM
 AVERAGE    57

..........................................................


THE LINCOLN, NEBRASKA CLIMATE NORMALS FOR TODAY
                         NORMAL    RECORD    YEAR
 MAXIMUM TEMPERATURE (F)   56        83      1967
 MINIMUM TEMPERATURE (F)   31         7      1965


SUNRISE AND SUNSET
MARCH 24 2017.........SUNRISE   723 AM CDT   SUNSET   744 PM CDT
MARCH 25 2017.........SUNRISE   722 AM CDT   SUNSET   745 PM CDT


-  INDICATES NEGATIVE NUMBERS.
R  INDICATES RECORD WAS SET OR TIED.
MM INDICATES DATA IS MISSING.
T  INDICATES TRACE AMOUNT.




$$
