000
CDUS43 KOAX 040652
CLILNK


CLIMATE REPORT
NATIONAL WEATHER SERVICE OMAHA NEBRASKA
1252 AM CST SUN DEC 4 2016


...................................

...THE LINCOLN, NEBRASKA CLIMATE SUMMARY FOR DECEMBER 3 2016...

CLIMATE NORMAL PERIOD 1981 TO 2010
CLIMATE RECORD PERIOD 1887 TO 2016


WEATHER ITEM   OBSERVED TIME   RECORD YEAR NORMAL DEPARTURE LAST
                VALUE   (LST)  VALUE       VALUE  FROM      YEAR
                                                  NORMAL
..................................................................
TEMPERATURE (F)
 YESTERDAY
  MAXIMUM         33   1117 PM  67    1959  41     -8       50
  MINIMUM         20    205 AM  -9    1919  20      0       19
  AVERAGE         27                        30     -3       35

PRECIPITATION (IN)
  YESTERDAY        0.53          0.86 1953   0.04   0.49     0.00
  MONTH TO DATE    0.53                      0.11   0.42      T
  SINCE DEC 1      0.53                      0.11   0.42      T
  SINCE JAN 1     27.81                     28.11  -0.30    36.74

SNOWFALL (IN)
  YESTERDAY        1.5                       0.2    1.3      0.0
  MONTH TO DATE    1.5                       0.5    1.0       T
  SINCE JUL 1      1.5                       3.3   -1.8      1.3
  SNOW DEPTH       0

DEGREE DAYS
 HEATING
  YESTERDAY       38                        35      3       30
  MONTH TO DATE  102                       103     -1       99
  SINCE DEC 1    102                       103     -1       99
  SINCE JUL 1    910                      1364   -454      999

 COOLING
  YESTERDAY        0                         0      0        0
  MONTH TO DATE    0                         0      0        0
  SINCE DEC 1      0                         0      0        0
  SINCE JAN 1   1449                      1173    276     1243
..................................................................


WIND (MPH)
  HIGHEST WIND SPEED     9   HIGHEST WIND DIRECTION    SE (140)
  HIGHEST GUST SPEED    12   HIGHEST GUST DIRECTION    SE (150)
  AVERAGE WIND SPEED     2.2


SKY COVER
  POSSIBLE SUNSHINE  MM
  AVERAGE SKY COVER 0.7


WEATHER CONDITIONS
 THE FOLLOWING WEATHER WAS RECORDED YESTERDAY.
  LIGHT SNOW
  FOG


RELATIVE HUMIDITY (PERCENT)
 HIGHEST   100          1100 PM
 LOWEST     84           100 AM
 AVERAGE    92

..........................................................


THE LINCOLN, NEBRASKA CLIMATE NORMALS FOR TODAY
                         NORMAL    RECORD    YEAR
 MAXIMUM TEMPERATURE (F)   40        66      2001
                                             1916
                                             1888
 MINIMUM TEMPERATURE (F)   19        -3      1902


SUNRISE AND SUNSET
DECEMBER  4 2016......SUNRISE   736 AM CST   SUNSET   459 PM CST
DECEMBER  5 2016......SUNRISE   736 AM CST   SUNSET   459 PM CST


-  INDICATES NEGATIVE NUMBERS.
R  INDICATES RECORD WAS SET OR TIED.
MM INDICATES DATA IS MISSING.
T  INDICATES TRACE AMOUNT.




$$
