000
CDUS43 KOAX 280624
CLILNK


CLIMATE REPORT
NATIONAL WEATHER SERVICE OMAHA NEBRASKA
121 AM CDT WED SEP 28 2016


...................................

...THE LINCOLN, NEBRASKA CLIMATE SUMMARY FOR SEPTEMBER 27 2016...

CLIMATE NORMAL PERIOD 1981 TO 2010
CLIMATE RECORD PERIOD 1887 TO 2016


WEATHER ITEM   OBSERVED TIME   RECORD YEAR NORMAL DEPARTURE LAST
                VALUE   (LST)  VALUE       VALUE  FROM      YEAR
                                                  NORMAL
..................................................................
TEMPERATURE (F)
 YESTERDAY
  MAXIMUM         82    418 PM  93    1956  74      8       85
  MINIMUM         46    643 AM  32    1942  48     -2       55
  AVERAGE         64                        61      3       70

PRECIPITATION (IN)
  YESTERDAY        0.00          1.37 1907   0.09  -0.09     0.00
  MONTH TO DATE    3.38                      2.76   0.62     4.13
  SINCE SEP 1      3.38                      2.76   0.62     4.13
  SINCE JAN 1     24.77                     24.34   0.43    33.46

SNOWFALL (IN)
  YESTERDAY        0.0                       0.0    0.0      0.0
  MONTH TO DATE    0.0                       0.0    0.0      0.0
  SINCE JUL 1      0.0                       0.0    0.0      0.0
  SNOW DEPTH       0

DEGREE DAYS
 HEATING
  YESTERDAY        1                         6     -5        0
  MONTH TO DATE   19                        74    -55       20
  SINCE SEP 1     19                        74    -55       20
  SINCE JUL 1     20                        80    -60       24

 COOLING
  YESTERDAY        0                         2     -2        5
  MONTH TO DATE  203                       118     85      223
  SINCE SEP 1    203                       118     85      223
  SINCE JAN 1   1432                      1153    279     1204
..................................................................


WIND (MPH)
  HIGHEST WIND SPEED    16   HIGHEST WIND DIRECTION    NW (330)
  HIGHEST GUST SPEED    20   HIGHEST GUST DIRECTION    NW (330)
  AVERAGE WIND SPEED     3.1


SKY COVER
  POSSIBLE SUNSHINE  MM
  AVERAGE SKY COVER 0.0


WEATHER CONDITIONS
 THE FOLLOWING WEATHER WAS RECORDED YESTERDAY.
  NO SIGNIFICANT WEATHER WAS OBSERVED.


RELATIVE HUMIDITY (PERCENT)
 HIGHEST    93           200 AM
 LOWEST     26           200 PM
 AVERAGE    60

..........................................................


THE LINCOLN, NEBRASKA CLIMATE NORMALS FOR TODAY
                         NORMAL    RECORD    YEAR
 MAXIMUM TEMPERATURE (F)   74       102      1953
 MINIMUM TEMPERATURE (F)   48        28      1984
                                             1951
                                             1942


SUNRISE AND SUNSET
SEPTEMBER 28 2016.....SUNRISE   721 AM CDT   SUNSET   713 PM CDT
SEPTEMBER 29 2016.....SUNRISE   722 AM CDT   SUNSET   711 PM CDT


-  INDICATES NEGATIVE NUMBERS.
R  INDICATES RECORD WAS SET OR TIED.
MM INDICATES DATA IS MISSING.
T  INDICATES TRACE AMOUNT.


$$

BCM
