000
CDUS43 KOAX 300634
CLILNK


CLIMATE REPORT
NATIONAL WEATHER SERVICE OMAHA NEBRASKA
132 AM CDT SAT JUL 30 2016


...................................

...THE LINCOLN, NEBRASKA CLIMATE SUMMARY FOR JULY 29 2016...

CLIMATE NORMAL PERIOD 1981 TO 2010
CLIMATE RECORD PERIOD 1887 TO 2016


WEATHER ITEM   OBSERVED TIME   RECORD YEAR NORMAL DEPARTURE LAST
                VALUE   (LST)  VALUE       VALUE  FROM      YEAR
                                                  NORMAL
..................................................................
TEMPERATURE (F)
 YESTERDAY
  MAXIMUM         83    357 PM 105    1947  89     -6       88
                                      1917
  MINIMUM         66    544 AM  49    1994  66      0       59
  AVERAGE         75                        77     -2       74

PRECIPITATION (IN)
  YESTERDAY        0.14          1.92 1948   0.11   0.03     0.00
  MONTH TO DATE    4.35                      3.19   1.16     2.39
  SINCE JUN 1      4.93                      7.54  -2.61    10.05
  SINCE JAN 1     17.24                     17.88  -0.64    25.55

SNOWFALL (IN)
  YESTERDAY        0.0                       0.0    0.0      0.0
  MONTH TO DATE    0.0                       0.0    0.0      0.0
  SINCE JUL 1      0.0                       0.0    0.0      0.0
  SNOW DEPTH       0

DEGREE DAYS
 HEATING
  YESTERDAY        0                         0      0        0
  MONTH TO DATE    0                         0      0        1
  SINCE JUN 1      0                        16    -16        1
  SINCE JUL 1      0                         0      0        1

 COOLING
  YESTERDAY       10                        12     -2        9
  MONTH TO DATE  383                       369     14      357
  SINCE JUN 1    803                       611    192      620
  SINCE JAN 1    874                       690    184      672
..................................................................


WIND (MPH)
  HIGHEST WIND SPEED    15   HIGHEST WIND DIRECTION     N (340)
  HIGHEST GUST SPEED    19   HIGHEST GUST DIRECTION     N (340)
  AVERAGE WIND SPEED     6.1


SKY COVER
  POSSIBLE SUNSHINE  MM
  AVERAGE SKY COVER 0.5


WEATHER CONDITIONS
 THE FOLLOWING WEATHER WAS RECORDED YESTERDAY.
  HEAVY RAIN
  LIGHT RAIN
  FOG


RELATIVE HUMIDITY (PERCENT)
 HIGHEST    93           500 AM
 LOWEST     43           500 PM
 AVERAGE    68

..........................................................


THE LINCOLN, NEBRASKA CLIMATE NORMALS FOR TODAY
                         NORMAL    RECORD    YEAR
 MAXIMUM TEMPERATURE (F)   89       106      1917
 MINIMUM TEMPERATURE (F)   66        46      1971


SUNRISE AND SUNSET
JULY 30 2016..........SUNRISE   622 AM CDT   SUNSET   844 PM CDT
JULY 31 2016..........SUNRISE   623 AM CDT   SUNSET   843 PM CDT


-  INDICATES NEGATIVE NUMBERS.
R  INDICATES RECORD WAS SET OR TIED.
MM INDICATES DATA IS MISSING.
T  INDICATES TRACE AMOUNT.




$$
