000
CDUS43 KOAX 300629
CLILNK


CLIMATE REPORT
NATIONAL WEATHER SERVICE OMAHA NEBRASKA
128 AM CDT TUE SEP 30 2014


...................................

...THE LINCOLN, NEBRASKA CLIMATE SUMMARY FOR SEPTEMBER 29 2014...

CLIMATE NORMAL PERIOD 1981 TO 2010
CLIMATE RECORD PERIOD 1887 TO 2014


WEATHER ITEM   OBSERVED TIME   RECORD YEAR NORMAL DEPARTURE LAST
                VALUE   (LST)  VALUE       VALUE  FROM      YEAR
                                                  NORMAL
..................................................................
TEMPERATURE (F)
 YESTERDAY
  MAXIMUM         85    231 PM  94    2002  73     12       78
  MINIMUM         57    607 AM  26    1984  47     10       43
  AVERAGE         71                        60     11       61

PRECIPITATION (IN)
  YESTERDAY        0.00          1.75 1893   0.09  -0.09     0.00
  MONTH TO DATE    3.59                      2.94   0.65     1.99
  SINCE SEP 1      3.59                      2.94   0.65     1.99
  SINCE JAN 1     27.29                     24.52   2.77    22.44

SNOWFALL (IN)
  YESTERDAY        0.0                       0.0    0.0      0.0
  MONTH TO DATE    0.0                       0.0    0.0      0.0
  SINCE JUL 1      0.0                       0.0    0.0      0.0
  SNOW DEPTH       0

DEGREE DAYS
 HEATING
  YESTERDAY        0                         7     -7        4
  MONTH TO DATE   93                        87      6       28
  SINCE SEP 1     93                        87      6       28
  SINCE JUL 1     95                        93      2       31

 COOLING
  YESTERDAY        6                         2      4        0
  MONTH TO DATE  116                       122     -6      202
  SINCE SEP 1    116                       122     -6      202
  SINCE JAN 1   1227                      1157     70     1217
..................................................................


WIND (MPH)
  HIGHEST WIND SPEED    13   HIGHEST WIND DIRECTION    SE (140)
  HIGHEST GUST SPEED    20   HIGHEST GUST DIRECTION     S (180)
  AVERAGE WIND SPEED     3.4


SKY COVER
  POSSIBLE SUNSHINE  MM
  AVERAGE SKY COVER 0.0


WEATHER CONDITIONS
 THE FOLLOWING WEATHER WAS RECORDED YESTERDAY.
  FOG
  HAZE


RELATIVE HUMIDITY (PERCENT)
 HIGHEST    87           500 AM
 LOWEST     40           200 PM
 AVERAGE    64

..........................................................


THE LINCOLN, NEBRASKA CLIMATE NORMALS FOR TODAY
                         NORMAL    RECORD    YEAR
 MAXIMUM TEMPERATURE (F)   73        94      1952
 MINIMUM TEMPERATURE (F)   47        28      1984
                                             1895


SUNRISE AND SUNSET
SEPTEMBER 30 2014.....SUNRISE   723 AM CDT   SUNSET   711 PM CDT
OCTOBER  1 2014.......SUNRISE   724 AM CDT   SUNSET   709 PM CDT


-  INDICATES NEGATIVE NUMBERS.
R  INDICATES RECORD WAS SET OR TIED.
MM INDICATES DATA IS MISSING.
T  INDICATES TRACE AMOUNT.




$$
