000
CDUS43 KOAX 232229
CLILNK


CLIMATE REPORT
NATIONAL WEATHER SERVICE OMAHA NEBRASKA
429 PM CST SUN NOV 23 2014


...................................

...THE LINCOLN, NEBRASKA CLIMATE SUMMARY FOR NOVEMBER 23 2014...
VALID TODAY AS OF 0400 PM LOCAL TIME.

CLIMATE NORMAL PERIOD 1981 TO 2010
CLIMATE RECORD PERIOD 1887 TO 2014


WEATHER ITEM   OBSERVED TIME   RECORD YEAR NORMAL DEPARTURE LAST
                VALUE   (LST)  VALUE       VALUE  FROM      YEAR
                                                  NORMAL
..................................................................
TEMPERATURE (F)
 TODAY
  MAXIMUM         57    148 AM  68    1914  46     11       25
  MINIMUM         42    239 PM  -2    1898  24     18        9
  AVERAGE         50                        35     15       17

PRECIPITATION (IN)
  TODAY            T             1.59 1931   0.04  -0.04     0.00
  MONTH TO DATE    0.47                      1.14  -0.67     1.22
  SINCE SEP 1      9.82                      6.13   3.69     6.04
  SINCE JAN 1     33.52                     27.71   5.81    26.49

SNOWFALL (IN)
  TODAY            0.0                       0.1   -0.1      0.0
  MONTH TO DATE    3.0                       1.3    1.7      0.2
  SINCE JUL 1      3.0                       2.0    1.0      0.2
  SNOW DEPTH       0

DEGREE DAYS
 HEATING
  TODAY           15                        30    -15       48
  MONTH TO DATE  680                       557    123      583
  SINCE SEP 1   1083                      1030     53     1036
  SINCE JUL 1   1085                      1036     49     1039

 COOLING
  TODAY            0                         0      0        0
  MONTH TO DATE    0                         0      0        0
  SINCE SEP 1    126                       138    -12      221
  SINCE JAN 1   1237                      1173     64     1236
..................................................................


WIND (MPH)
  HIGHEST WIND SPEED    38   HIGHEST WIND DIRECTION     N (340)
  HIGHEST GUST SPEED    48   HIGHEST GUST DIRECTION     N (340)
  AVERAGE WIND SPEED    16.6


SKY COVER
  POSSIBLE SUNSHINE  MM
  AVERAGE SKY COVER 1.0


WEATHER CONDITIONS
 THE FOLLOWING WEATHER WAS RECORDED TODAY.
  LIGHT RAIN


RELATIVE HUMIDITY (PERCENT)
 HIGHEST    89           400 AM
 LOWEST     62           400 PM
 AVERAGE    76

..........................................................


THE LINCOLN, NEBRASKA CLIMATE NORMALS FOR TOMORROW
                         NORMAL    RECORD    YEAR
 MAXIMUM TEMPERATURE (F)   45        72      2011
 MINIMUM TEMPERATURE (F)   23         1      1898


SUNRISE AND SUNSET
NOVEMBER 23 2014......SUNRISE   723 AM CST   SUNSET   503 PM CST
NOVEMBER 24 2014......SUNRISE   725 AM CST   SUNSET   503 PM CST


-  INDICATES NEGATIVE NUMBERS.
R  INDICATES RECORD WAS SET OR TIED.
MM INDICATES DATA IS MISSING.
T  INDICATES TRACE AMOUNT.




$$
