000
CDUS43 KOAX 142246
CLILNK


CLIMATE REPORT
NATIONAL WEATHER SERVICE OMAHA NEBRASKA
445 PM CST SUN FEB 14 2016


...................................

...THE LINCOLN, NEBRASKA CLIMATE SUMMARY FOR FEBRUARY 14 2016...
VALID TODAY AS OF 400 PM LOCAL TIME.

CLIMATE NORMAL PERIOD 1981 TO 2010
CLIMATE RECORD PERIOD 1887 TO 2016


WEATHER ITEM   OBSERVED TIME   RECORD YEAR NORMAL DEPARTURE LAST
                VALUE   (LST)  VALUE       VALUE  FROM      YEAR
                                                  NORMAL
..................................................................
TEMPERATURE (F)
 TODAY
  MAXIMUM         42    355 PM  75    1967  40      2       37
  MINIMUM         18   1245 AM -15    1936  18      0       15
  AVERAGE         30                        29      1       26

PRECIPITATION (IN)
  TODAY            T             0.79 2003   0.02  -0.02     0.00
  MONTH TO DATE    0.75                      0.36   0.39     0.82
  SINCE DEC 1      6.00                      1.95   4.05     2.95
  SINCE JAN 1      1.58                      1.00   0.58     1.73

SNOWFALL (IN)
  TODAY            T                         0.2   -0.2      0.0
  MONTH TO DATE    7.3                       3.0    4.3     11.5
  SINCE JUL 1     20.5                      17.1    3.4     20.5
  SNOW DEPTH       T

DEGREE DAYS
 HEATING
  TODAY           35                        36     -1       39
  MONTH TO DATE  542                       533      9      558
  SINCE DEC 1   2692                      2969   -277     2728
  SINCE JUL 1   3592                      4230   -638     4037

 COOLING
  TODAY            0                         0      0        0
  MONTH TO DATE    0                         0      0        0
  SINCE DEC 1      0                         0      0        0
  SINCE JAN 1      0                         0      0        0
..................................................................


WIND (MPH)
  HIGHEST WIND SPEED    18   HIGHEST WIND DIRECTION     S (180)
  HIGHEST GUST SPEED    23   HIGHEST GUST DIRECTION     S (190)
  AVERAGE WIND SPEED     9.5


SKY COVER
  POSSIBLE SUNSHINE  MM
  AVERAGE SKY COVER 0.8


WEATHER CONDITIONS
 THE FOLLOWING WEATHER WAS RECORDED TODAY.
  LIGHT SNOW


RELATIVE HUMIDITY (PERCENT)
 HIGHEST    78          1100 AM
 LOWEST     56          1200 AM
 AVERAGE    67

..........................................................


THE LINCOLN, NEBRASKA CLIMATE NORMALS FOR TOMORROW
                         NORMAL    RECORD    YEAR
 MAXIMUM TEMPERATURE (F)   40        74      1921
 MINIMUM TEMPERATURE (F)   18       -11      1978


SUNRISE AND SUNSET
FEBRUARY 14 2016......SUNRISE   723 AM CST   SUNSET   600 PM CST
FEBRUARY 15 2016......SUNRISE   722 AM CST   SUNSET   601 PM CST


-  INDICATES NEGATIVE NUMBERS.
R  INDICATES RECORD WAS SET OR TIED.
MM INDICATES DATA IS MISSING.
T  INDICATES TRACE AMOUNT.




$$

KLISH
