000
CDUS43 KOAX 262225
CLILNK


CLIMATE REPORT
NATIONAL WEATHER SERVICE OMAHA NEBRASKA
524 PM CDT TUE SEP 26 2017


...................................

...THE LINCOLN, NEBRASKA CLIMATE SUMMARY FOR SEPTEMBER 26 2017...
VALID TODAY AS OF 400 PM LOCAL TIME.

CLIMATE NORMAL PERIOD 1981 TO 2010
CLIMATE RECORD PERIOD 1887 TO 2017


WEATHER ITEM   OBSERVED TIME   RECORD YEAR NORMAL DEPARTURE LAST
                VALUE   (LST)  VALUE       VALUE  FROM      YEAR
                                                  NORMAL
..................................................................
TEMPERATURE (F)
 TODAY
  MAXIMUM         66    259 PM  95    1990  74     -8       78
  MINIMUM         54    753 AM  28    1984  48      6       42
  AVERAGE         60                        61     -1       60

PRECIPITATION (IN)
  TODAY            T             1.60 1936   0.08  -0.08     0.00
  MONTH TO DATE    1.84                      2.67  -0.83     3.38
  SINCE SEP 1      1.84                      2.67  -0.83     3.38
  SINCE JAN 1     31.67                     24.25   7.42    24.77

SNOWFALL (IN)
  TODAY            0.0                       0.0    0.0      0.0
  MONTH TO DATE    0.0                       0.0    0.0      0.0
  SINCE JUL 1      0.0                       0.0    0.0      0.0
  SNOW DEPTH       0

DEGREE DAYS
 HEATING
  TODAY            5                         6     -1        5
  MONTH TO DATE   27                        68    -41       18
  SINCE SEP 1     27                        68    -41       18
  SINCE JUL 1     27                        74    -47       19

 COOLING
  TODAY            0                         2     -2        0
  MONTH TO DATE  195                       116     79      203
  SINCE SEP 1    195                       116     79      203
  SINCE JAN 1   1225                      1151     74     1432
..................................................................


WIND (MPH)
  HIGHEST WIND SPEED    20   HIGHEST WIND DIRECTION     N (340)
  HIGHEST GUST SPEED    26   HIGHEST GUST DIRECTION     N (350)
  AVERAGE WIND SPEED    11.7


SKY COVER
  POSSIBLE SUNSHINE  MM
  AVERAGE SKY COVER 0.8


WEATHER CONDITIONS
 THE FOLLOWING WEATHER WAS RECORDED TODAY.
  LIGHT RAIN


RELATIVE HUMIDITY (PERCENT)
 HIGHEST    93           100 AM
 LOWEST     60           300 PM
 AVERAGE    77

..........................................................


THE LINCOLN, NEBRASKA CLIMATE NORMALS FOR TOMORROW
                         NORMAL    RECORD    YEAR
 MAXIMUM TEMPERATURE (F)   74        93      1956
 MINIMUM TEMPERATURE (F)   48        32      1942


SUNRISE AND SUNSET
SEPTEMBER 26 2017.....SUNRISE   719 AM CDT   SUNSET   717 PM CDT
SEPTEMBER 27 2017.....SUNRISE   720 AM CDT   SUNSET   715 PM CDT


-  INDICATES NEGATIVE NUMBERS.
R  INDICATES RECORD WAS SET OR TIED.
MM INDICATES DATA IS MISSING.
T  INDICATES TRACE AMOUNT.




$$

nws
