720
CDUS43 KOAX 270624
CLILNK


CLIMATE REPORT
NATIONAL WEATHER SERVICE OMAHA NEBRASKA
121 AM CDT THU APR 27 2017


...................................

...THE LINCOLN, NEBRASKA CLIMATE SUMMARY FOR APRIL 26 2017...

CLIMATE NORMAL PERIOD 1981 TO 2010
CLIMATE RECORD PERIOD 1887 TO 2017


WEATHER ITEM   OBSERVED TIME   RECORD YEAR NORMAL DEPARTURE LAST
                VALUE   (LST)  VALUE       VALUE  FROM      YEAR
                                                  NORMAL
..................................................................
TEMPERATURE (F)
 YESTERDAY
  MAXIMUM         46    625 PM  97    1989  68    -22       79
  MINIMUM         37    602 AM  27    1907  43     -6       52
  AVERAGE         42                        55    -13       66

PRECIPITATION (IN)
  YESTERDAY        0.00          1.28 1972   0.11  -0.11     0.61
  MONTH TO DATE    1.64                      2.25  -0.61     2.93
  SINCE MAR 1      3.26                      4.18  -0.92     3.86
  SINCE JAN 1      4.91                      5.59  -0.68     5.45

SNOWFALL (IN)
  YESTERDAY        0.0                       0.0    0.0      0.0
  MONTH TO DATE    0.0                       1.3   -1.3      0.0
  SINCE JUL 1      7.5                      25.8  -18.3     20.5
  SNOW DEPTH       0

DEGREE DAYS
 HEATING
  YESTERDAY       23                        10     13        0
  MONTH TO DATE  266                       378   -112      240
  SINCE MAR 1    920                      1151   -231      778
  SINCE JUL 1   4803                      5854  -1051     4695

 COOLING
  YESTERDAY        0                         1     -1        1
  MONTH TO DATE   12                         9      3        8
  SINCE MAR 1     13                        10      3        9
  SINCE JAN 1     13                        10      3        9
..................................................................


WIND (MPH)
  HIGHEST WIND SPEED    26   HIGHEST WIND DIRECTION     N (350)
  HIGHEST GUST SPEED    33   HIGHEST GUST DIRECTION     N (340)
  AVERAGE WIND SPEED    16.4


SKY COVER
  POSSIBLE SUNSHINE  MM
  AVERAGE SKY COVER 1.0


WEATHER CONDITIONS
 THE FOLLOWING WEATHER WAS RECORDED YESTERDAY.
  NO SIGNIFICANT WEATHER WAS OBSERVED.


RELATIVE HUMIDITY (PERCENT)
 HIGHEST    85          1200 AM
 LOWEST     57          1000 PM
 AVERAGE    71

..........................................................


THE LINCOLN, NEBRASKA CLIMATE NORMALS FOR TODAY
                         NORMAL    RECORD    YEAR
 MAXIMUM TEMPERATURE (F)   68        95      1989
 MINIMUM TEMPERATURE (F)   43        24      1950


SUNRISE AND SUNSET
APRIL 27 2017.........SUNRISE   630 AM CDT   SUNSET   820 PM CDT
APRIL 28 2017.........SUNRISE   629 AM CDT   SUNSET   821 PM CDT


-  INDICATES NEGATIVE NUMBERS.
R  INDICATES RECORD WAS SET OR TIED.
MM INDICATES DATA IS MISSING.
T  INDICATES TRACE AMOUNT.


$$

BCM
