029
CDUS43 KOAX 212231
CLILNK


CLIMATE REPORT
NATIONAL WEATHER SERVICE OMAHA NEBRASKA
431 PM CST SUN JAN 21 2018


...................................

...THE LINCOLN, NEBRASKA CLIMATE SUMMARY FOR JANUARY 21 2018...
VALID TODAY AS OF 0400 PM LOCAL TIME.

CLIMATE NORMAL PERIOD 1981 TO 2010
CLIMATE RECORD PERIOD 1887 TO 2018


WEATHER ITEM   OBSERVED TIME   RECORD YEAR NORMAL DEPARTURE LAST
                VALUE   (LST)  VALUE       VALUE  FROM      YEAR
                                                  NORMAL
..................................................................
TEMPERATURE (F)
 TODAY
  MAXIMUM         41    221 AM  64    1964  36      5       53
  MINIMUM         38    359 PM -17    1888  14     24       28
  AVERAGE         40                        24     16       41

PRECIPITATION (IN)
  TODAY            T             0.55 1915   0.02  -0.02     0.00
  MONTH TO DATE    0.12                      0.41  -0.29     1.00
  SINCE DEC 1      0.50                      1.36  -0.86     2.62
  SINCE JAN 1      0.12                      0.41  -0.29     1.00

SNOWFALL (IN)
  TODAY            0.0                       0.2   -0.2      0.0
  MONTH TO DATE    1.6                       3.4   -1.8      2.0
  SINCE JUL 1      5.9                      12.1   -6.2      3.7
  SNOW DEPTH       0

DEGREE DAYS
 HEATING
  TODAY           25                        40    -15       24
  MONTH TO DATE  924                       856     68      837
  SINCE DEC 1   2067                      2040     27     2020
  SINCE JUL 1   3120                      3301   -181     2828

 COOLING
  TODAY            0                         0      0        0
  MONTH TO DATE    0                         0      0        0
  SINCE DEC 1      0                         0      0        0
  SINCE JAN 1      0                         0      0        0
..................................................................


WIND (MPH)
  HIGHEST WIND SPEED    18   HIGHEST WIND DIRECTION    NE (30)
  HIGHEST GUST SPEED    23   HIGHEST GUST DIRECTION    NE (30)
  AVERAGE WIND SPEED    10.0


SKY COVER
  POSSIBLE SUNSHINE  MM
  AVERAGE SKY COVER 1.0


WEATHER CONDITIONS
 THE FOLLOWING WEATHER WAS RECORDED TODAY.
  LIGHT RAIN
  FOG
  HAZE


RELATIVE HUMIDITY (PERCENT)
 HIGHEST   100           400 PM
 LOWEST     85           300 AM
 AVERAGE    93

..........................................................


THE LINCOLN, NEBRASKA CLIMATE NORMALS FOR TOMORROW
                         NORMAL    RECORD    YEAR
 MAXIMUM TEMPERATURE (F)   36        60      2009
 MINIMUM TEMPERATURE (F)   14       -14      1930


SUNRISE AND SUNSET
JANUARY 21 2018.......SUNRISE   746 AM CST   SUNSET   531 PM CST
JANUARY 22 2018.......SUNRISE   745 AM CST   SUNSET   532 PM CST


-  INDICATES NEGATIVE NUMBERS.
R  INDICATES RECORD WAS SET OR TIED.
MM INDICATES DATA IS MISSING.
T  INDICATES TRACE AMOUNT.




$$
