000
CDUS43 KOAX 270622
CLILNK


CLIMATE REPORT
NATIONAL WEATHER SERVICE OMAHA NEBRASKA
120 AM CDT SAT AUG 27 2016


...................................

...THE LINCOLN, NEBRASKA CLIMATE SUMMARY FOR AUGUST 26 2016...

CLIMATE NORMAL PERIOD 1981 TO 2010
CLIMATE RECORD PERIOD 1887 TO 2016


WEATHER ITEM   OBSERVED TIME   RECORD YEAR NORMAL DEPARTURE LAST
                VALUE   (LST)  VALUE       VALUE  FROM      YEAR
                                                  NORMAL
..................................................................
TEMPERATURE (F)
 YESTERDAY
  MAXIMUM         70    556 PM 105    1926  85    -15       85
  MINIMUM         58    158 AM  48    1988  62     -4       55
                                      1910
  AVERAGE         64                        74    -10       70

PRECIPITATION (IN)
  YESTERDAY        T             1.72 1996   0.12  -0.12     0.00
  MONTH TO DATE    3.30                      2.91   0.39     2.73
  SINCE JUN 1      8.55                     10.66  -2.11    12.78
  SINCE JAN 1     20.86                     21.00  -0.14    28.28

SNOWFALL (IN)
  YESTERDAY        0.0                       0.0    0.0      0.0
  MONTH TO DATE    0.0                       0.0    0.0      0.0
  SINCE JUL 1      0.0                       0.0    0.0      0.0
  SNOW DEPTH       0

DEGREE DAYS
 HEATING
  YESTERDAY        1                         0      1        0
  MONTH TO DATE    1                         0      1        3
  SINCE JUN 1      1                        17    -16        4
  SINCE JUL 1      1                         1      0        4

 COOLING
  YESTERDAY        0                         9     -9        5
  MONTH TO DATE  281                       283     -2      246
  SINCE JUN 1   1103                       915    188      892
  SINCE JAN 1   1174                       994    180      944
..................................................................


WIND (MPH)
  HIGHEST WIND SPEED    16   HIGHEST WIND DIRECTION    SE (150)
  HIGHEST GUST SPEED    20   HIGHEST GUST DIRECTION    SE (140)
  AVERAGE WIND SPEED     6.4


SKY COVER
  POSSIBLE SUNSHINE  MM
  AVERAGE SKY COVER 0.7


WEATHER CONDITIONS
 THE FOLLOWING WEATHER WAS RECORDED YESTERDAY.
  LIGHT RAIN


RELATIVE HUMIDITY (PERCENT)
 HIGHEST    93           200 AM
 LOWEST     73          1000 AM
 AVERAGE    83

..........................................................


THE LINCOLN, NEBRASKA CLIMATE NORMALS FOR TODAY
                         NORMAL    RECORD    YEAR
 MAXIMUM TEMPERATURE (F)   85       104      1913
 MINIMUM TEMPERATURE (F)   62        47      1906


SUNRISE AND SUNSET
AUGUST 27 2016........SUNRISE   649 AM CDT   SUNSET   806 PM CDT
AUGUST 28 2016........SUNRISE   650 AM CDT   SUNSET   805 PM CDT


-  INDICATES NEGATIVE NUMBERS.
R  INDICATES RECORD WAS SET OR TIED.
MM INDICATES DATA IS MISSING.
T  INDICATES TRACE AMOUNT.




$$
