088
CDUS43 KLOT 232243
CLILOT


CLIMATE REPORT
NATIONAL WEATHER SERVICE CHICAGO IL
442 PM CST THU FEB 23 2017


...................................

...THE ROMEOVILLE  WFO CLIMATE SUMMARY FOR FEBRUARY 23 2017...
VALID TODAY AS OF 0400 PM LOCAL TIME.

CLIMATE NORMAL PERIOD 1981 TO 2010
CLIMATE RECORD PERIOD 1992 TO 2017


WEATHER ITEM   OBSERVED TIME   RECORD YEAR NORMAL DEPARTURE
                VALUE   (LST)  VALUE       VALUE  FROM
                                                  NORMAL
...............................................................
TEMPERATURE (F)
 TODAY
  MAXIMUM         56        MM  66    2000  38     18
  MINIMUM         43    400 PM  -4    2015  22     21
  AVERAGE         50                        30     20

PRECIPITATION (IN)
  TODAY            0.00          0.48 1994   0.08  -0.08
  MONTH TO DATE    0.66                      1.38  -0.72
  SINCE DEC 1      4.85                      5.56  -0.71
  SINCE JAN 1      3.33                      3.31   0.02

SNOWFALL (IN)
  TODAY            0.0           6.5  1994   0.2   -0.2
  MONTH TO DATE    1.3                       5.3   -4.0
  SINCE DEC 1     19.4                      25.4   -6.0
  SINCE JUL 1     19.4                      26.3   -6.9

DEGREE DAYS
 HEATING
  TODAY           15                        35    -20
  MONTH TO DATE  619                       880   -261
  SINCE DEC 1   2986                      3342   -356
  SINCE JUL 1   3842                      4561   -719

 COOLING
  TODAY            0                         0      0
  MONTH TO DATE    0                         0      0
  SINCE DEC 1      0                         0      0
  SINCE JAN 1      0                         0      0
...............................................................







THE ROMEOVILLE  WFO CLIMATE NORMALS FOR TOMORROW
                         NORMAL    RECORD    YEAR
 MAXIMUM TEMPERATURE (F)   39        61      2002
 MINIMUM TEMPERATURE (F)   23        -8      1993


SUNRISE AND SUNSET
FEBRUARY 23 2017......SUNRISE   636 AM CST   SUNSET   536 PM CST
FEBRUARY 24 2017......SUNRISE   634 AM CST   SUNSET   537 PM CST


-  INDICATES NEGATIVE NUMBERS.
R  INDICATES RECORD WAS SET OR TIED.
MM INDICATES DATA IS MISSING.
T  INDICATES TRACE AMOUNT.




$$
