000
CDUS43 KLOT 110633
CLILOT


CLIMATE REPORT
NATIONAL WEATHER SERVICE CHICAGO IL
131 AM CDT FRI JUL 11 2014


...................................

...THE ROMEOVILLE  WFO CLIMATE SUMMARY FOR JULY 10 2014...

CLIMATE NORMAL PERIOD 1981 TO 2010
CLIMATE RECORD PERIOD 1992 TO 2014


WEATHER ITEM   OBSERVED RECORD YEAR NORMAL DEPARTURE LAST
                VALUE   VALUE       VALUE  FROM      YEAR
                                           NORMAL
...........................................................
TEMPERATURE (F)
 YESTERDAY
  MAXIMUM         79     93    2001  84     -5       87
  MINIMUM         56     52    1996  64     -8       64
  AVERAGE         68                 74     -6       76

PRECIPITATION (IN)
  YESTERDAY        0.00   1.68 2000   0.14  -0.14     0.00
  MONTH TO DATE    1.51               1.36   0.15     0.21
  SINCE JUN 1     10.73               5.70   5.03     4.65
  SINCE JAN 1     26.10              20.40   5.70    25.64

DEGREE DAYS
 HEATING
  YESTERDAY        0                  0      0
  MONTH TO DATE    3                  0      3
  SINCE JUN 1     15                 33    -18
  SINCE JUL 1      3                  0      3

 COOLING
  YESTERDAY        3                  9     -6
  MONTH TO DATE   48                 90    -42
  SINCE JUN 1    246                270    -24
  SINCE JAN 1    334                328      6
...........................................................







THE ROMEOVILLE  WFO CLIMATE NORMALS FOR TODAY
                         NORMAL    RECORD    YEAR
 MAXIMUM TEMPERATURE (F)   84        92      1995
 MINIMUM TEMPERATURE (F)   64        53      1996


SUNRISE AND SUNSET
JULY 11 2014..........SUNRISE   528 AM CDT   SUNSET   827 PM CDT
JULY 12 2014..........SUNRISE   529 AM CDT   SUNSET   827 PM CDT


-  INDICATES NEGATIVE NUMBERS.
R  INDICATES RECORD WAS SET OR TIED.
MM INDICATES DATA IS MISSING.
T  INDICATES TRACE AMOUNT.




$$
