000
CDUS43 KLOT 230639
CLILOT


CLIMATE REPORT
NATIONAL WEATHER SERVICE CHICAGO IL
139 AM CDT SAT AUG 23 2014


...................................

...THE ROMEOVILLE  WFO CLIMATE SUMMARY FOR AUGUST 22 2014...

CLIMATE NORMAL PERIOD 1981 TO 2010
CLIMATE RECORD PERIOD 1992 TO 2014


WEATHER ITEM   OBSERVED RECORD YEAR NORMAL DEPARTURE LAST
                VALUE   VALUE       VALUE  FROM      YEAR
                                           NORMAL
...........................................................
TEMPERATURE (F)
 YESTERDAY
  MAXIMUM         82     89    2007  82      0       76
                               1996
  MINIMUM         71     51    2004  62      9       63
                               1992
  AVERAGE         77                 72      5       70

PRECIPITATION (IN)
  YESTERDAY        0.46   1.04 2007   0.12   0.34     0.79
  MONTH TO DATE    7.48               2.93   4.55     2.42
  SINCE JUN 1     21.04              11.98   9.06     7.55
  SINCE JAN 1     36.41              26.68   9.73    28.54

DEGREE DAYS
 HEATING
  YESTERDAY        0                  0      0
  MONTH TO DATE    3                  0      3
  SINCE JUN 1     24                 35    -11
  SINCE JUL 1     12                  2     10

 COOLING
  YESTERDAY       12                  7      5
  MONTH TO DATE  142                172    -30
  SINCE JUN 1    484                634   -150
  SINCE JAN 1    572                692   -120
...........................................................







THE ROMEOVILLE  WFO CLIMATE NORMALS FOR TODAY
                         NORMAL    RECORD    YEAR
 MAXIMUM TEMPERATURE (F)   82        91      2012
 MINIMUM TEMPERATURE (F)   62        51      1997


SUNRISE AND SUNSET
AUGUST 23 2014........SUNRISE   609 AM CDT   SUNSET   740 PM CDT
AUGUST 24 2014........SUNRISE   610 AM CDT   SUNSET   738 PM CDT


-  INDICATES NEGATIVE NUMBERS.
R  INDICATES RECORD WAS SET OR TIED.
MM INDICATES DATA IS MISSING.
T  INDICATES TRACE AMOUNT.




$$
