000
CDUS43 KLOT 250634
CLILOT


CLIMATE REPORT
NATIONAL WEATHER SERVICE CHICAGO IL
133 AM CDT SUN SEP 25 2016


...................................

...THE ROMEOVILLE  WFO CLIMATE SUMMARY FOR SEPTEMBER 24 2016...

CLIMATE NORMAL PERIOD 1981 TO 2010
CLIMATE RECORD PERIOD 1992 TO 2016


WEATHER ITEM   OBSERVED RECORD YEAR NORMAL DEPARTURE LAST
                VALUE   VALUE       VALUE  FROM      YEAR
                                           NORMAL
...........................................................
TEMPERATURE (F)
 YESTERDAY
  MAXIMUM         79     91    2007  72      7       79
  MINIMUM         66     36    2012  51     15       58
  AVERAGE         73                 62     11       69

PRECIPITATION (IN)
  YESTERDAY        0.00   0.61 1994   0.11  -0.11     0.00
  MONTH TO DATE    0.80               2.59  -1.79     5.46
  SINCE SEP 1      0.80               2.59  -1.79     5.46
  SINCE JAN 1     30.71              30.41   0.30    33.12

DEGREE DAYS
 HEATING
  YESTERDAY        0                  5     -5
  MONTH TO DATE    1                 54    -53
  SINCE SEP 1      1                 54    -53
  SINCE JUL 1      3                 62    -59

 COOLING
  YESTERDAY        8                  2      6
  MONTH TO DATE  162                 85     77
  SINCE SEP 1    162                 85     77
  SINCE JAN 1   1106                838    268
...........................................................







THE ROMEOVILLE  WFO CLIMATE NORMALS FOR TODAY
                         NORMAL    RECORD    YEAR
 MAXIMUM TEMPERATURE (F)   72        86      1999
 MINIMUM TEMPERATURE (F)   50        39      2001


SUNRISE AND SUNSET
SEPTEMBER 25 2016.....SUNRISE   643 AM CDT   SUNSET   643 PM CDT
SEPTEMBER 26 2016.....SUNRISE   644 AM CDT   SUNSET   642 PM CDT


-  INDICATES NEGATIVE NUMBERS.
R  INDICATES RECORD WAS SET OR TIED.
MM INDICATES DATA IS MISSING.
T  INDICATES TRACE AMOUNT.




$$
