000
CDUS43 KLOT 230635
CLILOT


CLIMATE REPORT
NATIONAL WEATHER SERVICE CHICAGO IL
133 AM CDT WED APR 23 2014


...................................

...THE ROMEOVILLE  WFO CLIMATE SUMMARY FOR APRIL 22 2014...

CLIMATE NORMAL PERIOD 1981 TO 2010
CLIMATE RECORD PERIOD 1992 TO 2014


WEATHER ITEM   OBSERVED RECORD YEAR NORMAL DEPARTURE LAST
                VALUE   VALUE       VALUE  FROM      YEAR
                                           NORMAL
...........................................................
TEMPERATURE (F)
 YESTERDAY
  MAXIMUM         60     83    2007  63     -3       67
  MINIMUM         39     30    1993  42     -3       40
  AVERAGE         50                 53     -3       54

PRECIPITATION (IN)
  YESTERDAY        0.00   1.34 2011   0.14  -0.14     0.00
  MONTH TO DATE    2.49               2.74  -0.25     7.10
  SINCE MAR 1      4.60               5.51  -0.91     9.36
  SINCE JAN 1      9.46               9.22   0.24    15.18

SNOWFALL (IN)
  YESTERDAY        0.0    0.0  2011   0.0    0.0      0.0
                               2010
                               2009
  MONTH TO DATE    1.0                0.5    0.5       T
  SINCE MAR 1     11.2                4.9    6.3     10.2
  SINCE JUL 1     76.7               32.3   44.4     23.2
  SNOW DEPTH       0

DEGREE DAYS
 HEATING
  YESTERDAY       15                 13      2
  MONTH TO DATE  358                361     -3
  SINCE MAR 1   1408               1178    230
  SINCE JUL 1   7012               5906   1106

 COOLING
  YESTERDAY        0                  0      0
  MONTH TO DATE    0                  0      0
  SINCE MAR 1      0                  0      0
  SINCE JAN 1      0                  0      0
...........................................................







THE ROMEOVILLE  WFO CLIMATE NORMALS FOR TODAY
                         NORMAL    RECORD    YEAR
 MAXIMUM TEMPERATURE (F)   64        75      2008
 MINIMUM TEMPERATURE (F)   42        30      2003


SUNRISE AND SUNSET
APRIL 23 2014.........SUNRISE   600 AM CDT   SUNSET   742 PM CDT
APRIL 24 2014.........SUNRISE   559 AM CDT   SUNSET   743 PM CDT


-  INDICATES NEGATIVE NUMBERS.
R  INDICATES RECORD WAS SET OR TIED.
MM INDICATES DATA IS MISSING.
T  INDICATES TRACE AMOUNT.




$$
