000
CDUS43 KLOT 302143
CLILOT


CLIMATE REPORT
NATIONAL WEATHER SERVICE CHICAGO IL
442 PM CDT SAT APR 30 2016


...................................

...THE ROMEOVILLE  WFO CLIMATE SUMMARY FOR APRIL 30 2016...
VALID TODAY AS OF 0400 PM LOCAL TIME.

CLIMATE NORMAL PERIOD 1981 TO 2010
CLIMATE RECORD PERIOD 1992 TO 2016


WEATHER ITEM   OBSERVED TIME   RECORD YEAR NORMAL DEPARTURE
                VALUE   (LST)  VALUE       VALUE  FROM
                                                  NORMAL
...............................................................
TEMPERATURE (F)
 TODAY
  MAXIMUM         49        MM  87    2001  66    -17
  MINIMUM         43        MM  34    2008  45     -2
                                      2005
                                      1994
  AVERAGE         46                        55     -9

PRECIPITATION (IN)
  TODAY            0.22          1.09 2003   0.16   0.06
  MONTH TO DATE    2.43                      3.96  -1.53
  SINCE MAR 1      6.16                      6.73  -0.57
  SINCE JAN 1      8.23                     10.44  -2.21

SNOWFALL (IN)
  TODAY            0.0           0.0  2011   0.0    0.0
                                      2010
                                      2009
  MONTH TO DATE    0.4                       0.5   -0.1
  SINCE MAR 1      2.4                       4.9   -2.5
  SINCE JUL 1     22.3                      32.3  -10.0

DEGREE DAYS
 HEATING
  TODAY           19                        10      9
  MONTH TO DATE  467                       450     17
  SINCE MAR 1   1099                      1266   -167
  SINCE JUL 1   5132                      5994   -862

 COOLING
  TODAY            0                         0      0
  MONTH TO DATE   11                         5      6
  SINCE MAR 1     11                         5      6
  SINCE JAN 1     11                         5      6
...............................................................







THE ROMEOVILLE  WFO CLIMATE NORMALS FOR TOMORROW
                         NORMAL    RECORD    YEAR
 MAXIMUM TEMPERATURE (F)   67        88      1992
 MINIMUM TEMPERATURE (F)   45        32      2005


SUNRISE AND SUNSET
APRIL 30 2016.........SUNRISE   550 AM CDT   SUNSET   750 PM CDT
MAY  1 2016...........SUNRISE   549 AM CDT   SUNSET   751 PM CDT


-  INDICATES NEGATIVE NUMBERS.
R  INDICATES RECORD WAS SET OR TIED.
MM INDICATES DATA IS MISSING.
T  INDICATES TRACE AMOUNT.




$$
