000
CDUS43 KLMK 300635
CLILOU


CLIMATE REPORT
NATIONAL WEATHER SERVICE LOUISVILLE KY
234 AM EDT THU OCT 30 2014


...................................

...THE LOUISVILLE BOWMAN KY CLIMATE SUMMARY FOR OCTOBER 29 2014...

CLIMATE NORMAL PERIOD 1981 TO 2010
CLIMATE RECORD PERIOD 9999 TO 9999


WEATHER ITEM   OBSERVED TIME   RECORD YEAR NORMAL DEPARTURE LAST
                VALUE   (LST)  VALUE       VALUE  FROM      YEAR
                                                  NORMAL
..................................................................
TEMPERATURE (F)
 YESTERDAY
  MAXIMUM         63    300 PM  MM      MM  64     -1       57
  MINIMUM         46   1159 PM  MM      MM  44      2       39
  AVERAGE         55                        54      1       48

PRECIPITATION (IN)
  YESTERDAY        T            MM      MM   0.10  -0.10     0.14
  MONTH TO DATE    3.97                      3.03   0.94     7.90
  SINCE SEP 1      7.11                      6.19   0.92    11.29
  SINCE JAN 1     37.57                     37.73  -0.16    48.35

SNOWFALL (IN)
  YESTERDAY       MM            MM      MM  MM     MM       MM
  MONTH TO DATE   MM                        MM     MM       MM
  SINCE SEP 1     MM                        MM     MM       MM
  SINCE JUL 1     MM                        MM     MM       MM
  SNOW DEPTH      MM

DEGREE DAYS
 HEATING
  YESTERDAY       10                        11     -1       17
  MONTH TO DATE  189                       217    -28      260
  SINCE SEP 1    221                       253    -32      270
  SINCE JUL 1    221                       253    -32      270

 COOLING
  YESTERDAY        0                         0      0        0
  MONTH TO DATE   24                        30     -6       42
  SINCE SEP 1    191                       204    -13      243
  SINCE JAN 1   1536                      1443     93     1446
..................................................................


WIND (MPH)
  HIGHEST WIND SPEED    21   HIGHEST WIND DIRECTION    NW (300)
  HIGHEST GUST SPEED    28   HIGHEST GUST DIRECTION     W (270)
  AVERAGE WIND SPEED     6.8


SKY COVER
  POSSIBLE SUNSHINE  MM
  AVERAGE SKY COVER 0.2


WEATHER CONDITIONS
 THE FOLLOWING WEATHER WAS RECORDED YESTERDAY.
  FOG


RELATIVE HUMIDITY (PERCENT)
 HIGHEST    93           100 AM
 LOWEST     34           200 PM
 AVERAGE    64

..........................................................


THE LOUISVILLE BOWMAN KY CLIMATE NORMALS FOR TODAY
                         NORMAL
 MAXIMUM TEMPERATURE (F)   64
 MINIMUM TEMPERATURE (F)   44


SUNRISE AND SUNSET
OCTOBER 30 2014.......SUNRISE   807 AM EDT   SUNSET   645 PM EDT
OCTOBER 31 2014.......SUNRISE   808 AM EDT   SUNSET   644 PM EDT


-  INDICATES NEGATIVE NUMBERS.
R  INDICATES RECORD WAS SET OR TIED.
MM INDICATES DATA IS MISSING.
T  INDICATES TRACE AMOUNT.




$$
