083
CDUS43 KLMK 270630
CLILOU


CLIMATE REPORT
NATIONAL WEATHER SERVICE LOUISVILLE KY
229 AM EDT FRI MAY 27 2016


...................................

...THE LOUISVILLE BOWMAN KY CLIMATE SUMMARY FOR MAY 26 2016...

CLIMATE NORMAL PERIOD 1981 TO 2010
CLIMATE RECORD PERIOD 9999 TO 9999


WEATHER ITEM   OBSERVED TIME   RECORD YEAR NORMAL DEPARTURE LAST
                VALUE   (LST)  VALUE       VALUE  FROM      YEAR
                                                  NORMAL
..................................................................
TEMPERATURE (F)
 YESTERDAY
  MAXIMUM         81   1257 PM  MM      MM  79      2       83
  MINIMUM         66   1159 PM  MM      MM  59      7       66
  AVERAGE         74                        69      5       75

PRECIPITATION (IN)
  YESTERDAY        0.31         MM      MM   0.14   0.17     0.30
  MONTH TO DATE    4.96                      4.37   0.59     1.93
  SINCE MAR 1     13.64                     12.61   1.03    18.50
  SINCE JAN 1     19.53                     19.17   0.36    21.28

SNOWFALL (IN)
  YESTERDAY       MM            MM      MM  MM     MM       MM
  MONTH TO DATE   MM                        MM     MM       MM
  SINCE MAR 1     MM                        MM     MM       MM
  SINCE JUL 1     MM                        MM     MM       MM
  SNOW DEPTH      MM

DEGREE DAYS
 HEATING
  YESTERDAY        0                         1     -1        0
  MONTH TO DATE  106                        69     37       36
  SINCE MAR 1    701                       899   -198      830
  SINCE JUL 1   3488                      4260   -772     4614

 COOLING
  YESTERDAY        9                         5      4       10
  MONTH TO DATE   53                        83    -30      137
  SINCE MAR 1     91                       117    -26      158
  SINCE JAN 1     91                       117    -26      158
..................................................................


WIND (MPH)
  HIGHEST WIND SPEED    28   HIGHEST WIND DIRECTION     W (290)
  HIGHEST GUST SPEED    37   HIGHEST GUST DIRECTION    NW (310)
  AVERAGE WIND SPEED     5.2


SKY COVER
  POSSIBLE SUNSHINE  MM
  AVERAGE SKY COVER 0.5


WEATHER CONDITIONS
 THE FOLLOWING WEATHER WAS RECORDED YESTERDAY.
  THUNDERSTORM
  HEAVY RAIN
  RAIN
  LIGHT RAIN
  FOG


RELATIVE HUMIDITY (PERCENT)
 HIGHEST    87           800 PM
 LOWEST     62          1100 AM
 AVERAGE    75

..........................................................


THE LOUISVILLE BOWMAN KY CLIMATE NORMALS FOR TODAY
                         NORMAL
 MAXIMUM TEMPERATURE (F)   80
 MINIMUM TEMPERATURE (F)   60


SUNRISE AND SUNSET
MAY 27 2016...........SUNRISE   623 AM EDT   SUNSET   857 PM EDT
MAY 28 2016...........SUNRISE   623 AM EDT   SUNSET   858 PM EDT


-  INDICATES NEGATIVE NUMBERS.
R  INDICATES RECORD WAS SET OR TIED.
MM INDICATES DATA IS MISSING.
T  INDICATES TRACE AMOUNT.




$$
