000
CDUS43 KJKL 292021
CLILOZ

CLIMATE REPORT
NATIONAL WEATHER SERVICE JACKSON KY
421 PM EDT MON AUG 29 2016

...................................

...THE LONDON KY CLIMATE SUMMARY FOR AUGUST 29 2016...
VALID TODAY AS OF 0400 PM LOCAL TIME.

CLIMATE NORMAL PERIOD 1981 TO 2010
CLIMATE RECORD PERIOD 1954 TO 2016

WEATHER ITEM   OBSERVED TIME   RECORD YEAR NORMAL DEPARTURE LAST
                VALUE   (LST)  VALUE       VALUE  FROM      YEAR
                                                  NORMAL
..................................................................
TEMPERATURE (F)
 TODAY
  MAXIMUM         90    254 PM  95    2007  85      5       86
  MINIMUM         68    607 AM  44    1986  63      5       62
  AVERAGE         79                        74      5       74

PRECIPITATION (IN)
  TODAY            0.00          0.57 1990   0.10  -0.10     0.00
  MONTH TO DATE    4.99                      3.49   1.50     2.76
  SINCE JUN 1     15.71                     11.93   3.78    18.96

SNOWFALL (IN)
  TODAY           MM
  MONTH TO DATE   MM
  SINCE JUN 1     MM
  SINCE JUL 1     MM
  SNOW DEPTH      MM

DEGREE DAYS
 HEATING
  TODAY            0                         0      0        0
  MONTH TO DATE    0                         0      0        0
  SINCE JUN 1      2                         9     -7        2
  SINCE JUL 1      0                         0      0        0

 COOLING
  TODAY           14                         9      5        9
  MONTH TO DATE  378                       301     77      260
  SINCE JUN 1   1092                       894    198      957
  SINCE JAN 1   1194                      1008    186     1151
..................................................................

WIND (MPH)
  HIGHEST WIND SPEED     9   HIGHEST WIND DIRECTION    NE (30)
  HIGHEST GUST SPEED    11   HIGHEST GUST DIRECTION    NE (60)
  AVERAGE WIND SPEED     2.2

SKY COVER
  POSSIBLE SUNSHINE  MM
  AVERAGE SKY COVER 0.1

WEATHER CONDITIONS
 THE FOLLOWING WEATHER WAS RECORDED TODAY.
  NO SIGNIFICANT WEATHER WAS OBSERVED.

RELATIVE HUMIDITY (PERCENT)
 HIGHEST    90          1200 AM
 LOWEST     52           300 PM
 AVERAGE    71

..........................................................

THE LONDON KY CLIMATE NORMALS FOR TOMORROW
                         NORMAL    RECORD    YEAR
 MAXIMUM TEMPERATURE (F)   84        94      1957
 MINIMUM TEMPERATURE (F)   63        46      1965

SUNRISE AND SUNSET
AUGUST 29 2016........SUNRISE   705 AM EDT   SUNSET   808 PM EDT
AUGUST 30 2016........SUNRISE   706 AM EDT   SUNSET   807 PM EDT

-  INDICATES NEGATIVE NUMBERS.
R  INDICATES RECORD WAS SET OR TIED.
MM INDICATES DATA IS MISSING.
T  INDICATES TRACE AMOUNT.

$$

CARICO
