941
CDUS43 KJKL 240531
CLILOZ

CLIMATE REPORT
NATIONAL WEATHER SERVICE JACKSON KY
1231 AM EST TUE JAN 24 2017

...................................

...THE LONDON KY CLIMATE SUMMARY FOR JANUARY 23 2017...

CLIMATE NORMAL PERIOD 1981 TO 2010
CLIMATE RECORD PERIOD 1954 TO 2017

WEATHER ITEM   OBSERVED TIME   RECORD YEAR NORMAL DEPARTURE LAST
                VALUE   (LST)  VALUE       VALUE  FROM      YEAR
                                                  NORMAL
..................................................................
TEMPERATURE (F)
 YESTERDAY
  MAXIMUM         54    202 AM  70    1967  45      9       25
  MINIMUM         42   1159 PM -12    1963  26     16        6
  AVERAGE         48                        36     12       16

PRECIPITATION (IN)
  YESTERDAY        0.61          2.01 1999   0.11   0.50     0.02
  MONTH TO DATE    4.05                      2.61   1.44     2.07
  SINCE DEC 1     10.35                      6.85   3.50     7.52
  SINCE JAN 1      4.05                      2.61   1.44     2.07

SNOWFALL (IN)
  YESTERDAY       MM
  MONTH TO DATE   MM
  SINCE DEC 1     MM
  SINCE JUL 1     MM
  SNOW DEPTH      MM

DEGREE DAYS
 HEATING
  YESTERDAY       17                        29    -12       49
  MONTH TO DATE  486                       684   -198      788
  SINCE DEC 1   1280                      1506   -226     1263
  SINCE JUL 1   1871                      2336   -465     1928

 COOLING
  YESTERDAY        0                         0      0        0
  MONTH TO DATE    0                         0      0        0
  SINCE DEC 1      0                         1     -1        0
  SINCE JAN 1      0                         0      0        0
..................................................................

WIND (MPH)
  HIGHEST WIND SPEED    18   HIGHEST WIND DIRECTION     W (280)
  HIGHEST GUST SPEED    26   HIGHEST GUST DIRECTION    NW (330)
  AVERAGE WIND SPEED    11.9

SKY COVER
  POSSIBLE SUNSHINE  MM
  AVERAGE SKY COVER 1.0

WEATHER CONDITIONS
 THE FOLLOWING WEATHER WAS RECORDED YESTERDAY.
  RAIN
  LIGHT RAIN
  FOG

RELATIVE HUMIDITY (PERCENT)
 HIGHEST    93          1200 AM
 LOWEST     86           100 PM
 AVERAGE    90
..........................................................

THE LONDON KY CLIMATE NORMALS FOR TODAY
                         NORMAL    RECORD    YEAR
 MAXIMUM TEMPERATURE (F)   45        74      1972
 MINIMUM TEMPERATURE (F)   26       -18      1963

SUNRISE AND SUNSET
JANUARY 24 2017.......SUNRISE   745 AM EST   SUNSET   553 PM EST
JANUARY 25 2017.......SUNRISE   744 AM EST   SUNSET   554 PM EST

-  INDICATES NEGATIVE NUMBERS.
R  INDICATES RECORD WAS SET OR TIED.
MM INDICATES DATA IS MISSING.
T  INDICATES TRACE AMOUNT.

$$

ABE
