000
CDUS44 KCRP 280827 RRB
CLILRD

CLIMATE REPORT
NATIONAL WEATHER SERVICE CORPUS CHRISTI TX
323 AM CDT SAT MAY 28 2016


...................................

...THE LAREDO CLIMATE SUMMARY FOR MAY 27 2016...

CLIMATE NORMAL PERIOD 1981 TO 2010
CLIMATE RECORD PERIOD 1900 TO 2016


WEATHER ITEM   OBSERVED TIME   RECORD YEAR NORMAL DEPARTURE LAST
                VALUE   (LST)  VALUE       VALUE  FROM      YEAR
                                                  NORMAL
..................................................................
TEMPERATURE (F)
 YESTERDAY
  MAXIMUM        102        MM 110    2011  96      6       93
  MINIMUM         77        MM  57    1901  74      3       78
  AVERAGE         90                        85      5       86

PRECIPITATION (IN)
  YESTERDAY        0.00          4.05 1957   0.08  -0.08     0.00
  MONTH TO DATE    2.33                      2.15   0.18     5.83
  SINCE MAR 1      8.21                      4.69   3.52    13.91
  SINCE JAN 1     10.10                      6.53   3.57    14.79

SNOWFALL (IN)
  YESTERDAY        0.0
  MONTH TO DATE    0.0
  SINCE MAR 1      0.0
  SINCE JUL 1      0.0

DEGREE DAYS
 HEATING
  YESTERDAY        0                         0      0        0
  MONTH TO DATE    0                         0      0        0
  SINCE MAR 1     18                        82    -64      129
  SINCE JUL 1    594                       926   -332     1064

 COOLING
  YESTERDAY       25                        20      5       21
  MONTH TO DATE  424                       463    -39      432
  SINCE MAR 1   1065                       978     87      835
  SINCE JAN 1   1183                      1063    120      883
..................................................................


WIND (MPH)
  HIGHEST WIND SPEED    18   HIGHEST WIND DIRECTION     S (160)
  HIGHEST GUST SPEED    22   HIGHEST GUST DIRECTION     S (160)
  AVERAGE WIND SPEED    11.1


SKY COVER
  POSSIBLE SUNSHINE  MM
  AVERAGE SKY COVER 0.0


WEATHER CONDITIONS
 THE FOLLOWING WEATHER WAS RECORDED YESTERDAY.
  NO SIGNIFICANT WEATHER WAS OBSERVED.


RELATIVE HUMIDITY (PERCENT)
 HIGHEST    85           100 AM
 LOWEST     17           200 PM

..........................................................


THE LAREDO CLIMATE NORMALS FOR TODAY
                         NORMAL    RECORD    YEAR
 MAXIMUM TEMPERATURE (F)   96       112      2011
 MINIMUM TEMPERATURE (F)   74        60      1918


SUNRISE AND SUNSET
MAY 28 2016...........SUNRISE   644 AM CDT   SUNSET   827 PM CDT
MAY 29 2016...........SUNRISE   643 AM CDT   SUNSET   828 PM CDT


-  INDICATES NEGATIVE NUMBERS.
R  INDICATES RECORD WAS SET OR TIED.
MM INDICATES DATA IS MISSING.
T  INDICATES TRACE AMOUNT.

$$

CB
