000
CDUS44 KCRP 232143
CLILRD

CLIMATE REPORT
NATIONAL WEATHER SERVICE CORPUS CHRISTI TX
440 PM CDT SAT SEP 23 2017

...................................

...THE LAREDO CLIMATE SUMMARY FOR SEPTEMBER 23 2017...
VALID AS OF 400 PM LOCAL TIME.

CLIMATE NORMAL PERIOD 1981 TO 2010
CLIMATE RECORD PERIOD 1900 TO 2017


WEATHER ITEM   OBSERVED TIME   RECORD YEAR NORMAL DEPARTURE LAST
                VALUE   (LST)  VALUE       VALUE  FROM      YEAR
                                                  NORMAL
..................................................................
TEMPERATURE (F)
 TODAY
  MAXIMUM         95    300 PM 103    2005  91      4      100
  MINIMUM         79    700 AM  52    1975  71      8       77
  AVERAGE         87                        81      6       89

PRECIPITATION (IN)
  TODAY            0.00          2.95 1946   0.09  -0.09     0.00
  MONTH TO DATE    0.46                      2.32  -1.86     1.17
  SINCE SEP 1      0.46                      2.32  -1.86     1.17
  SINCE JAN 1     13.05                     15.31  -2.26    18.25

SNOWFALL (IN)
  TODAY            0.0
  MONTH TO DATE    0.0
  SINCE SEP 1      0.0
  SINCE JUL 1      0.0
  SNOW DEPTH      MM

DEGREE DAYS
 HEATING
  TODAY            0                         0      0        0
  MONTH TO DATE    0                         0      0        0
  SINCE SEP 1      0                         0      0        0
  SINCE JUL 1      0                         0      0        0

 COOLING
  TODAY           22                        16      6       24
  MONTH TO DATE  479                       434     45      518
  SINCE SEP 1    479                       434     45      518
  SINCE JAN 1   4204                      3677    527     3937
..................................................................


WIND (MPH)
  HIGHEST WIND SPEED    17   HIGHEST WIND DIRECTION    SE (120)
  HIGHEST GUST SPEED    24   HIGHEST GUST DIRECTION    SE (150)


SKY COVER
  POSSIBLE SUNSHINE  MM
  AVERAGE SKY COVER 0.6


WEATHER CONDITIONS
 THE FOLLOWING WEATHER WAS RECORDED TODAY.
  NO SIGNIFICANT WEATHER WAS OBSERVED.


RELATIVE HUMIDITY (PERCENT)
 HIGHEST    61          1000 AM
 LOWEST     36           300 PM
 AVERAGE    49

..........................................................


THE LAREDO CLIMATE NORMALS FOR TOMORROW
                         NORMAL    RECORD    YEAR
 MAXIMUM TEMPERATURE (F)   91       105      2005
 MINIMUM TEMPERATURE (F)   71        50      1975


SUNRISE AND SUNSET
SEPTEMBER 23 2017.....SUNRISE   727 AM CDT   SUNSET   733 PM CDT
SEPTEMBER 24 2017.....SUNRISE   727 AM CDT   SUNSET   732 PM CDT


-  INDICATES NEGATIVE NUMBERS.
R  INDICATES RECORD WAS SET OR TIED.
MM INDICATES DATA IS MISSING.
T  INDICATES TRACE AMOUNT.




$$
