000
CDUS44 KCRP 020015
CLILRD

CLIMATE REPORT
NATIONAL WEATHER SERVICE CORPUS CHRISTI TX
712 PM CDT FRI AUG 1 2014


...................................

...THE LAREDO CLIMATE SUMMARY FOR AUGUST 1 2014...
VALID TODAY AS OF 700 PM LOCAL TIME.

CLIMATE NORMAL PERIOD 1981 TO 2010
CLIMATE RECORD PERIOD 1900 TO 2014


WEATHER ITEM   OBSERVED TIME   RECORD YEAR NORMAL DEPARTURE LAST
                VALUE   (LST)  VALUE       VALUE  FROM      YEAR
                                                  NORMAL
..................................................................
TEMPERATURE (F)
 TODAY
  MAXIMUM        102    500 PM 108    1999 100      2      105
  MINIMUM         81    612 AM  62    1936  77      4       79
  AVERAGE         92                        89      3       92

PRECIPITATION (IN)
  TODAY            0.00          1.21 1995   0.04  -0.04     0.00
  MONTH TO DATE    0.00                      0.04  -0.04     0.00
  SINCE JUN 1      1.89                      4.28  -2.39     4.45
  SINCE JAN 1      6.92                     11.15  -4.23    11.53

SNOWFALL (IN)
  TODAY            0.0
  MONTH TO DATE    0.0
  SINCE JUN 1      0.0
  SINCE JUL 1      0.0

DEGREE DAYS
 HEATING
  TODAY            0                         0      0        0
  MONTH TO DATE    0                         0      0        0
  SINCE JUN 1      0                         0      0        0
  SINCE JUL 1      0                         0      0        0

 COOLING
  TODAY           27                        24      3       27
  MONTH TO DATE   27                        24      3       27
  SINCE JUN 1   1526                      1397    129     1460
  SINCE JAN 1   2651                      2540    111     2661
..................................................................


WIND (MPH)
  HIGHEST WIND SPEED    18   HIGHEST WIND DIRECTION    SE (140)
  HIGHEST GUST SPEED    23   HIGHEST GUST DIRECTION     S (160)


SKY COVER
  POSSIBLE SUNSHINE  MM
  AVERAGE SKY COVER 0.3


WEATHER CONDITIONS
 THE FOLLOWING WEATHER WAS RECORDED TODAY.
  NO SIGNIFICANT WEATHER WAS OBSERVED.


RELATIVE HUMIDITY (PERCENT)
 HIGHEST    77           600 AM
 LOWEST     31           400 PM
 AVERAGE    54

..........................................................


THE LAREDO CLIMATE NORMALS FOR TOMORROW
                         NORMAL    RECORD    YEAR
 MAXIMUM TEMPERATURE (F)  101       109      1999
 MINIMUM TEMPERATURE (F)   77        66      1918


SUNRISE AND SUNSET
AUGUST  1 2014........SUNRISE   701 AM CDT   SUNSET   827 PM CDT
AUGUST  2 2014........SUNRISE   702 AM CDT   SUNSET   826 PM CDT


-  INDICATES NEGATIVE NUMBERS.
R  INDICATES RECORD WAS SET OR TIED.
MM INDICATES DATA IS MISSING.
T  INDICATES TRACE AMOUNT.




$$
