000
CDUS44 KCRP 230836
CLILRD

CLIMATE REPORT
NATIONAL WEATHER SERVICE CORPUS CHRISTI TX
335 AM CDT TUE SEP 23 2014


...................................

...THE LAREDO CLIMATE SUMMARY FOR SEPTEMBER 22 2014...

CLIMATE NORMAL PERIOD 1981 TO 2010
CLIMATE RECORD PERIOD 1900 TO 2014


WEATHER ITEM   OBSERVED TIME   RECORD YEAR NORMAL DEPARTURE LAST
                VALUE   (LST)  VALUE       VALUE  FROM      YEAR
                                                  NORMAL
..................................................................
TEMPERATURE (F)
 YESTERDAY
  MAXIMUM         93    426 PM 107    1909  92      1       90
  MINIMUM         72    636 AM  53    1995  71      1       64
  AVERAGE         83                        81      2       77

PRECIPITATION (IN)
  YESTERDAY        0.00          3.61 1967   0.08  -0.08     0.00
  MONTH TO DATE    2.30                      2.23   0.07     1.59
  SINCE SEP 1      2.30                      2.23   0.07     1.59
  SINCE JAN 1      9.88                     15.22  -5.34    14.46

SNOWFALL (IN)
  YESTERDAY        0.0
  MONTH TO DATE    0.0
  SINCE SEP 1      0.0
  SINCE JUL 1      0.0

DEGREE DAYS
 HEATING
  YESTERDAY        0                         0      0        0
  MONTH TO DATE    0                         0      0        0
  SINCE SEP 1      0                         0      0        0
  SINCE JUL 1      0                         0      0        0

 COOLING
  YESTERDAY       18                        16      2       12
  MONTH TO DATE  436                       418     18      417
  SINCE SEP 1    436                       418     18      417
  SINCE JAN 1   3869                      3661    208     3822
..................................................................


WIND (MPH)
  HIGHEST WIND SPEED    16   HIGHEST WIND DIRECTION     E (90)
  HIGHEST GUST SPEED    20   HIGHEST GUST DIRECTION     E (90)
  AVERAGE WIND SPEED     7.2


SKY COVER
  POSSIBLE SUNSHINE  MM
  AVERAGE SKY COVER 0.1


WEATHER CONDITIONS
 THE FOLLOWING WEATHER WAS RECORDED YESTERDAY.
  NO SIGNIFICANT WEATHER WAS OBSERVED.


RELATIVE HUMIDITY (PERCENT)
 HIGHEST   100           300 AM
 LOWEST     37           400 PM

..........................................................


THE LAREDO CLIMATE NORMALS FOR TODAY
                         NORMAL    RECORD    YEAR
 MAXIMUM TEMPERATURE (F)   91       103      2005
 MINIMUM TEMPERATURE (F)   71        52      1975


SUNRISE AND SUNSET
SEPTEMBER 23 2014.....SUNRISE   727 AM CDT   SUNSET   733 PM CDT
SEPTEMBER 24 2014.....SUNRISE   727 AM CDT   SUNSET   732 PM CDT


-  INDICATES NEGATIVE NUMBERS.
R  INDICATES RECORD WAS SET OR TIED.
MM INDICATES DATA IS MISSING.
T  INDICATES TRACE AMOUNT.




$$
