000
CDUS44 KCRP 040743
CLILRD

CLIMATE REPORT
NATIONAL WEATHER SERVICE CORPUS CHRISTI TX
240 AM CDT TUE AUG 4 2015


...................................

...THE LAREDO CLIMATE SUMMARY FOR AUGUST 3 2015...

CLIMATE NORMAL PERIOD 1981 TO 2010
CLIMATE RECORD PERIOD 1900 TO 2015


WEATHER ITEM   OBSERVED TIME   RECORD YEAR NORMAL DEPARTURE LAST
                VALUE   (LST)  VALUE       VALUE  FROM      YEAR
                                                  NORMAL
..................................................................
TEMPERATURE (F)
 YESTERDAY
  MAXIMUM        104    344 PM 110    1998 101      3       97
  MINIMUM         75    632 AM  63    1978  77     -2       76
  AVERAGE         90                        89      1       87

PRECIPITATION (IN)
  YESTERDAY        0.00          1.27 1939   0.04  -0.04     0.00
  MONTH TO DATE    0.00                      0.11  -0.11     0.48
  SINCE JUN 1      1.26                      4.35  -3.09     2.37
  SINCE JAN 1     19.96                     11.22   8.74     7.40

SNOWFALL (IN)
  YESTERDAY        0.0
  MONTH TO DATE    0.0
  SINCE JUN 1      0.0
  SINCE JUL 1      0.0

DEGREE DAYS
 HEATING
  YESTERDAY        0                         0      0        0
  MONTH TO DATE    0                         0      0        0
  SINCE JUN 1      0                         0      0        0
  SINCE JUL 1      0                         0      0        0

 COOLING
  YESTERDAY       25                        24      1       22
  MONTH TO DATE   73                        72      1       67
  SINCE JUN 1   1432                      1445    -13     1566
  SINCE JAN 1   2374                      2588   -214     2691
..................................................................


WIND (MPH)
  HIGHEST WIND SPEED    24   HIGHEST WIND DIRECTION     E (100)
  HIGHEST GUST SPEED    28   HIGHEST GUST DIRECTION     E (100)
  AVERAGE WIND SPEED     8.6


SKY COVER
  POSSIBLE SUNSHINE  MM
  AVERAGE SKY COVER 0.0


WEATHER CONDITIONS
 THE FOLLOWING WEATHER WAS RECORDED YESTERDAY.
  NO SIGNIFICANT WEATHER WAS OBSERVED.


RELATIVE HUMIDITY (PERCENT)
 HIGHEST    87           600 AM
 LOWEST     23           300 PM

..........................................................


THE LAREDO CLIMATE NORMALS FOR TODAY
                         NORMAL    RECORD    YEAR
 MAXIMUM TEMPERATURE (F)  101       108      2011
                                             1912
 MINIMUM TEMPERATURE (F)   77        69      1976


SUNRISE AND SUNSET
AUGUST  4 2015........SUNRISE   703 AM CDT   SUNSET   825 PM CDT
AUGUST  5 2015........SUNRISE   703 AM CDT   SUNSET   824 PM CDT


-  INDICATES NEGATIVE NUMBERS.
R  INDICATES RECORD WAS SET OR TIED.
MM INDICATES DATA IS MISSING.
T  INDICATES TRACE AMOUNT.




$$
