000
CDUS44 KCRP 230755
CLILRD

CLIMATE REPORT
NATIONAL WEATHER SERVICE CORPUS CHRISTI TX
254 AM CDT SAT AUG 23 2014


...................................

...THE LAREDO CLIMATE SUMMARY FOR AUGUST 22 2014...

CLIMATE NORMAL PERIOD 1981 TO 2010
CLIMATE RECORD PERIOD 1900 TO 2014


WEATHER ITEM   OBSERVED TIME   RECORD YEAR NORMAL DEPARTURE LAST
                VALUE   (LST)  VALUE       VALUE  FROM      YEAR
                                                  NORMAL
..................................................................
TEMPERATURE (F)
 YESTERDAY
  MAXIMUM        106    346 PM 109    1997 100      6       97
  MINIMUM         79    647 AM  62    1940  77      2       77
  AVERAGE         93                        88      5       87

PRECIPITATION (IN)
  YESTERDAY        0.00          1.69 2008   0.07  -0.07     0.00
  MONTH TO DATE    0.49                      1.07  -0.58     0.18
  SINCE JUN 1      2.38                      5.31  -2.93     4.63
  SINCE JAN 1      7.41                     12.18  -4.77    11.71

SNOWFALL (IN)
  YESTERDAY        0.0
  MONTH TO DATE    0.0
  SINCE JUN 1      0.0
  SINCE JUL 1      0.0

DEGREE DAYS
 HEATING
  YESTERDAY        0                         0      0        0
  MONTH TO DATE    0                         0      0        0
  SINCE JUN 1      0                         0      0        0
  SINCE JUL 1      0                         0      0        0

 COOLING
  YESTERDAY       28                        23      5       22
  MONTH TO DATE  576                       526     50      565
  SINCE JUN 1   2075                      1899    176     1998
  SINCE JAN 1   3200                      3042    158     3199
..................................................................


WIND (MPH)
  HIGHEST WIND SPEED    25   HIGHEST WIND DIRECTION    SE (130)
  HIGHEST GUST SPEED    30   HIGHEST GUST DIRECTION    SE (130)
  AVERAGE WIND SPEED    16.0


SKY COVER
  POSSIBLE SUNSHINE  MM
  AVERAGE SKY COVER 0.0


WEATHER CONDITIONS
 THE FOLLOWING WEATHER WAS RECORDED YESTERDAY.
  NO SIGNIFICANT WEATHER WAS OBSERVED.


RELATIVE HUMIDITY (PERCENT)
 HIGHEST    77           700 AM
 LOWEST     17           300 PM

..........................................................


THE LAREDO CLIMATE NORMALS FOR TODAY
                         NORMAL    RECORD    YEAR
 MAXIMUM TEMPERATURE (F)   99       109      1997
 MINIMUM TEMPERATURE (F)   77        63      1973


SUNRISE AND SUNSET
AUGUST 23 2014........SUNRISE   713 AM CDT   SUNSET   808 PM CDT
AUGUST 24 2014........SUNRISE   713 AM CDT   SUNSET   807 PM CDT


-  INDICATES NEGATIVE NUMBERS.
R  INDICATES RECORD WAS SET OR TIED.
MM INDICATES DATA IS MISSING.
T  INDICATES TRACE AMOUNT.

$$
