888
CDUS44 KCRP 220957
CLILRD

CLIMATE REPORT
NATIONAL WEATHER SERVICE CORPUS CHRISTI TX
450 AM CDT FRI MAY 22 2015

...................................

...THE LAREDO CLIMATE SUMMARY FOR MAY 21 2015...

CLIMATE NORMAL PERIOD 1981 TO 2010
CLIMATE RECORD PERIOD 1900 TO 2015


WEATHER ITEM   OBSERVED TIME   RECORD YEAR NORMAL DEPARTURE LAST
                VALUE   (LST)  VALUE       VALUE  FROM      YEAR
                                                  NORMAL
..................................................................
TEMPERATURE (F)
 YESTERDAY
  MAXIMUM         83    333 PM 107    1998  95    -12       95
  MINIMUM         69    645 AM  58    1941  73     -4       76
  AVERAGE         76                        84     -8       86

PRECIPITATION (IN)
  YESTERDAY        1.40          2.65 1914   0.08   1.32      T
  MONTH TO DATE    3.90                      1.68   2.22     1.48
  SINCE MAR 1     11.98                      4.22   7.76     2.59
  SINCE JAN 1     12.86                      6.06   6.80     2.80

SNOWFALL (IN)
  YESTERDAY        0.0
  MONTH TO DATE    0.0
  SINCE MAR 1      0.0
  SINCE JUL 1      0.0

DEGREE DAYS
 HEATING
  YESTERDAY        0                         0      0        0
  MONTH TO DATE    0                         0      0        0
  SINCE MAR 1    129                        82     47      104
  SINCE JUL 1   1064                       926    138     1095

 COOLING
  YESTERDAY       11                        19     -8       21
  MONTH TO DATE  326                       347    -21      297
  SINCE MAR 1    729                       862   -133      819
  SINCE JAN 1    777                       947   -170      931
..................................................................


WIND (MPH)
  HIGHEST WIND SPEED    33   HIGHEST WIND DIRECTION     N (20)
  HIGHEST GUST SPEED    39   HIGHEST GUST DIRECTION     N (10)
  AVERAGE WIND SPEED    11.2


SKY COVER
  POSSIBLE SUNSHINE  MM
  AVERAGE SKY COVER 0.4


WEATHER CONDITIONS
 THE FOLLOWING WEATHER WAS RECORDED YESTERDAY.
  HEAVY RAIN
  LIGHT RAIN
  FOG


RELATIVE HUMIDITY (PERCENT)
 HIGHEST    93           700 AM
 LOWEST     65           300 PM

..........................................................


THE LAREDO CLIMATE NORMALS FOR TODAY
                         NORMAL    RECORD    YEAR
 MAXIMUM TEMPERATURE (F)   95       107      1998
 MINIMUM TEMPERATURE (F)   73        55      1911


SUNRISE AND SUNSET
MAY 22 2015...........SUNRISE   646 AM CDT   SUNSET   824 PM CDT
MAY 23 2015...........SUNRISE   645 AM CDT   SUNSET   824 PM CDT


-  INDICATES NEGATIVE NUMBERS.
R  INDICATES RECORD WAS SET OR TIED.
MM INDICATES DATA IS MISSING.
T  INDICATES TRACE AMOUNT.


$$

87
