000
CDUS44 KCRP 250950
CLILRD

CLIMATE REPORT...CORRECTION
NATIONAL WEATHER SERVICE CORPUS CHRISTI TX
445 AM CDT TUE JUL 25 2017

...THE LAREDO CLIMATE SUMMARY FOR JULY 24 2017...

CLIMATE NORMAL PERIOD 1981 TO 2010
CLIMATE RECORD PERIOD 1900 TO 2017


WEATHER ITEM   OBSERVED TIME   RECORD YEAR NORMAL DEPARTURE LAST
                VALUE   (LST)  VALUE       VALUE  FROM      YEAR
                                                  NORMAL
..................................................................
TEMPERATURE (F)
 YESTERDAY
  MAXIMUM        104        MM 109    1994 100      4      105
  MINIMUM         80        MM  64    1908  77      3       79
  AVERAGE         92                        88      4       92

PRECIPITATION (IN)
  YESTERDAY        0.00          4.00 1919   0.05  -0.05     0.00
  MONTH TO DATE    0.42                      1.70  -1.28     0.04
  SINCE JUN 1      1.38                      3.93  -2.55     1.96
  SINCE JAN 1     11.78                     10.80   0.98    12.47

SNOWFALL (IN)
  YESTERDAY        0.0
  MONTH TO DATE    0.0
  SINCE JUN 1      0.0
  SINCE JUL 1      0.0

DEGREE DAYS
 HEATING
  YESTERDAY        0                         0      0        0
  MONTH TO DATE    0                         0      0        0
  SINCE JUN 1      0                         0      0        0
  SINCE JUL 1      0                         0      0        0

 COOLING
  YESTERDAY       27                        23      4       27
  MONTH TO DATE  589                       552     37      634
  SINCE JUN 1   1271                      1212     59     1277
  SINCE JAN 1   2794                      2355    439     2541
..................................................................


WIND (MPH)
  HIGHEST WIND SPEED    21   HIGHEST WIND DIRECTION    SE (150)
  HIGHEST GUST SPEED    32   HIGHEST GUST DIRECTION    SE (140)
  AVERAGE WIND SPEED    15.8


SKY COVER
  POSSIBLE SUNSHINE  MM
  AVERAGE SKY COVER 0.0


WEATHER CONDITIONS
 THE FOLLOWING WEATHER WAS RECORDED YESTERDAY.
  HAZE


RELATIVE HUMIDITY (PERCENT)
 HIGHEST    74           400 AM
 LOWEST     25           300 PM

..........................................................


THE LAREDO CLIMATE NORMALS FOR TODAY
                         NORMAL    RECORD    YEAR
 MAXIMUM TEMPERATURE (F)  100       110      1994
 MINIMUM TEMPERATURE (F)   77        66      1915


SUNRISE AND SUNSET
JULY 25 2017..........SUNRISE   658 AM CDT   SUNSET   831 PM CDT
JULY 26 2017..........SUNRISE   658 AM CDT   SUNSET   830 PM CDT


-  INDICATES NEGATIVE NUMBERS.
R  INDICATES RECORD WAS SET OR TIED.
MM INDICATES DATA IS MISSING.
T  INDICATES TRACE AMOUNT.

$$

87
