000
CDUS44 KCRP 060946
CLILRD

CLIMATE REPORT
NATIONAL WEATHER SERVICE CORPUS CHRISTI TX
343 AM CST TUE DEC 6 2016


...................................

...THE LAREDO CLIMATE SUMMARY FOR DECEMBER 5 2016...

CLIMATE NORMAL PERIOD 1981 TO 2010
CLIMATE RECORD PERIOD 1900 TO 2016


WEATHER ITEM   OBSERVED TIME   RECORD YEAR NORMAL DEPARTURE LAST
                VALUE   (LST)  VALUE       VALUE  FROM      YEAR
                                                  NORMAL
..................................................................
TEMPERATURE (F)
 YESTERDAY
  MAXIMUM         67    400 PM  95    1933  70     -3       73
  MINIMUM         51    800 AM  26    1929  49      2       44
  AVERAGE         59                        59      0       59

PRECIPITATION (IN)
  YESTERDAY        0.03          1.60 1974   0.02   0.01     0.00
  MONTH TO DATE    1.41                      0.13   1.28     0.00
  SINCE DEC 1      1.41                      0.13   1.28     0.00
  SINCE JAN 1     24.29                     19.45   4.84    25.97

SNOWFALL (IN)
  YESTERDAY        0.0
  MONTH TO DATE    0.0
  SINCE DEC 1      0.0
  SINCE JUL 1      0.0

DEGREE DAYS
 HEATING
  YESTERDAY        6                         7     -1        6
  MONTH TO DATE   20                        35    -15       41
  SINCE DEC 1     20                        35    -15       41
  SINCE JUL 1     37                       150   -113      112

 COOLING
  YESTERDAY        0                         1     -1        0
  MONTH TO DATE    6                         9     -3        0
  SINCE DEC 1      6                         9     -3        0
  SINCE JAN 1   4732                      4264    468     4325
..................................................................


WIND (MPH)
  HIGHEST WIND SPEED    13   HIGHEST WIND DIRECTION     W (270)
  HIGHEST GUST SPEED    22   HIGHEST GUST DIRECTION     W (270)
  AVERAGE WIND SPEED     8.1


SKY COVER
  POSSIBLE SUNSHINE  MM
  AVERAGE SKY COVER 0.5


WEATHER CONDITIONS
 THE FOLLOWING WEATHER WAS RECORDED YESTERDAY.
  RAIN
  LIGHT RAIN
  FOG


RELATIVE HUMIDITY (PERCENT)
 HIGHEST   100           100 AM
 LOWEST     58           400 PM

..........................................................


THE LAREDO CLIMATE NORMALS FOR TODAY
                         NORMAL    RECORD    YEAR
 MAXIMUM TEMPERATURE (F)   69        95      1951
 MINIMUM TEMPERATURE (F)   48        29      1950


SUNRISE AND SUNSET
DECEMBER  6 2016......SUNRISE   715 AM CST   SUNSET   543 PM CST
DECEMBER  7 2016......SUNRISE   716 AM CST   SUNSET   543 PM CST


-  INDICATES NEGATIVE NUMBERS.
R  INDICATES RECORD WAS SET OR TIED.
MM INDICATES DATA IS MISSING.
T  INDICATES TRACE AMOUNT.

$$

GW
