446
CDUS44 KCRP 262149 RRA
CLILRD

CLIMATE REPORT
NATIONAL WEATHER SERVICE CORPUS CHRISTI TX
446 PM CDT FRI MAY 26 2017


...................................

...THE LAREDO CLIMATE SUMMARY FOR MAY 26 2017...
VALID TODAY AS OF 0400 PM LOCAL TIME.

CLIMATE NORMAL PERIOD 1981 TO 2010
CLIMATE RECORD PERIOD 1900 TO 2017


WEATHER ITEM   OBSERVED TIME   RECORD YEAR NORMAL DEPARTURE LAST
                VALUE   (LST)  VALUE       VALUE  FROM      YEAR
                                                  NORMAL
..................................................................
TEMPERATURE (F)
 TODAY
  MAXIMUM         96        MM 109    1973  96      0       96
  MINIMUM         78        MM  59    1941  74      4       77
  AVERAGE         87                        85      2       87

PRECIPITATION (IN)
  TODAY            0.00          4.00 1929   0.08  -0.08     0.00
  MONTH TO DATE    4.08                      2.07   2.01     2.33
  SINCE MAR 1      7.90                      4.61   3.29     8.21
  SINCE JAN 1      8.87                      6.45   2.42    10.10

SNOWFALL (IN)
  TODAY            0.0
  MONTH TO DATE    0.0
  SINCE MAR 1      0.0
  SINCE JUL 1      0.0

DEGREE DAYS
 HEATING
  TODAY            0                         0      0        0
  MONTH TO DATE    0                         0      0        0
  SINCE MAR 1     16                        82    -66       18
  SINCE JUL 1    396                       926   -530      594

 COOLING
  TODAY           22                        20      2       22
  MONTH TO DATE  447                       443      4      399
  SINCE MAR 1   1115                       958    157     1040
  SINCE JAN 1   1421                      1043    378     1158
..................................................................


WIND (MPH)
  HIGHEST WIND SPEED    MM   HIGHEST WIND DIRECTION    MM
  HIGHEST GUST SPEED    MM   HIGHEST GUST DIRECTION    MM


SKY COVER
  POSSIBLE SUNSHINE  MM
  AVERAGE SKY COVER 0.8


WEATHER CONDITIONS
 THE FOLLOWING WEATHER WAS RECORDED TODAY.
  NO SIGNIFICANT WEATHER WAS OBSERVED.


RELATIVE HUMIDITY (PERCENT)
 HIGHEST    85           100 AM
 LOWEST     51           300 PM
 AVERAGE    68

..........................................................


THE LAREDO CLIMATE NORMALS FOR TOMORROW
                         NORMAL    RECORD    YEAR
 MAXIMUM TEMPERATURE (F)   96       110      2011
 MINIMUM TEMPERATURE (F)   74        57      1901


SUNRISE AND SUNSET
MAY 26 2017...........SUNRISE   644 AM CDT   SUNSET   826 PM CDT
MAY 27 2017...........SUNRISE   644 AM CDT   SUNSET   827 PM CDT


-  INDICATES NEGATIVE NUMBERS.
R  INDICATES RECORD WAS SET OR TIED.
MM INDICATES DATA IS MISSING.
T  INDICATES TRACE AMOUNT.




$$

CB
