000
CDUS44 KCRP 230931
CLILRD

CLIMATE REPORT
NATIONAL WEATHER SERVICE CORPUS CHRISTI TX
427 AM CDT SUN APR 23 2017

...THE LAREDO CLIMATE SUMMARY FOR APRIL 22 2017...

CLIMATE NORMAL PERIOD 1981 TO 2010
CLIMATE RECORD PERIOD 1900 TO 2017


WEATHER ITEM   OBSERVED TIME   RECORD YEAR NORMAL DEPARTURE LAST
                VALUE   (LST)  VALUE       VALUE  FROM      YEAR
                                                  NORMAL
..................................................................
TEMPERATURE (F)
 YESTERDAY
  MAXIMUM         87        MM 107    1999  89     -2       91
  MINIMUM         63        MM  47    1907  66     -3       69
  AVERAGE         75                        78     -3       80

PRECIPITATION (IN)
  YESTERDAY        0.00          1.69 1962   0.05  -0.05     0.00
  MONTH TO DATE    1.48                      0.93   0.55     0.40
  SINCE MAR 1      3.82                      2.05   1.77     4.37
  SINCE JAN 1      4.79                      3.89   0.90     6.26

SNOWFALL (IN)
  YESTERDAY        0.0
  MONTH TO DATE    0.0
  SINCE MAR 1      0.0
  SINCE JUL 1      0.0

DEGREE DAYS
 HEATING
  YESTERDAY        0                         0      0        0
  MONTH TO DATE    0                        12    -12        0
  SINCE MAR 1     16                        81    -65       18
  SINCE JUL 1    396                       925   -529      594

 COOLING
  YESTERDAY       10                        13     -3       15
  MONTH TO DATE  274                       234     40      237
  SINCE MAR 1    550                       407    143      494
  SINCE JAN 1    856                       492    364      612
..................................................................


WIND (MPH)
  HIGHEST WIND SPEED    23   HIGHEST WIND DIRECTION    NW (320)
  HIGHEST GUST SPEED    33   HIGHEST GUST DIRECTION    NW (310)
  AVERAGE WIND SPEED    13.2


SKY COVER
  POSSIBLE SUNSHINE  MM
  AVERAGE SKY COVER 0.7


WEATHER CONDITIONS
 THE FOLLOWING WEATHER WAS RECORDED YESTERDAY.
  NO SIGNIFICANT WEATHER WAS OBSERVED.


RELATIVE HUMIDITY (PERCENT)
 HIGHEST    93           700 AM
 LOWEST     58           900 PM

..........................................................


THE LAREDO CLIMATE NORMALS FOR TODAY
                         NORMAL    RECORD    YEAR
 MAXIMUM TEMPERATURE (F)   89       109      1958
 MINIMUM TEMPERATURE (F)   66        47      1907


SUNRISE AND SUNSET
APRIL 23 2017.........SUNRISE   705 AM CDT   SUNSET   807 PM CDT
APRIL 24 2017.........SUNRISE   704 AM CDT   SUNSET   808 PM CDT


-  INDICATES NEGATIVE NUMBERS.
R  INDICATES RECORD WAS SET OR TIED.
MM INDICATES DATA IS MISSING.
T  INDICATES TRACE AMOUNT.


$$

87
