000
CDUS44 KCRP 180027
CLILRD

CLIMATE REPORT
NATIONAL WEATHER SERVICE CORPUS CHRISTI TX
619 PM CST WED DEC 17 2014


...................................

...THE LAREDO CLIMATE SUMMARY FOR DECEMBER 17 2014...
VALID TODAY AS OF 600 PM LOCAL TIME.

CLIMATE NORMAL PERIOD 1981 TO 2010
CLIMATE RECORD PERIOD 1900 TO 2014


WEATHER ITEM   OBSERVED TIME   RECORD YEAR NORMAL DEPARTURE LAST
                VALUE   (LST)  VALUE       VALUE  FROM      YEAR
                                                  NORMAL
..................................................................
TEMPERATURE (F)
 TODAY
  MAXIMUM         62    457 PM  87    1924  67     -5       76
  MINIMUM         55    800 AM  22    1932  46      9       42
  AVERAGE         59                        57      2       59

PRECIPITATION (IN)
  TODAY            0.01          1.34 1926   0.03  -0.02     0.00
  MONTH TO DATE    0.13                      0.44  -0.31     0.01
  SINCE DEC 1      0.13                      0.44  -0.31     0.01
  SINCE JAN 1     15.80                     19.76  -3.96    20.41

SNOWFALL (IN)
  TODAY            0.0
  MONTH TO DATE    0.0
  SINCE DEC 1      0.0
  SINCE JUL 1      0.0

DEGREE DAYS
 HEATING
  TODAY            6                         9     -3        6
  MONTH TO DATE   42                       137    -95      181
  SINCE DEC 1     42                       137    -95      181
  SINCE JUL 1    200                       252    -52      346

 COOLING
  TODAY            0                         1     -1        0
  MONTH TO DATE   33                        21     12       23
  SINCE DEC 1     33                        21     12       23
  SINCE JAN 1   4508                      4276    232     4505
..................................................................


WIND (MPH)
  HIGHEST WIND SPEED     9   HIGHEST WIND DIRECTION    NW (300)
  HIGHEST GUST SPEED    10   HIGHEST GUST DIRECTION    NW (300)


SKY COVER
  POSSIBLE SUNSHINE  MM
  AVERAGE SKY COVER 1.0


WEATHER CONDITIONS
 THE FOLLOWING WEATHER WAS RECORDED TODAY.
  LIGHT RAIN
  FOG


RELATIVE HUMIDITY (PERCENT)
 HIGHEST   100           800 AM
 LOWEST     83           600 AM
 AVERAGE    92

..........................................................


THE LAREDO CLIMATE NORMALS FOR TOMORROW
                         NORMAL    RECORD    YEAR
 MAXIMUM TEMPERATURE (F)   67        89      2012
 MINIMUM TEMPERATURE (F)   46        24      1996


SUNRISE AND SUNSET
DECEMBER 17 2014......SUNRISE   722 AM CST   SUNSET   546 PM CST
DECEMBER 18 2014......SUNRISE   722 AM CST   SUNSET   547 PM CST


-  INDICATES NEGATIVE NUMBERS.
R  INDICATES RECORD WAS SET OR TIED.
MM INDICATES DATA IS MISSING.
T  INDICATES TRACE AMOUNT.




$$
