000
CDUS43 KARX 230645
CLILSE


CLIMATE REPORT
NATIONAL WEATHER SERVICE LA CROSSE WI
1244 AM CST FRI FEB 23 2018


...................................

...THE LA CROSSE WI CLIMATE SUMMARY FOR FEBRUARY 22 2018...

CLIMATE NORMAL PERIOD 1981 TO 2010
CLIMATE RECORD PERIOD 1873 TO 2018


WEATHER ITEM   OBSERVED TIME   RECORD YEAR NORMAL DEPARTURE LAST
                VALUE   (LST)  VALUE       VALUE  FROM      YEAR
                                                  NORMAL
..................................................................
TEMPERATURE (F)
 YESTERDAY
  MAXIMUM         33   1159 PM  63    2017  34     -1       63
  MINIMUM         18    126 AM -22    1873  16      2       41
  AVERAGE         26                        25      1       52

PRECIPITATION (IN)
  YESTERDAY        0.03          2.05 1922   0.04  -0.01      T
  MONTH TO DATE    0.70                      0.78  -0.08     0.58
  SINCE DEC 1      2.61                      3.26  -0.65     5.46
  SINCE JAN 1      2.08                      1.90   0.18     3.27

SNOWFALL (IN)
  YESTERDAY        0.3           8.8  1928   0.2    0.1      0.0
  MONTH TO DATE    8.0                       6.5    1.5      0.5
  SINCE JUL 1     23.2                      32.8   -9.6     30.8
  SNOW DEPTH       T

DEGREE DAYS
 HEATING
  YESTERDAY       39                        40     -1       13
  MONTH TO DATE 1042                       959     83      696
  SINCE JUL 1   5027                      5278   -251     4093

 COOLING
  YESTERDAY        0                         0      0        0
  MONTH TO DATE    0                         0      0        0
  SINCE JAN 1      0                         0      0        0
..................................................................


WIND (MPH)
  HIGHEST WIND SPEED    14   HIGHEST WIND DIRECTION    SE (130)
  HIGHEST GUST SPEED    20   HIGHEST GUST DIRECTION    SE (130)
  AVERAGE WIND SPEED     5.6


SKY COVER
  POSSIBLE SUNSHINE  MM
  AVERAGE SKY COVER 0.9


WEATHER CONDITIONS
 THE FOLLOWING WEATHER WAS RECORDED YESTERDAY.
  LT FREEZING RAIN
  LIGHT SNOW
  FOG


RELATIVE HUMIDITY (PERCENT)
 HIGHEST    92           900 PM
 LOWEST     51           500 PM
 AVERAGE    72

..........................................................


THE LA CROSSE WI CLIMATE NORMALS FOR TODAY
                         NORMAL    RECORD    YEAR
 MAXIMUM TEMPERATURE (F)   34        62      2000
 MINIMUM TEMPERATURE (F)   17       -29      1873


SUNRISE AND SUNSET
FEBRUARY 23 2018......SUNRISE   652 AM CST   SUNSET   546 PM CST
FEBRUARY 24 2018......SUNRISE   650 AM CST   SUNSET   547 PM CST


-  INDICATES NEGATIVE NUMBERS.
R  INDICATES RECORD WAS SET OR TIED.
MM INDICATES DATA IS MISSING.
T  INDICATES TRACE AMOUNT.




$$
