000
CDUS43 KARX 282126
CLILSE


CLIMATE REPORT
NATIONAL WEATHER SERVICE LA CROSSE WI
426 PM CDT SAT MAR 28 2015


...................................

...THE LA CROSSE WI CLIMATE SUMMARY FOR MARCH 28 2015...
VALID TODAY AS OF 0400 PM LOCAL TIME.

CLIMATE NORMAL PERIOD 1981 TO 2010
CLIMATE RECORD PERIOD 1873 TO 2015


WEATHER ITEM   OBSERVED TIME   RECORD YEAR NORMAL DEPARTURE LAST
                VALUE   (LST)  VALUE       VALUE  FROM      YEAR
                                                  NORMAL
..................................................................
TEMPERATURE (F)
 TODAY
  MAXIMUM         43    259 PM  80    1986  50     -7       44
                                      1910
  MINIMUM         20    554 AM   4    1923  30    -10       31
  AVERAGE         32                        40     -8       38

PRECIPITATION (IN)
  TODAY            0.00          0.93 1931   0.08  -0.08     0.00
  MONTH TO DATE    0.78                      1.79  -1.01     1.31
  SINCE MAR 1      0.78                      1.79  -1.01     1.31
  SINCE JAN 1      1.99                      3.96  -1.97     3.67

SNOWFALL (IN)
  TODAY            0.0           9.8  1931   0.1   -0.1      0.0
  MONTH TO DATE    9.9                       6.7    3.2      5.7
  SINCE JUL 1     38.3                      41.2   -2.9     46.6
  SNOW DEPTH       T

DEGREE DAYS
 HEATING
  TODAY           33                        25      8       27
  MONTH TO DATE  829                       872    -43     1096
  SINCE JUL 1   6435                      6381     54     7286

 COOLING
  TODAY            0                         0      0        0
  MONTH TO DATE    0                         0      0        0
  SINCE JAN 1      0                         0      0        0
..................................................................


WIND (MPH)
  HIGHEST WIND SPEED    18   HIGHEST WIND DIRECTION     S (170)
  HIGHEST GUST SPEED    24   HIGHEST GUST DIRECTION    SE (150)
  AVERAGE WIND SPEED     5.6


SKY COVER
  POSSIBLE SUNSHINE  MM
  AVERAGE SKY COVER 0.1


WEATHER CONDITIONS
 THE FOLLOWING WEATHER WAS RECORDED TODAY.
  NO SIGNIFICANT WEATHER WAS OBSERVED.


RELATIVE HUMIDITY (PERCENT)
 HIGHEST    84           600 AM
 LOWEST     27           200 PM
 AVERAGE    56

..........................................................


THE LA CROSSE WI CLIMATE NORMALS FOR TOMORROW
                         NORMAL    RECORD    YEAR
 MAXIMUM TEMPERATURE (F)   51        84      1986
 MINIMUM TEMPERATURE (F)   31         1      1969


SUNRISE AND SUNSET
MARCH 28 2015.........SUNRISE   654 AM CDT   SUNSET   727 PM CDT
MARCH 29 2015.........SUNRISE   652 AM CDT   SUNSET   728 PM CDT


-  INDICATES NEGATIVE NUMBERS.
R  INDICATES RECORD WAS SET OR TIED.
MM INDICATES DATA IS MISSING.
T  INDICATES TRACE AMOUNT.




$$
