000
CDUS43 KARX 280643
CLILSE


CLIMATE REPORT
NATIONAL WEATHER SERVICE LA CROSSE WI
1242 AM CST SUN DEC 28 2014


...................................

...THE LA CROSSE WI CLIMATE SUMMARY FOR DECEMBER 27 2014...

CLIMATE NORMAL PERIOD 1981 TO 2010
CLIMATE RECORD PERIOD 1873 TO 2014


WEATHER ITEM   OBSERVED TIME   RECORD YEAR NORMAL DEPARTURE LAST
                VALUE   (LST)  VALUE       VALUE  FROM      YEAR
                                                  NORMAL
..................................................................
TEMPERATURE (F)
 YESTERDAY
  MAXIMUM         34    352 AM  51    1936  26      8       40
  MINIMUM         14   1149 PM -23    1880  11      3       10
                                      1872
  AVERAGE         24                        18      6       25

PRECIPITATION (IN)
  YESTERDAY        0.11          0.86 1904   0.03   0.08     0.00
  MONTH TO DATE    1.10                      1.22  -0.12     1.45
  SINCE DEC 1      1.10                      1.22  -0.12     1.45
  SINCE JAN 1     37.69                     32.92   4.77    35.82

SNOWFALL (IN)
  YESTERDAY        0.5           2.0  1973   0.3    0.2      0.0
  MONTH TO DATE    2.0                      10.0   -8.0     12.0
  SINCE JUL 1      9.8                      14.3   -4.5     13.0
  SNOW DEPTH       1

DEGREE DAYS
 HEATING
  YESTERDAY       41                        46     -5       40
  MONTH TO DATE  924                      1156   -232     1300
  SINCE JUL 1   2524                      2656   -132     2704

 COOLING
  YESTERDAY        0                         0      0        0
  MONTH TO DATE    0                         0      0        0
  SINCE JAN 1    822                       782     40      917
..................................................................


WIND (MPH)
  HIGHEST WIND SPEED    20   HIGHEST WIND DIRECTION    NW (300)
  HIGHEST GUST SPEED    23   HIGHEST GUST DIRECTION    NW (310)
  AVERAGE WIND SPEED     9.9


SKY COVER
  POSSIBLE SUNSHINE  MM
  AVERAGE SKY COVER 0.8


WEATHER CONDITIONS
 THE FOLLOWING WEATHER WAS RECORDED YESTERDAY.
  LIGHT RAIN
  LIGHT SNOW
  FOG


RELATIVE HUMIDITY (PERCENT)
 HIGHEST    96          1200 AM
 LOWEST     67          1100 PM
 AVERAGE    82

..........................................................


THE LA CROSSE WI CLIMATE NORMALS FOR TODAY
                         NORMAL    RECORD    YEAR
 MAXIMUM TEMPERATURE (F)   26        60      1984
 MINIMUM TEMPERATURE (F)   11       -25      1880


SUNRISE AND SUNSET
DECEMBER 28 2014......SUNRISE   739 AM CST   SUNSET   435 PM CST
DECEMBER 29 2014......SUNRISE   739 AM CST   SUNSET   435 PM CST


-  INDICATES NEGATIVE NUMBERS.
R  INDICATES RECORD WAS SET OR TIED.
MM INDICATES DATA IS MISSING.
T  INDICATES TRACE AMOUNT.




$$
