000
CDUS46 KMTR 010826
CLILVK


CLIMATE REPORT
NATIONAL WEATHER SERVICE SAN FRANCISCO BAY AREA
126 AM PDT MON SEP 1 2014


...................................

...THE LIVERMORE AIRPORT CLIMATE SUMMARY FOR AUGUST 31 2014...

CLIMATE NORMAL PERIOD 1981 TO 2010
CLIMATE RECORD PERIOD 1930 TO 2014


WEATHER ITEM   OBSERVED TIME   RECORD YEAR NORMAL DEPARTURE LAST
                VALUE   (LST)  VALUE       VALUE  FROM      YEAR
                                                  NORMAL
..................................................................
TEMPERATURE (F)
 YESTERDAY
  MAXIMUM         93    255 PM 106    1955  87      6       87
  MINIMUM         59    535 AM  46    1973  57      2       62
  AVERAGE         76                        72      4       75

PRECIPITATION (IN)
  YESTERDAY        0.00          0.12 1964   0.00   0.00     0.00
  MONTH TO DATE    0.00                      0.01  -0.01     0.00
  SINCE JUL 1      T                         0.01  -0.01     0.00
  SINCE JAN 1      4.88                      9.91  -5.03     2.12

DEGREE DAYS
 HEATING
  YESTERDAY        0                         0      0        0
  MONTH TO DATE    0                         0      0        0
  SINCE JUN 1      4                        39    -35        5
  SINCE JUL 1      0                         7     -7        0

 COOLING
  YESTERDAY       11                         7      4       10
  MONTH TO DATE  268                       231     37      256
  SINCE JUN 1    788                       572    216      723
  SINCE JAN 1    914                       625    289      824
..................................................................


WIND (MPH)
  RESULTANT WIND SPEED   7   RESULTANT WIND DIRECTION   W (290)
  HIGHEST WIND SPEED    16   HIGHEST WIND DIRECTION    NW (300)
  HIGHEST GUST SPEED    20   HIGHEST GUST DIRECTION    NW (300)
  AVERAGE WIND SPEED     7.5


SKY COVER
  POSSIBLE SUNSHINE  MM
  AVERAGE SKY COVER 0.0


WEATHER CONDITIONS
 THE FOLLOWING WEATHER WAS RECORDED YESTERDAY.
  NO SIGNIFICANT WEATHER WAS OBSERVED.


RELATIVE HUMIDITY (PERCENT)
 HIGHEST    90           400 AM
 LOWEST     21           300 PM
 AVERAGE    56

..........................................................


THE LIVERMORE AIRPORT CLIMATE NORMALS FOR TODAY
                         NORMAL    RECORD    YEAR
 MAXIMUM TEMPERATURE (F)   87       109      1952
 MINIMUM TEMPERATURE (F)   57        41      1960


SUNRISE AND SUNSET
SEPTEMBER  1 2014.....SUNRISE   637 AM PDT   SUNSET   736 PM PDT
SEPTEMBER  2 2014.....SUNRISE   638 AM PDT   SUNSET   735 PM PDT


-  INDICATES NEGATIVE NUMBERS.
R  INDICATES RECORD WAS SET OR TIED.
MM INDICATES DATA IS MISSING.
T  INDICATES TRACE AMOUNT.




$$
