000
CDUS46 KMTR 260826
CLILVK


CLIMATE REPORT
NATIONAL WEATHER SERVICE SAN FRANCISCO BAY AREA
125 AM PDT WED JUL 26 2017


...................................

...THE LIVERMORE AIRPORT CLIMATE SUMMARY FOR JULY 25 2017...

CLIMATE NORMAL PERIOD 1981 TO 2010
CLIMATE RECORD PERIOD 1930 TO 2017


WEATHER ITEM   OBSERVED TIME   RECORD YEAR NORMAL DEPARTURE LAST
                VALUE   (LST)  VALUE       VALUE  FROM      YEAR
                                                  NORMAL
..................................................................
TEMPERATURE (F)
 YESTERDAY
  MAXIMUM         87    224 PM 111    1980  88     -1       97
  MINIMUM         58    536 AM  42    1977  57      1       56
  AVERAGE         73                        73      0       77

PRECIPITATION (IN)
  YESTERDAY        0.00          0.08 1946   0.00   0.00     0.00
  MONTH TO DATE    0.00                      0.00   0.00     0.00
  SINCE OCT 1     25.38                     15.48   9.90    15.38
  SINCE JAN 1     18.92                      9.90   9.02    10.38

DEGREE DAYS
 HEATING
  YESTERDAY        0                         0      0        0
  MONTH TO DATE    0                         0      0        0
  SINCE JUN 1     20                        32    -12        8
  SINCE JUL 1      0                         0      0        0

 COOLING
  YESTERDAY        8                         8      0       12
  MONTH TO DATE  247                       186     61      170
  SINCE JUN 1    436                       296    140      378
  SINCE JAN 1    511                       349    162      450
..................................................................


WIND (MPH)
  RESULTANT WIND SPEED   6   RESULTANT WIND DIRECTION   W (280)
  HIGHEST WIND SPEED    17   HIGHEST WIND DIRECTION    NW (310)
  HIGHEST GUST SPEED    20   HIGHEST GUST DIRECTION     W (290)
  AVERAGE WIND SPEED     7.4


SKY COVER
  POSSIBLE SUNSHINE  MM
  AVERAGE SKY COVER 0.0


WEATHER CONDITIONS
 THE FOLLOWING WEATHER WAS RECORDED YESTERDAY.
  NO SIGNIFICANT WEATHER WAS OBSERVED.


RELATIVE HUMIDITY (PERCENT)
 HIGHEST    80           400 AM
 LOWEST     34           100 PM
 AVERAGE    57

..........................................................


THE LIVERMORE AIRPORT CLIMATE NORMALS FOR TODAY
                         NORMAL    RECORD    YEAR
 MAXIMUM TEMPERATURE (F)   88       109      1933
 MINIMUM TEMPERATURE (F)   57        48      1984


SUNRISE AND SUNSET
JULY 26 2017..........SUNRISE   606 AM PDT   SUNSET   821 PM PDT
JULY 27 2017..........SUNRISE   607 AM PDT   SUNSET   820 PM PDT


-  INDICATES NEGATIVE NUMBERS.
R  INDICATES RECORD WAS SET OR TIED.
MM INDICATES DATA IS MISSING.
T  INDICATES TRACE AMOUNT.




$$
