000
CDUS46 KMTR 050039
CLILVK


CLIMATE REPORT
NATIONAL WEATHER SERVICE SAN FRANCISCO BAY AREA
539 PM PDT WED MAY 4 2016


...................................

...THE LIVERMORE AIRPORT CLIMATE SUMMARY FOR MAY 4 2016...
VALID TODAY AS OF 0500 PM LOCAL TIME.

CLIMATE NORMAL PERIOD 1981 TO 2010
CLIMATE RECORD PERIOD 1930 TO 2016


WEATHER ITEM   OBSERVED TIME   RECORD YEAR NORMAL DEPARTURE LAST
                VALUE   (LST)  VALUE       VALUE  FROM      YEAR
                                                  NORMAL
..................................................................
TEMPERATURE (F)
 TODAY
  MAXIMUM         72    346 PM  96    1990  73     -1       69
  MINIMUM         55    612 AM  32    1952  48      7       51
  AVERAGE         64                        60      4       60

PRECIPITATION (IN)
  TODAY            0.00          0.42 1998   0.03  -0.03     0.00
  MONTH TO DATE    0.00                      0.12  -0.12     0.00
  SINCE OCT 1     15.18                     14.94   0.24    13.04
  SINCE JAN 1     10.18                      9.36   0.82     3.42

DEGREE DAYS
 HEATING
  TODAY            1                         5     -4        5
  MONTH TO DATE    1                        22    -21        7
  SINCE MAR 1    421                       637   -216      301
  SINCE JUL 1   2126                      2644   -518     1487

 COOLING
  TODAY            0                         1     -1        0
  MONTH TO DATE    1                         4     -3       11
  SINCE MAR 1      9                        13     -4       31
  SINCE JAN 1      9                        13     -4       31
..................................................................


WIND (MPH)
  RESULTANT WIND SPEED   7   RESULTANT WIND DIRECTION   W (290)
  HIGHEST WIND SPEED    17   HIGHEST WIND DIRECTION     W (290)
  HIGHEST GUST SPEED    20   HIGHEST GUST DIRECTION     W (290)
  AVERAGE WIND SPEED     8.5


SKY COVER
  POSSIBLE SUNSHINE  MM
  AVERAGE SKY COVER 0.2


WEATHER CONDITIONS
 THE FOLLOWING WEATHER WAS RECORDED TODAY.
  NO SIGNIFICANT WEATHER WAS OBSERVED.


RELATIVE HUMIDITY (PERCENT)
 HIGHEST    77           100 AM
 LOWEST     44           400 PM
 AVERAGE    61

..........................................................


THE LIVERMORE AIRPORT CLIMATE NORMALS FOR TOMORROW
                         NORMAL    RECORD    YEAR
 MAXIMUM TEMPERATURE (F)   74        97      1987
 MINIMUM TEMPERATURE (F)   48        32      1952


SUNRISE AND SUNSET
MAY  4 2016...........SUNRISE   608 AM PDT   SUNSET   801 PM PDT
MAY  5 2016...........SUNRISE   607 AM PDT   SUNSET   802 PM PDT


-  INDICATES NEGATIVE NUMBERS.
R  INDICATES RECORD WAS SET OR TIED.
MM INDICATES DATA IS MISSING.
T  INDICATES TRACE AMOUNT.




$$
