000
CDUS46 KMTR 290845
CLILVK


CLIMATE REPORT
NATIONAL WEATHER SERVICE SAN FRANCISCO BAY AREA
145 AM PDT WED MAR 29 2017


...................................

...THE LIVERMORE AIRPORT CLIMATE SUMMARY FOR MARCH 28 2017...

CLIMATE NORMAL PERIOD 1981 TO 2010
CLIMATE RECORD PERIOD 1930 TO 2017


WEATHER ITEM   OBSERVED TIME   RECORD YEAR NORMAL DEPARTURE LAST
                VALUE   (LST)  VALUE       VALUE  FROM      YEAR
                                                  NORMAL
..................................................................
TEMPERATURE (F)
 YESTERDAY
  MAXIMUM         72    416 PM  83    2015  65      7       60
  MINIMUM         41    424 AM  30    1972  43     -2       44
  AVERAGE         57                        54      3       52

PRECIPITATION (IN)
  YESTERDAY        0.00          0.96 1963   0.07  -0.07     0.02
  MONTH TO DATE    1.83                      2.00  -0.17     3.54
  SINCE OCT 1     23.33                     13.62   9.71    13.51
  SINCE JAN 1     16.87                      8.04   8.83     8.51

DEGREE DAYS
 HEATING
  YESTERDAY        8                        11     -3       13
  MONTH TO DATE  259                       322    -63      248
  SINCE MAR 1    259                       322    -63      248
  SINCE JUL 1   2118                      2329   -211     1953

 COOLING
  YESTERDAY        0                         0      0        0
  MONTH TO DATE    0                         0      0        0
  SINCE MAR 1      0                         0      0        0
  SINCE JAN 1      0                         0      0        0
..................................................................


WIND (MPH)
  RESULTANT WIND SPEED   3   RESULTANT WIND DIRECTION   N (10)
  HIGHEST WIND SPEED    17   HIGHEST WIND DIRECTION    NE (30)
  HIGHEST GUST SPEED    22   HIGHEST GUST DIRECTION     N (20)
  AVERAGE WIND SPEED     4.9


SKY COVER
  POSSIBLE SUNSHINE  MM
  AVERAGE SKY COVER 0.0


WEATHER CONDITIONS
 THE FOLLOWING WEATHER WAS RECORDED YESTERDAY.
  NO SIGNIFICANT WEATHER WAS OBSERVED.


RELATIVE HUMIDITY (PERCENT)
 HIGHEST    89           100 AM
 LOWEST     29           200 PM
 AVERAGE    59

..........................................................


THE LIVERMORE AIRPORT CLIMATE NORMALS FOR TODAY
                         NORMAL    RECORD    YEAR
 MAXIMUM TEMPERATURE (F)   65        86      2015
 MINIMUM TEMPERATURE (F)   43        31      1977


SUNRISE AND SUNSET
MARCH 29 2017.........SUNRISE   657 AM PDT   SUNSET   728 PM PDT
MARCH 30 2017.........SUNRISE   655 AM PDT   SUNSET   729 PM PDT


-  INDICATES NEGATIVE NUMBERS.
R  INDICATES RECORD WAS SET OR TIED.
MM INDICATES DATA IS MISSING.
T  INDICATES TRACE AMOUNT.




$$
