000
CDUS43 KTOP 182139
CLILWC


CLIMATE REPORT
NATIONAL WEATHER SERVICE TOPEKA KS
437 PM CDT FRI APR 18 2014


...................................

...THE LAWRENCE KS CLIMATE SUMMARY FOR APRIL 18 2014...
VALID TODAY AS OF 0400 PM LOCAL TIME.

CLIMATE NORMAL PERIOD 1981 TO 2010
CLIMATE RECORD PERIOD 9999 TO 9999


WEATHER ITEM   OBSERVED NORMAL DEPARTURE LAST
                VALUE   VALUE  FROM      YEAR
                               NORMAL
...............................................
TEMPERATURE (F)
 TODAY
  MAXIMUM         70     68      2       45
  MINIMUM         28     44    -16       36
  AVERAGE         49     56     -7       41

PRECIPITATION (IN)
  TODAY            0.00   0.14  -0.14     0.30
  MONTH TO DATE    1.96   1.97  -0.01     2.40
  SINCE MAR 1      2.93   4.59  -1.66     4.08
  SINCE JAN 1      3.98   6.90  -2.92     6.80

DEGREE DAYS
 HEATING
  TODAY           16     10      6       24
  MONTH TO DATE  280    226     54      299
  SINCE MAR 1   1021    867    154     1115
  SINCE JUL 1   5447   4882    565     4946

 COOLING
  TODAY            0      1     -1        0
  MONTH TO DATE    5     11     -6        0
  SINCE MAR 1      5     14     -9        0
  SINCE JAN 1      5     14     -9        0
...............................................


WIND (MPH)
  HIGHEST WIND SPEED    14   HIGHEST WIND DIRECTION    SE (150)
  HIGHEST GUST SPEED    19   HIGHEST GUST DIRECTION    SE (140)
  AVERAGE WIND SPEED     3.2



WEATHER CONDITIONS
 THE FOLLOWING WEATHER WAS RECORDED TODAY.
  FOG
  HAZE


RELATIVE HUMIDITY (PERCENT)
 HIGHEST    96
 LOWEST     36
 AVERAGE    66

..........................................................


THE LAWRENCE KS CLIMATE NORMALS FOR TOMORROW
                         NORMAL
 MAXIMUM TEMPERATURE (F)   68
 MINIMUM TEMPERATURE (F)   44


SUNRISE AND SUNSET
APRIL 18 2014.........SUNRISE   640 AM CDT   SUNSET   801 PM CDT
APRIL 19 2014.........SUNRISE   639 AM CDT   SUNSET   802 PM CDT


-  INDICATES NEGATIVE NUMBERS.
R  INDICATES RECORD WAS SET OR TIED.
MM INDICATES DATA IS MISSING.
T  INDICATES TRACE AMOUNT.

$$
