000
CDUS43 KTOP 180633
CLILWC


CLIMATE REPORT
NATIONAL WEATHER SERVICE TOPEKA KS
1232 AM CST THU DEC 18 2014


...................................

...THE LAWRENCE KS CLIMATE SUMMARY FOR DECEMBER 17 2014...

CLIMATE NORMAL PERIOD 1981 TO 2010
CLIMATE RECORD PERIOD 9999 TO 9999


WEATHER ITEM   OBSERVED NORMAL DEPARTURE LAST
                VALUE   VALUE  FROM      YEAR
                               NORMAL
...............................................
TEMPERATURE (F)
 YESTERDAY
  MAXIMUM         31     41    -10       51
  MINIMUM         23     21      2       20
  AVERAGE         27     31     -4       36

PRECIPITATION (IN)
  YESTERDAY        0.08   0.04   0.04     0.00
  MONTH TO DATE    1.61   0.76   0.85     0.10
  SINCE DEC 1      1.61   0.76   0.85     0.10
  SINCE JAN 1     36.62  37.84  -1.22    28.05

DEGREE DAYS
 HEATING
  YESTERDAY       38     34      4       29
  MONTH TO DATE  472    540    -68      617
  SINCE DEC 1    472    540    -68      617
  SINCE JUL 1   1652   1548    104     1647

 COOLING
  YESTERDAY        0      0      0        0
  MONTH TO DATE    0      0      0        0
  SINCE DEC 1      0      0      0        0
  SINCE JAN 1   1426   1371     55     1492
...............................................


WIND (MPH)
  HIGHEST WIND SPEED    10   HIGHEST WIND DIRECTION     N (350)
  HIGHEST GUST SPEED    12   HIGHEST GUST DIRECTION     N (350)
  AVERAGE WIND SPEED     4.4


SKY COVER
  AVERAGE SKY COVER 0.8


WEATHER CONDITIONS
 THE FOLLOWING WEATHER WAS RECORDED YESTERDAY.
  SNOW
  LIGHT SNOW
  FOG
  HAZE


RELATIVE HUMIDITY (PERCENT)
 HIGHEST    81
 LOWEST     63
 AVERAGE    72

..........................................................


THE LAWRENCE KS CLIMATE NORMALS FOR TODAY
                         NORMAL
 MAXIMUM TEMPERATURE (F)   41
 MINIMUM TEMPERATURE (F)   21


SUNRISE AND SUNSET
DECEMBER 18 2014......SUNRISE   734 AM CST   SUNSET   501 PM CST
DECEMBER 19 2014......SUNRISE   735 AM CST   SUNSET   501 PM CST


-  INDICATES NEGATIVE NUMBERS.
R  INDICATES RECORD WAS SET OR TIED.
MM INDICATES DATA IS MISSING.
T  INDICATES TRACE AMOUNT.




$$
