000
CDUS43 KTOP 090637
CLILWC


CLIMATE REPORT
NATIONAL WEATHER SERVICE TOPEKA KS
1235 AM CST TUE FEB 9 2016


...................................

...THE LAWRENCE KS CLIMATE SUMMARY FOR FEBRUARY 8 2016...

CLIMATE NORMAL PERIOD 1981 TO 2010
CLIMATE RECORD PERIOD 9999 TO 9999


WEATHER ITEM   OBSERVED NORMAL DEPARTURE LAST
                VALUE   VALUE  FROM      YEAR
                               NORMAL
...............................................
TEMPERATURE (F)
 YESTERDAY
  MAXIMUM         38     43     -5       67
  MINIMUM         27     21      6       37
  AVERAGE         33     32      1       52

PRECIPITATION (IN)
  YESTERDAY        T      0.05  -0.05     0.00
  MONTH TO DATE    0.44   0.38   0.06     0.31
  SINCE DEC 1      4.33   2.86   1.47     3.23
  SINCE JAN 1      1.12   1.39  -0.27     1.37

DEGREE DAYS
 HEATING
  YESTERDAY       32     33     -1       13
  MONTH TO DATE  232    268    -36      272
  SINCE DEC 1   2143   2411   -268     2291
  SINCE JUL 1   2966   3419   -453     3471

 COOLING
  YESTERDAY        0      0      0        0
  MONTH TO DATE    0      0      0        0
  SINCE DEC 1      0      0      0        0
  SINCE JAN 1      0      0      0        0
...............................................


WIND (MPH)
  HIGHEST WIND SPEED    38   HIGHEST WIND DIRECTION    NW (330)
  HIGHEST GUST SPEED    52   HIGHEST GUST DIRECTION    NW (330)
  AVERAGE WIND SPEED    20.7


SKY COVER
  AVERAGE SKY COVER 0.6


WEATHER CONDITIONS
 THE FOLLOWING WEATHER WAS RECORDED YESTERDAY.
  LIGHT RAIN
  LIGHT SNOW
  HAZE


RELATIVE HUMIDITY (PERCENT)
 HIGHEST    63
 LOWEST     44
 AVERAGE    54

..........................................................


THE LAWRENCE KS CLIMATE NORMALS FOR TODAY
                         NORMAL
 MAXIMUM TEMPERATURE (F)   44
 MINIMUM TEMPERATURE (F)   21


SUNRISE AND SUNSET
FEBRUARY  9 2016......SUNRISE   720 AM CST   SUNSET   551 PM CST
FEBRUARY 10 2016......SUNRISE   719 AM CST   SUNSET   552 PM CST


-  INDICATES NEGATIVE NUMBERS.
R  INDICATES RECORD WAS SET OR TIED.
MM INDICATES DATA IS MISSING.
T  INDICATES TRACE AMOUNT.




$$
