000
CDUS43 KTOP 232256
CLILWC


CLIMATE REPORT
NATIONAL WEATHER SERVICE TOPEKA KS
456 PM CST FRI FEB 23 2018


...................................

...THE LAWRENCE KS CLIMATE SUMMARY FOR FEBRUARY 23 2018...
VALID TODAY AS OF 0400 PM LOCAL TIME.

CLIMATE NORMAL PERIOD 1981 TO 2010
CLIMATE RECORD PERIOD 9999 TO 9999


WEATHER ITEM   OBSERVED NORMAL DEPARTURE LAST
                VALUE   VALUE  FROM      YEAR
                               NORMAL
...............................................
TEMPERATURE (F)
 TODAY
  MAXIMUM         37     48    -11       61
  MINIMUM         33     25      8       42
  AVERAGE         35     36     -1       52

PRECIPITATION (IN)
  TODAY            0.00   0.05  -0.05     0.00
  MONTH TO DATE    0.92   1.07  -0.15      T
  SINCE DEC 1      1.92   3.55  -1.63     1.98
  SINCE JAN 1      1.68   2.08  -0.40     0.98

DEGREE DAYS
 HEATING
  TODAY           30     28      2       13
  MONTH TO DATE  805    727     78      474
  SINCE DEC 1   2945   2870     75     2519
  SINCE JUL 1   3835   3878    -43     3163

 COOLING
  TODAY            0      0      0        0
  MONTH TO DATE    0      0      0        0
  SINCE DEC 1      0      0      0        0
  SINCE JAN 1      0      0      0        0
...............................................


WIND (MPH)
  HIGHEST WIND SPEED     9   HIGHEST WIND DIRECTION    NW (320)
  HIGHEST GUST SPEED    11   HIGHEST GUST DIRECTION    NW (300)
  AVERAGE WIND SPEED     4.1



WEATHER CONDITIONS
 THE FOLLOWING WEATHER WAS RECORDED TODAY.
  FOG


RELATIVE HUMIDITY (PERCENT)
 HIGHEST   100
 LOWEST     82
 AVERAGE    91

..........................................................


THE LAWRENCE KS CLIMATE NORMALS FOR TOMORROW
                         NORMAL
 MAXIMUM TEMPERATURE (F)   48
 MINIMUM TEMPERATURE (F)   25


SUNRISE AND SUNSET
FEBRUARY 23 2018......SUNRISE   702 AM CST   SUNSET   607 PM CST
FEBRUARY 24 2018......SUNRISE   700 AM CST   SUNSET   608 PM CST


-  INDICATES NEGATIVE NUMBERS.
R  INDICATES RECORD WAS SET OR TIED.
MM INDICATES DATA IS MISSING.
T  INDICATES TRACE AMOUNT.




$$
