522
CDUS43 KTOP 080641
CLILWC


CLIMATE REPORT
NATIONAL WEATHER SERVICE TOPEKA KS
1238 AM CST THU DEC 8 2016


...................................

...THE LAWRENCE KS CLIMATE SUMMARY FOR DECEMBER 7 2016...

CLIMATE NORMAL PERIOD 1981 TO 2010
CLIMATE RECORD PERIOD 9999 TO 9999


WEATHER ITEM   OBSERVED NORMAL DEPARTURE LAST
                VALUE   VALUE  FROM      YEAR
                               NORMAL
...............................................
TEMPERATURE (F)
 YESTERDAY
  MAXIMUM         32     44    -12       60
  MINIMUM         15     23     -8       21
  AVERAGE         24     34    -10       41

PRECIPITATION (IN)
  YESTERDAY        0.02   0.04  -0.02     0.00
  MONTH TO DATE    0.66   0.29   0.37     0.00
  SINCE DEC 1      0.66   0.29   0.37     0.00
  SINCE JAN 1     32.25  37.37  -5.12    39.27

DEGREE DAYS
 HEATING
  YESTERDAY       41     31     10       24
  MONTH TO DATE  225    210     15      180
  SINCE DEC 1    225    210     15      180
  SINCE JUL 1    869   1218   -349     1003

 COOLING
  YESTERDAY        0      0      0        0
  MONTH TO DATE    0      0      0        0
  SINCE DEC 1      0      0      0        0
  SINCE JAN 1   1599   1371    228     1407
...............................................


WIND (MPH)
  HIGHEST WIND SPEED    17   HIGHEST WIND DIRECTION     N (350)
  HIGHEST GUST SPEED    21   HIGHEST GUST DIRECTION     N (350)
  AVERAGE WIND SPEED     8.7


SKY COVER
  AVERAGE SKY COVER 0.7


WEATHER CONDITIONS
 THE FOLLOWING WEATHER WAS RECORDED YESTERDAY.
  SNOW
  LIGHT SNOW
  FOG
  HAZE


RELATIVE HUMIDITY (PERCENT)
 HIGHEST    84
 LOWEST     43
 AVERAGE    64

..........................................................


THE LAWRENCE KS CLIMATE NORMALS FOR TODAY
                         NORMAL
 MAXIMUM TEMPERATURE (F)   44
 MINIMUM TEMPERATURE (F)   23


SUNRISE AND SUNSET
DECEMBER  8 2016......SUNRISE   728 AM CST   SUNSET   458 PM CST
DECEMBER  9 2016......SUNRISE   728 AM CST   SUNSET   458 PM CST


-  INDICATES NEGATIVE NUMBERS.
R  INDICATES RECORD WAS SET OR TIED.
MM INDICATES DATA IS MISSING.
T  INDICATES TRACE AMOUNT.

$$
