000
CDUS43 KTOP 260632
CLILWC


CLIMATE REPORT
NATIONAL WEATHER SERVICE TOPEKA KS
1232 AM CST SUN FEB 26 2017


...................................

...THE LAWRENCE KS CLIMATE SUMMARY FOR FEBRUARY 25 2017...

CLIMATE NORMAL PERIOD 1981 TO 2010
CLIMATE RECORD PERIOD 9999 TO 9999


WEATHER ITEM   OBSERVED NORMAL DEPARTURE LAST
                VALUE   VALUE  FROM      YEAR
                               NORMAL
...............................................
TEMPERATURE (F)
 YESTERDAY
  MAXIMUM         44     49     -5       42
  MINIMUM         15     26    -11       20
  AVERAGE         30     37     -7       31

PRECIPITATION (IN)
  YESTERDAY        0.00   0.05  -0.05      T
  MONTH TO DATE    0.02   1.16  -1.14     0.44
  SINCE DEC 1      2.00   3.64  -1.64     4.33
  SINCE JAN 1      1.00   2.17  -1.17     1.12

DEGREE DAYS
 HEATING
  YESTERDAY       35     28      7       34
  MONTH TO DATE  540    783   -243      689
  SINCE DEC 1   2585   2926   -341     2600
  SINCE JUL 1   3229   3934   -705     3423

 COOLING
  YESTERDAY        0      0      0        0
  MONTH TO DATE    0      0      0        0
  SINCE DEC 1      0      0      0        0
  SINCE JAN 1      0      0      0        0
...............................................


WIND (MPH)
  HIGHEST WIND SPEED    15   HIGHEST WIND DIRECTION     W (270)
  HIGHEST GUST SPEED    20   HIGHEST GUST DIRECTION     W (270)
  AVERAGE WIND SPEED     7.3


SKY COVER
  AVERAGE SKY COVER 0.1


WEATHER CONDITIONS
 THE FOLLOWING WEATHER WAS RECORDED YESTERDAY.
  NO SIGNIFICANT WEATHER WAS OBSERVED.


RELATIVE HUMIDITY (PERCENT)
 HIGHEST    92
 LOWEST     22
 AVERAGE    57

..........................................................


THE LAWRENCE KS CLIMATE NORMALS FOR TODAY
                         NORMAL
 MAXIMUM TEMPERATURE (F)   49
 MINIMUM TEMPERATURE (F)   26


SUNRISE AND SUNSET
FEBRUARY 26 2017......SUNRISE   657 AM CST   SUNSET   611 PM CST
FEBRUARY 27 2017......SUNRISE   656 AM CST   SUNSET   612 PM CST


-  INDICATES NEGATIVE NUMBERS.
R  INDICATES RECORD WAS SET OR TIED.
MM INDICATES DATA IS MISSING.
T  INDICATES TRACE AMOUNT.




$$
