000
CDUS43 KTOP 280634
CLILWC


CLIMATE REPORT
NATIONAL WEATHER SERVICE TOPEKA KS
133 AM CDT SAT MAR 28 2015


...................................

...THE LAWRENCE KS CLIMATE SUMMARY FOR MARCH 27 2015...

CLIMATE NORMAL PERIOD 1981 TO 2010
CLIMATE RECORD PERIOD 9999 TO 9999


WEATHER ITEM   OBSERVED NORMAL DEPARTURE LAST
                VALUE   VALUE  FROM      YEAR
                               NORMAL
...............................................
TEMPERATURE (F)
 YESTERDAY
  MAXIMUM         46     61    -15       76
  MINIMUM         29     36     -7       38
  AVERAGE         38     48    -10       57

PRECIPITATION (IN)
  YESTERDAY        T      0.09  -0.09      T
  MONTH TO DATE    0.72   2.25  -1.53     0.97
  SINCE MAR 1      0.72   2.25  -1.53     0.97
  SINCE JAN 1      2.41   4.56  -2.15     2.02

DEGREE DAYS
 HEATING
  YESTERDAY       27     17     10        8
  MONTH TO DATE  538    578    -40      684
  SINCE MAR 1    538    578    -40      684
  SINCE JUL 1   4827   4593    234     5110

 COOLING
  YESTERDAY        0      0      0        0
  MONTH TO DATE    0      0      0        0
  SINCE MAR 1      0      0      0        0
  SINCE JAN 1      0      0      0        0
...............................................


WIND (MPH)
  HIGHEST WIND SPEED    17   HIGHEST WIND DIRECTION     N (340)
  HIGHEST GUST SPEED    23   HIGHEST GUST DIRECTION     N (340)
  AVERAGE WIND SPEED     7.8


SKY COVER
  AVERAGE SKY COVER 0.6


WEATHER CONDITIONS
 THE FOLLOWING WEATHER WAS RECORDED YESTERDAY.
  LIGHT RAIN
  FOG


RELATIVE HUMIDITY (PERCENT)
 HIGHEST    92
 LOWEST     33
 AVERAGE    63

..........................................................


THE LAWRENCE KS CLIMATE NORMALS FOR TODAY
                         NORMAL
 MAXIMUM TEMPERATURE (F)   62
 MINIMUM TEMPERATURE (F)   36


SUNRISE AND SUNSET
MARCH 28 2015.........SUNRISE   712 AM CDT   SUNSET   740 PM CDT
MARCH 29 2015.........SUNRISE   710 AM CDT   SUNSET   741 PM CDT


-  INDICATES NEGATIVE NUMBERS.
R  INDICATES RECORD WAS SET OR TIED.
MM INDICATES DATA IS MISSING.
T  INDICATES TRACE AMOUNT.




$$
