000
CDUS43 KTOP 300637
CLILWC


CLIMATE REPORT
NATIONAL WEATHER SERVICE TOPEKA KS
135 AM CDT SUN AUG 30 2015


...................................

...THE LAWRENCE KS CLIMATE SUMMARY FOR AUGUST 29 2015...

CLIMATE NORMAL PERIOD 1981 TO 2010
CLIMATE RECORD PERIOD 9999 TO 9999


WEATHER ITEM   OBSERVED NORMAL DEPARTURE LAST
                VALUE   VALUE  FROM      YEAR
                               NORMAL
...............................................
TEMPERATURE (F)
 YESTERDAY
  MAXIMUM         76     88    -12       93
  MINIMUM         64     62      2       69
  AVERAGE         70     75     -5       81

PRECIPITATION (IN)
  YESTERDAY        0.00   0.13  -0.13     0.21
  MONTH TO DATE    2.92   4.06  -1.14     4.53
  SINCE JUN 1     15.64  13.70   1.94    15.49
  SINCE JAN 1     29.92  27.59   2.33    23.15

DEGREE DAYS
 HEATING
  YESTERDAY        0      0      0        0
  MONTH TO DATE    1      0      1        0
  SINCE JUN 1      5      9     -4        1
  SINCE JUL 1      2      1      1        1

 COOLING
  YESTERDAY        5     10     -5       16
  MONTH TO DATE  274    365    -91      445
  SINCE JUN 1   1032   1054    -22     1079
  SINCE JAN 1   1108   1173    -65     1272
...............................................


WIND (MPH)
  HIGHEST WIND SPEED    10   HIGHEST WIND DIRECTION     N (340)
  HIGHEST GUST SPEED    12   HIGHEST GUST DIRECTION     N (340)
  AVERAGE WIND SPEED     4.1


SKY COVER
  AVERAGE SKY COVER 0.9


WEATHER CONDITIONS
 THE FOLLOWING WEATHER WAS RECORDED YESTERDAY.
  FOG


RELATIVE HUMIDITY (PERCENT)
 HIGHEST    93
 LOWEST     74
 AVERAGE    84

..........................................................


THE LAWRENCE KS CLIMATE NORMALS FOR TODAY
                         NORMAL
 MAXIMUM TEMPERATURE (F)   87
 MINIMUM TEMPERATURE (F)   62


SUNRISE AND SUNSET
AUGUST 30 2015........SUNRISE   648 AM CDT   SUNSET   755 PM CDT
AUGUST 31 2015........SUNRISE   649 AM CDT   SUNSET   753 PM CDT


-  INDICATES NEGATIVE NUMBERS.
R  INDICATES RECORD WAS SET OR TIED.
MM INDICATES DATA IS MISSING.
T  INDICATES TRACE AMOUNT.




$$
