000
CDUS46 KOTX 250426
CLILWS


CLIMATE REPORT
NATIONAL WEATHER SERVICE SPOKANE, WA
925 PM PDT MON JUL 24 2017


...................................

...THE LEWISTON ID AIRPORT CLIMATE SUMMARY FOR JULY 24 2017...
VALID TODAY AS OF 0800 PM LOCAL TIME.

CLIMATE NORMAL PERIOD 1981 TO 2010
CLIMATE RECORD PERIOD 1881 TO 2017


WEATHER ITEM   OBSERVED TIME   RECORD YEAR NORMAL DEPARTURE LAST
                VALUE   (LST)  VALUE       VALUE  FROM      YEAR
                                                  NORMAL
..................................................................
TEMPERATURE (F)
 TODAY
  MAXIMUM         93    517 PM 112    1928  92      1       93
  MINIMUM         67    456 AM  48    1953  61      6       56
                                      1897
  AVERAGE         80                        76      4       75

PRECIPITATION (IN)
  TODAY            0.00          0.20 1991   0.01  -0.01     0.00
  MONTH TO DATE    0.01                      0.54  -0.53     1.57
  SINCE OCT 1     15.26                     10.83   4.43    12.85
  SINCE JAN 1     10.38                      7.72   2.66     9.40

DEGREE DAYS
 HEATING
  TODAY            0                         0      0        0
  MONTH TO DATE    0                         4     -4        9
  SINCE JUN 1     37                        74    -37       66
  SINCE JUL 1      0                         4     -4        9

 COOLING
  TODAY           15                        11      4       10
  MONTH TO DATE  325                       217    108      154
  SINCE JUN 1    464                       315    149      330
  SINCE JAN 1    515                       347    168      370
..................................................................


WIND (MPH)
  HIGHEST WIND SPEED    15   HIGHEST WIND DIRECTION    NW (310)
  HIGHEST GUST SPEED    19   HIGHEST GUST DIRECTION    NW (310)
  AVERAGE WIND SPEED     6.8


SKY COVER
  POSSIBLE SUNSHINE  MM
  AVERAGE SKY COVER 0.0


WEATHER CONDITIONS
 THE FOLLOWING WEATHER WAS RECORDED TODAY.
  NO SIGNIFICANT WEATHER WAS OBSERVED.


RELATIVE HUMIDITY (PERCENT)
 HIGHEST    48           500 AM
 LOWEST     10           400 PM
 AVERAGE    29

..........................................................


THE LEWISTON ID AIRPORT CLIMATE NORMALS FOR TOMORROW
                         NORMAL    RECORD    YEAR
 MAXIMUM TEMPERATURE (F)   92       113      1928
 MINIMUM TEMPERATURE (F)   61        48      1897


SUNRISE AND SUNSET
JULY 24 2017..........SUNRISE   520 AM PDT   SUNSET   828 PM PDT
JULY 25 2017..........SUNRISE   522 AM PDT   SUNSET   827 PM PDT


-  INDICATES NEGATIVE NUMBERS.
R  INDICATES RECORD WAS SET OR TIED.
MM INDICATES DATA IS MISSING.
T  INDICATES TRACE AMOUNT.




$$
