000
CDUS46 KOTX 050823
CLILWS


CLIMATE REPORT
NATIONAL WEATHER SERVICE SPOKANE, WA
123 AM PDT WED AUG 5 2015


...................................

...THE LEWISTON ID AIRPORT CLIMATE SUMMARY FOR AUGUST 4 2015...

CLIMATE NORMAL PERIOD 1981 TO 2010
CLIMATE RECORD PERIOD 1881 TO 2015


WEATHER ITEM   OBSERVED TIME   RECORD YEAR NORMAL DEPARTURE LAST
                VALUE   (LST)  VALUE       VALUE  FROM      YEAR
                                                  NORMAL
..................................................................
TEMPERATURE (F)
 YESTERDAY
  MAXIMUM         95    338 PM 115    1961  92      3      102
  MINIMUM         68    456 AM  45    1954  61      7       70
  AVERAGE         82                        76      6       86

PRECIPITATION (IN)
  YESTERDAY        0.00          0.60 1911   0.02  -0.02     0.00
  MONTH TO DATE    0.00                      0.07  -0.07      T
  SINCE OCT 1     10.30                     11.02  -0.72     8.03
  SINCE JAN 1      6.11                      7.91  -1.80     6.50

SNOWFALL (IN)
  YESTERDAY        0.0           0.0  1998   0.0    0.0      0.0
  MONTH TO DATE    0.0                       0.0    0.0      0.0
  SINCE JUN 1      0.0                       0.0    0.0      0.0
  SINCE JUL 1      0.0                       0.0    0.0      0.0
  SNOW DEPTH       0

DEGREE DAYS
 HEATING
  YESTERDAY        0                         0      0        0
  MONTH TO DATE    0                         0      0        0
  SINCE JUN 1      2                        77    -75       41
  SINCE JUL 1      0                         7     -7        0

 COOLING
  YESTERDAY       17                        11      6       21
  MONTH TO DATE   75                        46     29       82
  SINCE JUN 1    821                       444    377      655
  SINCE JAN 1    873                       476    397      683
..................................................................


WIND (MPH)
  HIGHEST WIND SPEED    20   HIGHEST WIND DIRECTION    NW (320)
  HIGHEST GUST SPEED    24   HIGHEST GUST DIRECTION    NW (320)
  AVERAGE WIND SPEED     5.4


SKY COVER
  POSSIBLE SUNSHINE  MM
  AVERAGE SKY COVER 0.1


WEATHER CONDITIONS
 THE FOLLOWING WEATHER WAS RECORDED YESTERDAY.
  NO SIGNIFICANT WEATHER WAS OBSERVED.


RELATIVE HUMIDITY (PERCENT)
 HIGHEST    45           500 AM
 LOWEST     15           300 PM
 AVERAGE    30

..........................................................


THE LEWISTON ID AIRPORT CLIMATE NORMALS FOR TODAY
                         NORMAL    RECORD    YEAR
 MAXIMUM TEMPERATURE (F)   92       108      1998
 MINIMUM TEMPERATURE (F)   61        49      1948


SUNRISE AND SUNSET
AUGUST  5 2015........SUNRISE   534 AM PDT   SUNSET   813 PM PDT
AUGUST  6 2015........SUNRISE   535 AM PDT   SUNSET   812 PM PDT


-  INDICATES NEGATIVE NUMBERS.
R  INDICATES RECORD WAS SET OR TIED.
MM INDICATES DATA IS MISSING.
T  INDICATES TRACE AMOUNT.




$$
