000
CDUS46 KOTX 250822
CLILWS


CLIMATE REPORT
NATIONAL WEATHER SERVICE SPOKANE, WA
122 AM PDT MON JUL 25 2016


...................................

...THE LEWISTON ID AIRPORT CLIMATE SUMMARY FOR JULY 24 2016...

CLIMATE NORMAL PERIOD 1981 TO 2010
CLIMATE RECORD PERIOD 1881 TO 2016


WEATHER ITEM   OBSERVED TIME   RECORD YEAR NORMAL DEPARTURE LAST
                VALUE   (LST)  VALUE       VALUE  FROM      YEAR
                                                  NORMAL
..................................................................
TEMPERATURE (F)
 YESTERDAY
  MAXIMUM         93    402 PM 112    1928  92      1       91
  MINIMUM         56    429 AM  48    1953  61     -5       62
                                      1897
  AVERAGE         75                        76     -1       77

PRECIPITATION (IN)
  YESTERDAY        0.00          0.20 1991   0.01  -0.01     0.00
  MONTH TO DATE    1.57                      0.54   1.03     0.02
  SINCE OCT 1     12.85                     10.83   2.02    10.30
  SINCE JAN 1      9.40                      7.72   1.68     6.11

SNOWFALL (IN)
  YESTERDAY        0.0           T    1991   0.0    0.0      0.0
  MONTH TO DATE    0.0                       0.0    0.0      0.0
  SINCE JUN 1      0.0                       0.0    0.0      0.0
  SINCE JUL 1      0.0                       0.0    0.0      0.0
  SNOW DEPTH       0

DEGREE DAYS
 HEATING
  YESTERDAY        0                         0      0        0
  MONTH TO DATE    9                         4      5        0
  SINCE JUN 1     66                        74     -8        2
  SINCE JUL 1      9                         4      5        0

 COOLING
  YESTERDAY       10                        11     -1       12
  MONTH TO DATE  154                       217    -63      360
  SINCE JUN 1    330                       315     15      675
  SINCE JAN 1    370                       347     23      727
..................................................................


WIND (MPH)
  HIGHEST WIND SPEED    10   HIGHEST WIND DIRECTION    NE (40)
  HIGHEST GUST SPEED    14   HIGHEST GUST DIRECTION    NE (40)
  AVERAGE WIND SPEED     3.3


SKY COVER
  POSSIBLE SUNSHINE  MM
  AVERAGE SKY COVER 0.0


WEATHER CONDITIONS
 THE FOLLOWING WEATHER WAS RECORDED YESTERDAY.
  RAIN
  LIGHT RAIN


RELATIVE HUMIDITY (PERCENT)
 HIGHEST    60           600 AM
 LOWEST     16           500 PM
 AVERAGE    38

..........................................................


THE LEWISTON ID AIRPORT CLIMATE NORMALS FOR TODAY
                         NORMAL    RECORD    YEAR
 MAXIMUM TEMPERATURE (F)   92       113      1928
 MINIMUM TEMPERATURE (F)   61        48      1897


SUNRISE AND SUNSET
JULY 25 2016..........SUNRISE   522 AM PDT   SUNSET   827 PM PDT
JULY 26 2016..........SUNRISE   523 AM PDT   SUNSET   825 PM PDT


-  INDICATES NEGATIVE NUMBERS.
R  INDICATES RECORD WAS SET OR TIED.
MM INDICATES DATA IS MISSING.
T  INDICATES TRACE AMOUNT.




$$
