000
CDUS46 KOTX 300837
CLILWS


CLIMATE REPORT
NATIONAL WEATHER SERVICE SPOKANE, WA
137 AM PDT SAT APR 30 2016


...................................

...THE LEWISTON ID AIRPORT CLIMATE SUMMARY FOR APRIL 29 2016...

CLIMATE NORMAL PERIOD 1981 TO 2010
CLIMATE RECORD PERIOD 1881 TO 2016


WEATHER ITEM   OBSERVED TIME   RECORD YEAR NORMAL DEPARTURE LAST
                VALUE   (LST)  VALUE       VALUE  FROM      YEAR
                                                  NORMAL
..................................................................
TEMPERATURE (F)
 YESTERDAY
  MAXIMUM         52    524 PM  93    1926  66    -14       64
  MINIMUM         48    829 AM  29    1950  43      5       43
                                      1907
  AVERAGE         50                        54     -4       54

PRECIPITATION (IN)
  YESTERDAY        0.63R         0.61 1993   0.04   0.59     0.00
  MONTH TO DATE    1.49                      1.27   0.22     0.29
  SINCE OCT 1      8.63                      7.39   1.24     7.95
  SINCE JAN 1      5.18                      4.28   0.90     3.76

SNOWFALL (IN)
  YESTERDAY        0.0           T    1969   0.0    0.0      0.0
  MONTH TO DATE    0.0                       0.0    0.0      0.0
  SINCE MAR 1      0.0                       0.7   -0.7      0.0
  SINCE JUL 1      6.4                      10.5   -4.1      1.5
  SNOW DEPTH       0

DEGREE DAYS
 HEATING
  YESTERDAY       15                        11      4       11
  MONTH TO DATE  217                       402   -185      397
  SINCE MAR 1    771                      1014   -243      886
  SINCE JUL 1   4035                      4869   -834     4108

 COOLING
  YESTERDAY        0                         0      0        0
  MONTH TO DATE    7                         0      7        1
  SINCE MAR 1      7                         0      7        1
  SINCE JAN 1      7                         0      7        1
..................................................................


WIND (MPH)
  HIGHEST WIND SPEED     8   HIGHEST WIND DIRECTION    SW (210)
  HIGHEST GUST SPEED    11   HIGHEST GUST DIRECTION    SW (220)
  AVERAGE WIND SPEED     2.0


SKY COVER
  POSSIBLE SUNSHINE  MM
  AVERAGE SKY COVER 1.0


WEATHER CONDITIONS
 THE FOLLOWING WEATHER WAS RECORDED YESTERDAY.
  RAIN
  LIGHT RAIN
  FOG


RELATIVE HUMIDITY (PERCENT)
 HIGHEST   100          1000 PM
 LOWEST     71           100 PM
 AVERAGE    86

..........................................................


THE LEWISTON ID AIRPORT CLIMATE NORMALS FOR TODAY
                         NORMAL    RECORD    YEAR
 MAXIMUM TEMPERATURE (F)   66        87      1981
 MINIMUM TEMPERATURE (F)   43        27      1894


SUNRISE AND SUNSET
APRIL 30 2016.........SUNRISE   535 AM PDT   SUNSET   757 PM PDT
MAY  1 2016...........SUNRISE   533 AM PDT   SUNSET   758 PM PDT


-  INDICATES NEGATIVE NUMBERS.
R  INDICATES RECORD WAS SET OR TIED.
MM INDICATES DATA IS MISSING.
T  INDICATES TRACE AMOUNT.




$$
