000
CDUS46 KOTX 060829
CLILWS


CLIMATE REPORT
NATIONAL WEATHER SERVICE SPOKANE, WA
1229 AM PST SAT FEB 6 2016


...................................

...THE LEWISTON ID AIRPORT CLIMATE SUMMARY FOR FEBRUARY 5 2016...

CLIMATE NORMAL PERIOD 1981 TO 2010
CLIMATE RECORD PERIOD 1881 TO 2016


WEATHER ITEM   OBSERVED TIME   RECORD YEAR NORMAL DEPARTURE LAST
                VALUE   (LST)  VALUE       VALUE  FROM      YEAR
                                                  NORMAL
..................................................................
TEMPERATURE (F)
 YESTERDAY
  MAXIMUM         53    112 PM  64    1965  45      8       59
  MINIMUM         34    621 AM -11    1883  31      3       42
  AVERAGE         44                        38      6       51

PRECIPITATION (IN)
  YESTERDAY        0.00          0.40 1958   0.03  -0.03     0.01
  MONTH TO DATE    0.02                      0.14  -0.12     0.42
  SINCE OCT 1      4.40                      4.33   0.07     5.44
  SINCE JAN 1      0.95                      1.22  -0.27     1.25

SNOWFALL (IN)
  YESTERDAY        0.0           3.6  1985   0.1   -0.1      0.0
  MONTH TO DATE    0.2                       0.4   -0.2       T
  SINCE DEC 1      6.4                       6.3    0.1      1.5
  SINCE JUL 1      6.4                       8.1   -1.7      1.5
  SNOW DEPTH       0

DEGREE DAYS
 HEATING
  YESTERDAY       21                        28     -7       14
  MONTH TO DATE  130                       140    -10      119
  SINCE DEC 1   1803                      2019   -216     1772
  SINCE JUL 1   2806                      3259   -453     2750

 COOLING
  YESTERDAY        0                         0      0        0
  MONTH TO DATE    0                         0      0        0
  SINCE DEC 1      0                         0      0        0
  SINCE JAN 1      0                         0      0        0
..................................................................


WIND (MPH)
  HIGHEST WIND SPEED    30   HIGHEST WIND DIRECTION     S (170)
  HIGHEST GUST SPEED    38   HIGHEST GUST DIRECTION     S (190)
  AVERAGE WIND SPEED    12.9


SKY COVER
  POSSIBLE SUNSHINE  MM
  AVERAGE SKY COVER 0.3


WEATHER CONDITIONS
 THE FOLLOWING WEATHER WAS RECORDED YESTERDAY.
  NO SIGNIFICANT WEATHER WAS OBSERVED.


RELATIVE HUMIDITY (PERCENT)
 HIGHEST    96           600 AM
 LOWEST     50           100 PM
 AVERAGE    73

..........................................................


THE LEWISTON ID AIRPORT CLIMATE NORMALS FOR TODAY
                         NORMAL    RECORD    YEAR
 MAXIMUM TEMPERATURE (F)   45        66      2015
 MINIMUM TEMPERATURE (F)   31        -9      1883


SUNRISE AND SUNSET
FEBRUARY  6 2016......SUNRISE   705 AM PST   SUNSET   459 PM PST
FEBRUARY  7 2016......SUNRISE   704 AM PST   SUNSET   501 PM PST


-  INDICATES NEGATIVE NUMBERS.
R  INDICATES RECORD WAS SET OR TIED.
MM INDICATES DATA IS MISSING.
T  INDICATES TRACE AMOUNT.




$$
