000
CDUS46 KOTX 290831
CLILWS


CLIMATE REPORT
NATIONAL WEATHER SERVICE SPOKANE, WA
131 AM PDT SUN MAY 29 2016


...................................

...THE LEWISTON ID AIRPORT CLIMATE SUMMARY FOR MAY 28 2016...

CLIMATE NORMAL PERIOD 1981 TO 2010
CLIMATE RECORD PERIOD 1881 TO 2016


WEATHER ITEM   OBSERVED TIME   RECORD YEAR NORMAL DEPARTURE LAST
                VALUE   (LST)  VALUE       VALUE  FROM      YEAR
                                                  NORMAL
..................................................................
TEMPERATURE (F)
 YESTERDAY
  MAXIMUM         73    338 PM 104    1934  74     -1       83
  MINIMUM         45    517 AM  37    1955  50     -5       51
                                      1918
  AVERAGE         59                        62     -3       67

PRECIPITATION (IN)
  YESTERDAY        0.00          0.54 1906   0.05  -0.05     0.00
  MONTH TO DATE    1.53                      1.44   0.09     1.02
  SINCE OCT 1     10.27                      8.88   1.39     8.97
  SINCE JAN 1      6.82                      5.77   1.05     4.78

SNOWFALL (IN)
  YESTERDAY        0.0           T    1977   0.0    0.0      0.0
  MONTH TO DATE    0.0                       0.0    0.0      0.0
  SINCE MAR 1      0.0                       0.7   -0.7      0.0
  SINCE JUL 1      6.4                      10.5   -4.1      1.5
  SNOW DEPTH       0

DEGREE DAYS
 HEATING
  YESTERDAY        6                         5      1        0
  MONTH TO DATE  121                       207    -86       87
  SINCE MAR 1    901                      1232   -331      984
  SINCE JUL 1   4165                      5087   -922     4206

 COOLING
  YESTERDAY        0                         2     -2        2
  MONTH TO DATE   33                        26      7       23
  SINCE MAR 1     40                        28     12       24
  SINCE JAN 1     40                        28     12       24
..................................................................


WIND (MPH)
  HIGHEST WIND SPEED    12   HIGHEST WIND DIRECTION     N (350)
  HIGHEST GUST SPEED    16   HIGHEST GUST DIRECTION     E (80)
  AVERAGE WIND SPEED     4.0


SKY COVER
  POSSIBLE SUNSHINE  MM
  AVERAGE SKY COVER 0.1


WEATHER CONDITIONS
 THE FOLLOWING WEATHER WAS RECORDED YESTERDAY.
  NO SIGNIFICANT WEATHER WAS OBSERVED.


RELATIVE HUMIDITY (PERCENT)
 HIGHEST    77           600 AM
 LOWEST     29           400 PM
 AVERAGE    53

..........................................................


THE LEWISTON ID AIRPORT CLIMATE NORMALS FOR TODAY
                         NORMAL    RECORD    YEAR
 MAXIMUM TEMPERATURE (F)   74       100      1983
                                             1897
 MINIMUM TEMPERATURE (F)   50        35      1951


SUNRISE AND SUNSET
MAY 29 2016...........SUNRISE   501 AM PDT   SUNSET   831 PM PDT
MAY 30 2016...........SUNRISE   500 AM PDT   SUNSET   832 PM PDT


-  INDICATES NEGATIVE NUMBERS.
R  INDICATES RECORD WAS SET OR TIED.
MM INDICATES DATA IS MISSING.
T  INDICATES TRACE AMOUNT.




$$
