000
CDUS46 KOTX 170831
CLILWS


CLIMATE REPORT
NATIONAL WEATHER SERVICE SPOKANE, WA
126 AM PDT THU APR 17 2014


...................................

...THE LEWISTON ID AIRPORT CLIMATE SUMMARY FOR APRIL 16 2014...

CLIMATE NORMAL PERIOD 1981 TO 2010
CLIMATE RECORD PERIOD 1881 TO 2014


WEATHER ITEM   OBSERVED TIME   RECORD YEAR NORMAL DEPARTURE LAST
                VALUE   (LST)  VALUE       VALUE  FROM      YEAR
                                                  NORMAL
..................................................................
TEMPERATURE (F)
 YESTERDAY
  MAXIMUM         61    215 PM  90    1936  62     -1       51
  MINIMUM         41    515 AM  28    2013  40      1       28
                                      1894
  AVERAGE         51                        51      0       40

PRECIPITATION (IN)
  YESTERDAY        0.00        0.93   1935  0.04  -0.04     0.00
  MONTH TO DATE    0.20                     0.66  -0.46     0.91
  SINCE OCT 1      5.50                     6.78  -1.28     6.92
  SINCE JAN 1      3.97                     3.67   0.30     2.76

SNOWFALL (IN)
  YESTERDAY        0.0           T    1968  0.0    0.0      0.0
  MONTH TO DATE    0.0                      0.0    0.0      0.0
  SINCE MAR 1      0.6                      0.7   -0.1      0.0
  SINCE JUL 1     16.5                     10.5    6.0      2.6
  SNOW DEPTH       0

DEGREE DAYS
 HEATING
  YESTERDAY       14                        14      0       25
  MONTH TO DATE  211                       242    -31      243
  SINCE MAR 1    808                       854    -46      794
  SINCE JUL 1   4969                      4709    260     4233

 COOLING
  YESTERDAY        0                         0      0        0
  MONTH TO DATE    0                         0      0        0
  SINCE MAR 1      0                         0      0        0
  SINCE JAN 1      0                         0      0        0
..................................................................


WIND (MPH)
  HIGHEST WIND SPEED    12   HIGHEST WIND DIRECTION     W (270)
  HIGHEST GUST SPEED    17   HIGHEST GUST DIRECTION    NW (330)
  AVERAGE WIND SPEED     4.5


SKY COVER
  POSSIBLE SUNSHINE  MM
  AVERAGE SKY COVER 0.6


WEATHER CONDITIONS
 THE FOLLOWING WEATHER WAS RECORDED YESTERDAY.
  NO SIGNIFICANT WEATHER WAS OBSERVED.


RELATIVE HUMIDITY (PERCENT)
 HIGHEST    54           900 PM
 LOWEST     32          1200 AM
 AVERAGE    43

..........................................................


THE LEWISTON ID AIRPORT CLIMATE NORMALS FOR TODAY
                         NORMAL    RECORD    YEAR
 MAXIMUM TEMPERATURE (F)   63        90      1936
 MINIMUM TEMPERATURE (F)   40        25      1964


SUNRISE AND SUNSET
APRIL 17 2014.........SUNRISE   558 AM PDT   SUNSET   739 PM PDT
APRIL 18 2014.........SUNRISE   556 AM PDT   SUNSET   740 PM PDT


-  INDICATES NEGATIVE NUMBERS.
R  INDICATES RECORD WAS SET OR TIED.
MM INDICATES DATA IS MISSING.
T  INDICATES TRACE AMOUNT.

$$
