000
CDUS45 KTFX 202230
CLILWT


CLIMATE REPORT
NATIONAL WEATHER SERVICE GREAT FALLS MT
430 PM MDT SAT SEP 20 2014


...................................

...THE LEWISTOWN MT CLIMATE SUMMARY FOR SEPTEMBER 20 2014...
VALID TODAY AS OF 0400 PM LOCAL TIME.

CLIMATE NORMAL PERIOD 1981 TO 2010
CLIMATE RECORD PERIOD 1896 TO 2014


WEATHER ITEM   OBSERVED TIME   RECORD YEAR NORMAL DEPARTURE LAST
                VALUE   (LST)  VALUE       VALUE  FROM      YEAR
                                                  NORMAL
..................................................................
TEMPERATURE (F)
 TODAY
  MAXIMUM         72    256 PM  92    1922  67      5       74
  MINIMUM         48    600 AM  18    1983  39      9       36
  AVERAGE         60                        53      7       55

PRECIPITATION (IN)
  TODAY            0.00          1.00 1919   0.04  -0.04     0.00
  MONTH TO DATE    0.33                      0.92  -0.59     1.39
  SINCE OCT 1     17.49                     16.42   1.07    21.96
  SINCE JAN 1     15.41                     13.92   1.49    19.45

SNOWFALL (IN)
  TODAY           MM
  SNOW DEPTH       0

DEGREE DAYS
 HEATING
  TODAY            5                        12     -7       10
  MONTH TO DATE  210                       177     33       71
  SINCE SEP 1    210                       177     33       71
  SINCE JUL 1    291                       335    -44      110

 COOLING
  TODAY            0                         0      0        0
  MONTH TO DATE    4                        13     -9       47
  SINCE SEP 1      4                        13     -9       47
  SINCE JAN 1    285                       209     76      277
..................................................................


WIND (MPH)
  HIGHEST WIND SPEED    13   HIGHEST WIND DIRECTION     W (260)
  HIGHEST GUST SPEED    15   HIGHEST GUST DIRECTION     W (260)
  AVERAGE WIND SPEED     7.4


SKY COVER
  AVERAGE SKY COVER 0.0


WEATHER CONDITIONS
 THE FOLLOWING WEATHER WAS RECORDED TODAY.
  NO SIGNIFICANT WEATHER WAS OBSERVED.


RELATIVE HUMIDITY (PERCENT)
 HIGHEST    71
 LOWEST     37
 AVERAGE    54

..........................................................


THE LEWISTOWN MT CLIMATE NORMALS FOR TOMORROW
                         NORMAL    RECORD    YEAR
 MAXIMUM TEMPERATURE (F)   67        92      1938
 MINIMUM TEMPERATURE (F)   39        19      1995


SUNRISE AND SUNSET
SEPTEMBER 20 2014.....SUNRISE   702 AM MDT   SUNSET   719 PM MDT
SEPTEMBER 21 2014.....SUNRISE   703 AM MDT   SUNSET   717 PM MDT


-  INDICATES NEGATIVE NUMBERS.
R  INDICATES RECORD WAS SET OR TIED.
MM INDICATES DATA IS MISSING.
T  INDICATES TRACE AMOUNT.




$$
