963
CDUS45 KTFX 281014
CLILWT


CLIMATE REPORT
NATIONAL WEATHER SERVICE GREAT FALLS MT
412 AM MDT SUN AUG 28 2016


...................................

...THE LEWISTOWN MT CLIMATE SUMMARY FOR AUGUST 27 2016...

CLIMATE NORMAL PERIOD 1981 TO 2010
CLIMATE RECORD PERIOD 1896 TO 2016


WEATHER ITEM   OBSERVED TIME   RECORD YEAR NORMAL DEPARTURE LAST
                VALUE   (LST)  VALUE       VALUE  FROM      YEAR
                                                  NORMAL
..................................................................
TEMPERATURE (F)
 YESTERDAY
  MAXIMUM         83    441 PM  97    1971  78      5       86
  MINIMUM         45    459 AM  30    1900  47     -2       56
  AVERAGE         64                        62      2       71

PRECIPITATION (IN)
  YESTERDAY        0.00          0.80 1907   0.05  -0.05     0.00
  MONTH TO DATE    1.76                      1.51   0.25     0.87
  SINCE OCT 1     15.70                     15.28   0.42    13.37
  SINCE JAN 1     13.62                     12.78   0.84    11.06

SNOWFALL (IN)
  YESTERDAY       MM
  SNOW DEPTH       0

DEGREE DAYS
 HEATING
  YESTERDAY        1                         4     -3        0
  MONTH TO DATE   66                        64      2       66
  SINCE JUN 1    201                       364   -163      185
  SINCE JUL 1    111                       137    -26       99

 COOLING
  YESTERDAY        0                         2     -2        6
  MONTH TO DATE   52                        83    -31      118
  SINCE JUN 1    213                       191     22      294
  SINCE JAN 1    213                       193     20      294
..................................................................


WIND (MPH)
  HIGHEST WIND SPEED    21   HIGHEST WIND DIRECTION     W (250)
  HIGHEST GUST SPEED    26   HIGHEST GUST DIRECTION    SW (240)
  AVERAGE WIND SPEED     8.3


SKY COVER
  AVERAGE SKY COVER 0.1


WEATHER CONDITIONS
 THE FOLLOWING WEATHER WAS RECORDED YESTERDAY.
  NO SIGNIFICANT WEATHER WAS OBSERVED.


RELATIVE HUMIDITY (PERCENT)
 HIGHEST    83           300 AM
 LOWEST     20           200 PM
 AVERAGE    52

..........................................................


THE LEWISTOWN MT CLIMATE NORMALS FOR TODAY
                         NORMAL    RECORD    YEAR
 MAXIMUM TEMPERATURE (F)   77       100      1924
 MINIMUM TEMPERATURE (F)   47        33      1918


SUNRISE AND SUNSET
AUGUST 28 2016........SUNRISE   633 AM MDT   SUNSET   804 PM MDT
AUGUST 29 2016........SUNRISE   634 AM MDT   SUNSET   802 PM MDT


-  INDICATES NEGATIVE NUMBERS.
R  INDICATES RECORD WAS SET OR TIED.
MM INDICATES DATA IS MISSING.
T  INDICATES TRACE AMOUNT.




$$
