000
CDUS45 KTFX 310856
CLILWT


CLIMATE REPORT
NATIONAL WEATHER SERVICE GREAT FALLS MT
255 AM MDT MON AUG 31 2015


...................................

...THE LEWISTOWN MT CLIMATE SUMMARY FOR AUGUST 30 2015...

CLIMATE NORMAL PERIOD 1981 TO 2010
CLIMATE RECORD PERIOD 1896 TO 2015


WEATHER ITEM   OBSERVED TIME   RECORD YEAR NORMAL DEPARTURE LAST
                VALUE   (LST)  VALUE       VALUE  FROM      YEAR
                                                  NORMAL
..................................................................
TEMPERATURE (F)
 YESTERDAY
  MAXIMUM         84    228 PM  96    1954  76      8       70
                                      1929
  MINIMUM         52   1159 PM  30    1912  46      6       53
  AVERAGE         68                        61      7       62

PRECIPITATION (IN)
  YESTERDAY        0.25          0.70 1907   0.06   0.19     0.09
  MONTH TO DATE    1.12                      1.68  -0.56     6.06
  SINCE OCT 1     13.62                     15.45  -1.83    17.16
  SINCE JAN 1     11.31                     12.95  -1.64    15.08

SNOWFALL (IN)
  YESTERDAY       MM
  SNOW DEPTH       0

DEGREE DAYS
 HEATING
  YESTERDAY        0                         5     -5        3
  MONTH TO DATE   66                        79    -13       65
  SINCE JUN 1    185                       379   -194      361
  SINCE JUL 1     99                       152    -53       75

 COOLING
  YESTERDAY        3                         1      2        0
  MONTH TO DATE  138                        87     51      127
  SINCE JUN 1    314                       195    119      281
  SINCE JAN 1    314                       197    117      281
..................................................................


WIND (MPH)
  HIGHEST WIND SPEED    30   HIGHEST WIND DIRECTION    SW (240)
  HIGHEST GUST SPEED    41   HIGHEST GUST DIRECTION     W (250)
  AVERAGE WIND SPEED     9.5


SKY COVER
  AVERAGE SKY COVER 0.4


WEATHER CONDITIONS
 THE FOLLOWING WEATHER WAS RECORDED YESTERDAY.
  HEAVY RAIN
  RAIN
  LIGHT RAIN
  HAZE


RELATIVE HUMIDITY (PERCENT)
 HIGHEST    72          1000 PM
 LOWEST     22           300 PM
 AVERAGE    47

..........................................................


THE LEWISTOWN MT CLIMATE NORMALS FOR TODAY
                         NORMAL    RECORD    YEAR
 MAXIMUM TEMPERATURE (F)   76        98      1991
 MINIMUM TEMPERATURE (F)   46        34      1930


SUNRISE AND SUNSET
AUGUST 31 2015........SUNRISE   636 AM MDT   SUNSET   800 PM MDT
SEPTEMBER  1 2015.....SUNRISE   637 AM MDT   SUNSET   758 PM MDT


-  INDICATES NEGATIVE NUMBERS.
R  INDICATES RECORD WAS SET OR TIED.
MM INDICATES DATA IS MISSING.
T  INDICATES TRACE AMOUNT.




$$
