000
CDUS45 KTFX 020956
CLILWT


CLIMATE REPORT
NATIONAL WEATHER SERVICE GREAT FALLS MT
356 AM MDT TUE SEP 2 2014


...................................

...THE LEWISTOWN MT CLIMATE SUMMARY FOR SEPTEMBER 1 2014...

CLIMATE NORMAL PERIOD 1981 TO 2010
CLIMATE RECORD PERIOD 1896 TO 2014


WEATHER ITEM   OBSERVED TIME   RECORD YEAR NORMAL DEPARTURE LAST
                VALUE   (LST)  VALUE       VALUE  FROM      YEAR
                                                  NORMAL
..................................................................
TEMPERATURE (F)
 YESTERDAY
  MAXIMUM         70    341 PM  97    1991  75     -5       88
  MINIMUM         46   1159 PM  26    1930  46      0       47
  AVERAGE         58                        60     -2       68

PRECIPITATION (IN)
  YESTERDAY        0.00          0.90 1973   0.04  -0.04     0.00
  MONTH TO DATE    0.00                      0.04  -0.04     0.00
  SINCE OCT 1     17.16                     15.54   1.62    20.57
  SINCE JAN 1     15.08                     13.04   2.04    18.06

SNOWFALL (IN)
  YESTERDAY       MM
  SNOW DEPTH       0

DEGREE DAYS
 HEATING
  YESTERDAY        7                         6      1        0
  MONTH TO DATE    7                         6      1        0
  SINCE SEP 1      7                         6      1        0
  SINCE JUL 1     88                       164    -76       39

 COOLING
  YESTERDAY        0                         1     -1        3
  MONTH TO DATE    0                         1     -1        3
  SINCE SEP 1      0                         1     -1        3
  SINCE JAN 1    281                       197     84      233
..................................................................


WIND (MPH)
  HIGHEST WIND SPEED    20   HIGHEST WIND DIRECTION     W (270)
  HIGHEST GUST SPEED    26   HIGHEST GUST DIRECTION     W (270)
  AVERAGE WIND SPEED     7.7


SKY COVER
  AVERAGE SKY COVER 0.4


WEATHER CONDITIONS
 THE FOLLOWING WEATHER WAS RECORDED YESTERDAY.
  NO SIGNIFICANT WEATHER WAS OBSERVED.


RELATIVE HUMIDITY (PERCENT)
 HIGHEST    77           100 AM
 LOWEST     30           400 PM
 AVERAGE    54

..........................................................


THE LEWISTOWN MT CLIMATE NORMALS FOR TODAY
                         NORMAL    RECORD    YEAR
 MAXIMUM TEMPERATURE (F)   75        96      1945
 MINIMUM TEMPERATURE (F)   45        29      1900


SUNRISE AND SUNSET
SEPTEMBER  2 2014.....SUNRISE   639 AM MDT   SUNSET   755 PM MDT
SEPTEMBER  3 2014.....SUNRISE   640 AM MDT   SUNSET   753 PM MDT


-  INDICATES NEGATIVE NUMBERS.
R  INDICATES RECORD WAS SET OR TIED.
MM INDICATES DATA IS MISSING.
T  INDICATES TRACE AMOUNT.




$$
