000
CDUS45 KTFX 252230
CLILWT


CLIMATE REPORT
NATIONAL WEATHER SERVICE GREAT FALLS MT
430 PM MDT SUN SEP 25 2016


...................................

...THE LEWISTOWN MT CLIMATE SUMMARY FOR SEPTEMBER 25 2016...
VALID TODAY AS OF 0400 PM LOCAL TIME.

CLIMATE NORMAL PERIOD 1981 TO 2010
CLIMATE RECORD PERIOD 1896 TO 2016


WEATHER ITEM   OBSERVED TIME   RECORD YEAR NORMAL DEPARTURE LAST
                VALUE   (LST)  VALUE       VALUE  FROM      YEAR
                                                  NORMAL
..................................................................
TEMPERATURE (F)
 TODAY
  MAXIMUM         62    259 PM  92    2015  65     -3       92
                                      1922
  MINIMUM         34    606 AM  13    1926  37     -3       50
  AVERAGE         48                        51     -3       71

PRECIPITATION (IN)
  TODAY            0.00          0.62 1924   0.04  -0.04     0.00
  MONTH TO DATE    2.41                      1.14   1.27     0.77
  SINCE OCT 1     18.11                     16.64   1.47    14.39
  SINCE JAN 1     16.03                     14.14   1.89    12.08

DEGREE DAYS
 HEATING
  TODAY           17                        14      3        0
  MONTH TO DATE  289                       244     45      165
  SINCE SEP 1    289                       244     45      165
  SINCE JUL 1    400                       402     -2      267

 COOLING
  TODAY            0                         0      0        6
  MONTH TO DATE   14                        13      1       19
  SINCE SEP 1     14                        13      1       19
  SINCE JAN 1    259                       209     50      333
..................................................................


WIND (MPH)
  HIGHEST WIND SPEED    16   HIGHEST WIND DIRECTION    NW (300)
  HIGHEST GUST SPEED    21   HIGHEST GUST DIRECTION    NW (300)
  AVERAGE WIND SPEED     7.8


SKY COVER
  AVERAGE SKY COVER 0.1


WEATHER CONDITIONS
 THE FOLLOWING WEATHER WAS RECORDED TODAY.
  NO SIGNIFICANT WEATHER WAS OBSERVED.


RELATIVE HUMIDITY (PERCENT)
 HIGHEST    96
 LOWEST     34
 AVERAGE    65

..........................................................


THE LEWISTOWN MT CLIMATE NORMALS FOR TOMORROW
                         NORMAL    RECORD    YEAR
 MAXIMUM TEMPERATURE (F)   64        90      2015
 MINIMUM TEMPERATURE (F)   37         9      1900


SUNRISE AND SUNSET
SEPTEMBER 25 2016.....SUNRISE   709 AM MDT   SUNSET   708 PM MDT
SEPTEMBER 26 2016.....SUNRISE   711 AM MDT   SUNSET   706 PM MDT


-  INDICATES NEGATIVE NUMBERS.
R  INDICATES RECORD WAS SET OR TIED.
MM INDICATES DATA IS MISSING.
T  INDICATES TRACE AMOUNT.




$$
