000
CDUS45 KTFX 202330
CLILWT


CLIMATE REPORT
NATIONAL WEATHER SERVICE GREAT FALLS MT
430 PM MST TUE FEB 20 2018


...................................

...THE LEWISTOWN MT CLIMATE SUMMARY FOR FEBRUARY 20 2018...
VALID TODAY AS OF 0400 PM LOCAL TIME.

CLIMATE NORMAL PERIOD 1981 TO 2010
CLIMATE RECORD PERIOD 1896 TO 2018


WEATHER ITEM   OBSERVED TIME   RECORD YEAR NORMAL DEPARTURE LAST
                VALUE   (LST)  VALUE       VALUE  FROM      YEAR
                                                  NORMAL
..................................................................
TEMPERATURE (F)
 TODAY
  MAXIMUM          6    232 PM  62    1995  37    -31       54
  MINIMUM        -21    546 AM -36    1918  16    -37       27
  AVERAGE         -7                        26    -33       41

PRECIPITATION (IN)
  TODAY            0.00          0.35 1920   0.01  -0.01     0.01
  MONTH TO DATE    1.47                      0.31   1.16     0.26
  SINCE OCT 1      3.99                      3.38   0.61     5.01
  SINCE JAN 1      1.99                      0.88   1.11     0.61

DEGREE DAYS
 HEATING
  TODAY           72                        39     33       24
  MONTH TO DATE 1105                       797    308      737
  SINCE DEC 1   3738                      3374    364     3755
  SINCE JUL 1   5712                      5502    210     5481

 COOLING
  TODAY            0                         0      0        0
  MONTH TO DATE    0                         0      0        0
  SINCE DEC 1      0                         0      0        0
  SINCE JAN 1      0                         0      0        0
..................................................................


WIND (MPH)
  HIGHEST WIND SPEED    10   HIGHEST WIND DIRECTION     W (270)
  HIGHEST GUST SPEED    13   HIGHEST GUST DIRECTION     W (250)
  AVERAGE WIND SPEED     5.8


SKY COVER
  AVERAGE SKY COVER 0.0


WEATHER CONDITIONS
 THE FOLLOWING WEATHER WAS RECORDED TODAY.
  NO SIGNIFICANT WEATHER WAS OBSERVED.


RELATIVE HUMIDITY (PERCENT)
 HIGHEST    91
 LOWEST     54
 AVERAGE    73

..........................................................


THE LEWISTOWN MT CLIMATE NORMALS FOR TOMORROW
                         NORMAL    RECORD    YEAR
 MAXIMUM TEMPERATURE (F)   37        62      1982
 MINIMUM TEMPERATURE (F)   16       -22      1957


SUNRISE AND SUNSET
FEBRUARY 20 2018......SUNRISE   714 AM MST   SUNSET   550 PM MST
FEBRUARY 21 2018......SUNRISE   712 AM MST   SUNSET   552 PM MST


-  INDICATES NEGATIVE NUMBERS.
R  INDICATES RECORD WAS SET OR TIED.
MM INDICATES DATA IS MISSING.
T  INDICATES TRACE AMOUNT.




$$
