000
CDUS45 KTFX 270725
CLILWT


CLIMATE REPORT
NATIONAL WEATHER SERVICE GREAT FALLS MT
125 AM MDT SAT MAY 27 2017


...................................

...THE LEWISTOWN MT CLIMATE SUMMARY FOR MAY 26 2017...

CLIMATE NORMAL PERIOD 1981 TO 2010
CLIMATE RECORD PERIOD 1896 TO 2017


WEATHER ITEM   OBSERVED TIME   RECORD YEAR NORMAL DEPARTURE LAST
                VALUE   (LST)  VALUE       VALUE  FROM      YEAR
                                                  NORMAL
..................................................................
TEMPERATURE (F)
 YESTERDAY
  MAXIMUM         61    510 PM  90    1936  65     -4       65
  MINIMUM         35    422 AM  26    1975  41     -6       43
  AVERAGE         48                        53     -5       54

PRECIPITATION (IN)
  YESTERDAY        0.00          0.77 1925   0.10  -0.10     0.00
  MONTH TO DATE    1.66                      2.27  -0.61     3.06
  SINCE OCT 1     10.18                      8.18   2.00     8.85
  SINCE JAN 1      5.78                      5.68   0.10     6.77

SNOWFALL (IN)
  YESTERDAY       MM
  SNOW DEPTH       0

DEGREE DAYS
 HEATING
  YESTERDAY       17                        12      5       11
  MONTH TO DATE  367                       409    -42      353
  SINCE MAR 1   1928                      2112   -184     1697
  SINCE JUL 1   7739                      7916   -177     6655

 COOLING
  YESTERDAY        0                         0      0        0
  MONTH TO DATE    0                         0      0        0
  SINCE MAR 1      0                         0      0        0
  SINCE JAN 1      0                         0      0        0
..................................................................


WIND (MPH)
  HIGHEST WIND SPEED    16   HIGHEST WIND DIRECTION     N (20)
  HIGHEST GUST SPEED    23   HIGHEST GUST DIRECTION     N (20)
  AVERAGE WIND SPEED     6.9


SKY COVER
  AVERAGE SKY COVER 0.3


WEATHER CONDITIONS
 THE FOLLOWING WEATHER WAS RECORDED YESTERDAY.
  NO SIGNIFICANT WEATHER WAS OBSERVED.


RELATIVE HUMIDITY (PERCENT)
 HIGHEST    92           200 AM
 LOWEST     33           500 PM
 AVERAGE    63

..........................................................


THE LEWISTOWN MT CLIMATE NORMALS FOR TODAY
                         NORMAL    RECORD    YEAR
 MAXIMUM TEMPERATURE (F)   65        91      1934
 MINIMUM TEMPERATURE (F)   41        23      1910


SUNRISE AND SUNSET
MAY 27 2017...........SUNRISE   530 AM MDT   SUNSET   901 PM MDT
MAY 28 2017...........SUNRISE   529 AM MDT   SUNSET   902 PM MDT


-  INDICATES NEGATIVE NUMBERS.
R  INDICATES RECORD WAS SET OR TIED.
MM INDICATES DATA IS MISSING.
T  INDICATES TRACE AMOUNT.




$$
