000
CDUS45 KTFX 250735
CLILWT


CLIMATE REPORT
NATIONAL WEATHER SERVICE GREAT FALLS MT
1233 AM MST SUN JAN 25 2015


...................................

...THE LEWISTOWN MT CLIMATE SUMMARY FOR JANUARY 24 2015...

CLIMATE NORMAL PERIOD 1981 TO 2010
CLIMATE RECORD PERIOD 1896 TO 2015


WEATHER ITEM   OBSERVED TIME   RECORD YEAR NORMAL DEPARTURE LAST
                VALUE   (LST)  VALUE       VALUE  FROM      YEAR
                                                  NORMAL
..................................................................
TEMPERATURE (F)
 YESTERDAY
  MAXIMUM         44    837 AM  65    2005  35      9       50
  MINIMUM         31   1046 PM -34    1957  14     17       32
  AVERAGE         38                        24     14       41

PRECIPITATION (IN)
  YESTERDAY        T             0.26 1959   0.02  -0.02     0.00
  MONTH TO DATE    0.59                      0.45   0.14     0.54
  SINCE OCT 1      2.78                      2.95  -0.17     2.62
  SINCE JAN 1      0.59                      0.45   0.14     0.54

SNOWFALL (IN)
  YESTERDAY       MM
  SNOW DEPTH      MM

DEGREE DAYS
 HEATING
  YESTERDAY       27                        41    -14       24
  MONTH TO DATE 1022                       996     26      882
  SINCE DEC 1   2122                      2290   -168     2297
  SINCE JUL 1   4039                      4418   -379     4275

 COOLING
  YESTERDAY        0                         0      0        0
  MONTH TO DATE    0                         0      0        0
  SINCE DEC 1      0                         0      0        0
  SINCE JAN 1      0                         0      0        0
..................................................................


WIND (MPH)
  HIGHEST WIND SPEED    32   HIGHEST WIND DIRECTION    SW (240)
  HIGHEST GUST SPEED    37   HIGHEST GUST DIRECTION    SW (240)
  AVERAGE WIND SPEED    13.5


SKY COVER
  AVERAGE SKY COVER 0.5


WEATHER CONDITIONS
 THE FOLLOWING WEATHER WAS RECORDED YESTERDAY.
  LIGHT RAIN


RELATIVE HUMIDITY (PERCENT)
 HIGHEST    82           200 PM
 LOWEST     62           100 AM
 AVERAGE    72

..........................................................


THE LEWISTOWN MT CLIMATE NORMALS FOR TODAY
                         NORMAL    RECORD    YEAR
 MAXIMUM TEMPERATURE (F)   35        65      2006
 MINIMUM TEMPERATURE (F)   14       -34      1957


SUNRISE AND SUNSET
JANUARY 25 2015.......SUNRISE   751 AM MST   SUNSET   510 PM MST
JANUARY 26 2015.......SUNRISE   750 AM MST   SUNSET   511 PM MST


-  INDICATES NEGATIVE NUMBERS.
R  INDICATES RECORD WAS SET OR TIED.
MM INDICATES DATA IS MISSING.
T  INDICATES TRACE AMOUNT.




$$
