000
CDUS45 KTFX 262348
CLILWT


CLIMATE REPORT
NATIONAL WEATHER SERVICE GREAT FALLS MT
447 PM MST FRI DEC 26 2014


...................................

...THE LEWISTOWN MT CLIMATE SUMMARY FOR DECEMBER 26 2014...
VALID TODAY AS OF 0400 PM LOCAL TIME.

CLIMATE NORMAL PERIOD 1981 TO 2010
CLIMATE RECORD PERIOD 1896 TO 2014


WEATHER ITEM   OBSERVED TIME   RECORD YEAR NORMAL DEPARTURE LAST
                VALUE   (LST)  VALUE       VALUE  FROM      YEAR
                                                  NORMAL
..................................................................
TEMPERATURE (F)
 TODAY
  MAXIMUM         22    932 AM  56    1980  33    -11       43
  MINIMUM          5    309 AM -22    1965  12     -7       29
  AVERAGE         14                        22     -8       36

PRECIPITATION (IN)
  TODAY            T             0.66 1971   0.02  -0.02     0.00
  MONTH TO DATE    0.31                      0.55  -0.24     0.59
  SINCE OCT 1      1.86                      2.39  -0.53     2.01
  SINCE JAN 1     18.43                     16.74   1.69    22.42

SNOWFALL (IN)
  TODAY           MM
  SNOW DEPTH      MM

DEGREE DAYS
 HEATING
  TODAY           51                        43      8       29
  MONTH TO DATE  829                      1083   -254     1246
  SINCE DEC 1    829                      1083   -254     1246
  SINCE JUL 1   2746                      3211   -465     3224

 COOLING
  TODAY            0                         0      0        0
  MONTH TO DATE    0                         0      0        0
  SINCE DEC 1      0                         0      0        0
  SINCE JAN 1    295                       210     85      277
..................................................................


WIND (MPH)
  HIGHEST WIND SPEED    14   HIGHEST WIND DIRECTION     W (290)
  HIGHEST GUST SPEED    17   HIGHEST GUST DIRECTION     W (290)
  AVERAGE WIND SPEED     6.6


SKY COVER
  AVERAGE SKY COVER 0.7


WEATHER CONDITIONS
 THE FOLLOWING WEATHER WAS RECORDED TODAY.
  LIGHT SNOW
  FOG


RELATIVE HUMIDITY (PERCENT)
 HIGHEST    91
 LOWEST     73
 AVERAGE    82

..........................................................


THE LEWISTOWN MT CLIMATE NORMALS FOR TOMORROW
                         NORMAL    RECORD    YEAR
 MAXIMUM TEMPERATURE (F)   33        60      1980
 MINIMUM TEMPERATURE (F)   12       -32      1916


SUNRISE AND SUNSET
DECEMBER 26 2014......SUNRISE   803 AM MST   SUNSET   434 PM MST
DECEMBER 27 2014......SUNRISE   803 AM MST   SUNSET   435 PM MST


-  INDICATES NEGATIVE NUMBERS.
R  INDICATES RECORD WAS SET OR TIED.
MM INDICATES DATA IS MISSING.
T  INDICATES TRACE AMOUNT.




$$
