000
CDUS45 KTFX 061033
CLILWT


CLIMATE REPORT
NATIONAL WEATHER SERVICE GREAT FALLS MT
431 AM MDT MON JUL 6 2015


...................................

...THE LEWISTOWN MT CLIMATE SUMMARY FOR JULY 5 2015...

CLIMATE NORMAL PERIOD 1981 TO 2010
CLIMATE RECORD PERIOD 1896 TO 2015


WEATHER ITEM   OBSERVED TIME   RECORD YEAR NORMAL DEPARTURE LAST
                VALUE   (LST)  VALUE       VALUE  FROM      YEAR
                                                  NORMAL
..................................................................
TEMPERATURE (F)
 YESTERDAY
  MAXIMUM         71   1207 AM  99    1936  78     -7       85
  MINIMUM         51    610 PM  35    1903  49      2       54
  AVERAGE         61                        63     -2       70

PRECIPITATION (IN)
  YESTERDAY        0.16          1.50 1903   0.07   0.09     0.00
  MONTH TO DATE    0.16                      0.37  -0.21     0.12
  SINCE OCT 1     10.77                     12.21  -1.44    10.30
  SINCE JAN 1      8.46                      9.71  -1.25     8.22

SNOWFALL (IN)
  YESTERDAY       MM
  SNOW DEPTH       0

DEGREE DAYS
 HEATING
  YESTERDAY        4                         4      0        0
  MONTH TO DATE    4                        20    -16        4
  SINCE JUN 1     90                       247   -157      290
  SINCE JUL 1      4                        20    -16        4

 COOLING
  YESTERDAY        0                         2     -2        5
  MONTH TO DATE   29                        10     19       20
  SINCE JUN 1    104                        30     74       21
  SINCE JAN 1    104                        32     72       21
..................................................................


WIND (MPH)
  HIGHEST WIND SPEED    28   HIGHEST WIND DIRECTION     N (10)
  HIGHEST GUST SPEED    38   HIGHEST GUST DIRECTION     N (10)
  AVERAGE WIND SPEED     6.6


SKY COVER
  AVERAGE SKY COVER 0.9


WEATHER CONDITIONS
 THE FOLLOWING WEATHER WAS RECORDED YESTERDAY.
  LIGHT RAIN
  FOG
  HAZE


RELATIVE HUMIDITY (PERCENT)
 HIGHEST    89           400 PM
 LOWEST     57          1200 AM
 AVERAGE    73

..........................................................


THE LEWISTOWN MT CLIMATE NORMALS FOR TODAY
                         NORMAL    RECORD    YEAR
 MAXIMUM TEMPERATURE (F)   78        98      2007
 MINIMUM TEMPERATURE (F)   49        37      1927


SUNRISE AND SUNSET
JULY  6 2015..........SUNRISE   530 AM MDT   SUNSET   915 PM MDT
JULY  7 2015..........SUNRISE   531 AM MDT   SUNSET   915 PM MDT


-  INDICATES NEGATIVE NUMBERS.
R  INDICATES RECORD WAS SET OR TIED.
MM INDICATES DATA IS MISSING.
T  INDICATES TRACE AMOUNT.




$$
