000
CDUS43 KILX 190645
CLILWV


CLIMATE REPORT
NATIONAL WEATHER SERVICE LINCOLN IL
133 AM CDT SAT APR 19 2014


...................................

...THE LAWRENCEVILLE IL AIRPORT CLIMATE SUMMARY FOR APRIL 18 2014...

CLIMATE NORMAL PERIOD 1981 TO 2010
CLIMATE RECORD PERIOD 9999 TO 9999


WEATHER ITEM   OBSERVED TIME   RECORD YEAR NORMAL DEPARTURE LAST
                VALUE   (LST)  VALUE       VALUE  FROM      YEAR
                                                  NORMAL
..................................................................
TEMPERATURE (F)
 YESTERDAY
  MAXIMUM         73    351 PM  MM      MM  68      5       78
  MINIMUM         42    324 AM  MM      MM  46     -4       44
  AVERAGE         58                        57      1       61

PRECIPITATION (IN)
  YESTERDAY        0.00         MM      MM   0.13  -0.13     2.19
  MONTH TO DATE    5.83                      2.08   3.75     4.17
  SINCE MAR 1      6.87                      5.51   1.36     7.42
  SINCE JAN 1      9.63                      9.90  -0.27    15.98

DEGREE DAYS
 HEATING
  YESTERDAY        7                         9     -2        4
  MONTH TO DATE  210                       213     -3      184
  SINCE MAR 1    993                       835    158     1003
  SINCE JUL 1   5395                      4510    885     4699

 COOLING
  YESTERDAY        0                         1     -1        0
  MONTH TO DATE    4                        12     -8       20
  SINCE MAR 1      4                        14    -10       20
  SINCE JAN 1      4                        14    -10       20
..................................................................


WIND (MPH)
  HIGHEST WIND SPEED    16   HIGHEST WIND DIRECTION    NE (30)
  HIGHEST GUST SPEED    20   HIGHEST GUST DIRECTION    NE (30)
  AVERAGE WIND SPEED     4.3


SKY COVER
  POSSIBLE SUNSHINE  MM
  AVERAGE SKY COVER 0.1


WEATHER CONDITIONS
 THE FOLLOWING WEATHER WAS RECORDED YESTERDAY.
  FOG
  HAZE


RELATIVE HUMIDITY (PERCENT)
 HIGHEST   100           400 AM
 LOWEST     31           500 PM
 AVERAGE    66

..........................................................


THE LAWRENCEVILLE IL AIRPORT CLIMATE NORMALS FOR TODAY
                         NORMAL    RECORD    YEAR
 MAXIMUM TEMPERATURE (F)   68        MM        MM
 MINIMUM TEMPERATURE (F)   47        MM        MM


SUNRISE AND SUNSET
APRIL 19 2014.........SUNRISE   608 AM CDT   SUNSET   731 PM CDT
APRIL 20 2014.........SUNRISE   607 AM CDT   SUNSET   732 PM CDT


-  INDICATES NEGATIVE NUMBERS.
R  INDICATES RECORD WAS SET OR TIED.
MM INDICATES DATA IS MISSING.
T  INDICATES TRACE AMOUNT.




$$
