000
CDUS43 KILX 190647
CLILWV


CLIMATE REPORT
NATIONAL WEATHER SERVICE LINCOLN IL
146 AM CDT TUE SEP 19 2017


...................................

...THE LAWRENCEVILLE IL AIRPORT CLIMATE SUMMARY FOR SEPTEMBER 18 2017...

CLIMATE NORMAL PERIOD 1981 TO 2010
CLIMATE RECORD PERIOD 9999 TO 9999


WEATHER ITEM   OBSERVED TIME   RECORD YEAR NORMAL DEPARTURE LAST
                VALUE   (LST)  VALUE       VALUE  FROM      YEAR
                                                  NORMAL
..................................................................
TEMPERATURE (F)
 YESTERDAY
  MAXIMUM         87   1158 AM  MM      MM  81      6       83
  MINIMUM         68    609 AM  MM      MM  56     12       62
  AVERAGE         78                        69      9       73

PRECIPITATION (IN)
  YESTERDAY        0.16         MM      MM   0.09   0.07     0.00
  MONTH TO DATE    0.25                      1.91  -1.66     2.22
  SINCE SEP 1      0.25                      1.91  -1.66     2.22
  SINCE JAN 1     24.61                     31.26  -6.65    34.48

DEGREE DAYS
 HEATING
  YESTERDAY        0                         1     -1        0
  MONTH TO DATE   10                         5      5        0
  SINCE SEP 1     10                         5      5        0
  SINCE JUL 1     10                         6      4        0

 COOLING
  YESTERDAY       13                         5      8        8
  MONTH TO DATE   80                       128    -48      176
  SINCE SEP 1     80                       128    -48      176
  SINCE JAN 1   1223                      1311    -88     1467
..................................................................


WIND (MPH)
  HIGHEST WIND SPEED    18   HIGHEST WIND DIRECTION    SW (240)
  HIGHEST GUST SPEED    24   HIGHEST GUST DIRECTION    SW (230)
  AVERAGE WIND SPEED     3.7


SKY COVER
  POSSIBLE SUNSHINE  MM
  AVERAGE SKY COVER 0.6


WEATHER CONDITIONS
 THE FOLLOWING WEATHER WAS RECORDED YESTERDAY.
  THUNDERSTORM
  HEAVY RAIN
  LIGHT RAIN
  FOG


RELATIVE HUMIDITY (PERCENT)
 HIGHEST   100           700 AM
 LOWEST     55          1200 PM
 AVERAGE    78

..........................................................


THE LAWRENCEVILLE IL AIRPORT CLIMATE NORMALS FOR TODAY
                         NORMAL    RECORD    YEAR
 MAXIMUM TEMPERATURE (F)   81        MM        MM
 MINIMUM TEMPERATURE (F)   56        MM        MM


SUNRISE AND SUNSET
SEPTEMBER 19 2017.....SUNRISE   636 AM CDT   SUNSET   652 PM CDT
SEPTEMBER 20 2017.....SUNRISE   636 AM CDT   SUNSET   650 PM CDT


-  INDICATES NEGATIVE NUMBERS.
R  INDICATES RECORD WAS SET OR TIED.
MM INDICATES DATA IS MISSING.
T  INDICATES TRACE AMOUNT.




$$
